{"version":"1.0","provider_name":"Colectivo Ecologista Turcon","provider_url":"https:\/\/turcon.es\/wp","author_name":"Laura Fernandez","author_url":"https:\/\/turcon.es\/wp\/author\/admturcon\/","title":"La Mina, ruta reivindicativa en busca del agua - Colectivo Ecologista Turcon","type":"rich","width":600,"height":338,"html":"<blockquote class=\"wp-embedded-content\" data-secret=\"kYNciqJEEq\"><a href=\"https:\/\/turcon.es\/wp\/la-mina-ruta-reivindicativa-en-busca-del-agua\/\">La Mina, ruta reivindicativa en busca del agua<\/a><\/blockquote><iframe sandbox=\"allow-scripts\" security=\"restricted\" src=\"https:\/\/turcon.es\/wp\/la-mina-ruta-reivindicativa-en-busca-del-agua\/embed\/#?secret=kYNciqJEEq\" width=\"600\" height=\"338\" title=\"\u00abLa Mina, ruta reivindicativa en busca del agua\u00bb \u2014 Colectivo Ecologista Turcon\" data-secret=\"kYNciqJEEq\" frameborder=\"0\" marginwidth=\"0\" marginheight=\"0\" scrolling=\"no\" class=\"wp-embedded-content\"><\/iframe><script>\n\/*! This file is auto-generated *\/\n!function(d,l){\"use strict\";l.querySelector&&d.addEventListener&&\"undefined\"!=typeof URL&&(d.wp=d.wp||{},d.wp.receiveEmbedMessage||(d.wp.receiveEmbedMessage=function(e){var t=e.data;if((t||t.secret||t.message||t.value)&&!\/[^a-zA-Z0-9]\/.test(t.secret)){for(var s,r,n,a=l.querySelectorAll('iframe[data-secret=\"'+t.secret+'\"]'),o=l.querySelectorAll('blockquote[data-secret=\"'+t.secret+'\"]'),c=new RegExp(\"^https?:$\",\"i\"),i=0;i<o.length;i++)o[i].style.display=\"none\";for(i=0;i<a.length;i++)s=a[i],e.source===s.contentWindow&&(s.removeAttribute(\"style\"),\"height\"===t.message?(1e3<(r=parseInt(t.value,10))?r=1e3:~~r<200&&(r=200),s.height=r):\"link\"===t.message&&(r=new URL(s.getAttribute(\"src\")),n=new URL(t.value),c.test(n.protocol))&&n.host===r.host&&l.activeElement===s&&(d.top.location.href=t.value))}},d.addEventListener(\"message\",d.wp.receiveEmbedMessage,!1),l.addEventListener(\"DOMContentLoaded\",function(){for(var e,t,s=l.querySelectorAll(\"iframe.wp-embedded-content\"),r=0;r<s.length;r++)(t=(e=s[r]).getAttribute(\"data-secret\"))||(t=Math.random().toString(36).substring(2,12),e.src+=\"#?secret=\"+t,e.setAttribute(\"data-secret\",t)),e.contentWindow.postMessage({message:\"ready\",secret:t},\"*\")},!1)))}(window,document);\n\/\/# sourceURL=https:\/\/turcon.es\/wp\/wp-includes\/js\/wp-embed.min.js\n<\/script>\n","description":"El Colectivo Turc\u00f3n realiz\u00f3 su ruta de senderismo programada para hoy. Se trataba de conocer la problem\u00e1tica sobre la ausencia de agua en el Barranco de La Mina. Barranco de La Mina est\u00e1 formado por uno de los heredamientos m\u00e1s antiguos y con m\u00e1s historia de Gran Canaria, ya que fue sobre el a\u00f1o 1500 [&hellip;]","thumbnail_url":"https:\/\/turcon.es\/wp\/wp-content\/uploads\/2009\/08\/1251196433_0-3-150x150.jpg"}

El Colectivo Turcón realizó su ruta de senderismo programada para hoy. Se trataba de conocer la problemática sobre la ausencia de agua en el Barranco de La Mina. Barranco de La Mina está formado por uno de los heredamientos más antiguos y con más historia de Gran Canaria, ya que fue sobre el año 1500 [&hellip;]
