{"version":"1.0","provider_name":"Colectivo Ecologista Turcon","provider_url":"https:\/\/turcon.es\/wp","author_name":"Laura Fernandez","author_url":"https:\/\/turcon.es\/wp\/author\/admturcon\/","title":"La periodista Miren Guti\u00e9rrez dirigir\u00e1 Greenpeace Espa\u00f1a - Colectivo Ecologista Turcon","type":"rich","width":600,"height":338,"html":"<blockquote class=\"wp-embedded-content\" data-secret=\"NJVEgEaUW0\"><a href=\"https:\/\/turcon.es\/wp\/la-periodista-miren-gutierrez-dirigira-greenpeace-espana\/\">La periodista Miren Guti\u00e9rrez dirigir\u00e1 Greenpeace Espa\u00f1a<\/a><\/blockquote><iframe sandbox=\"allow-scripts\" security=\"restricted\" src=\"https:\/\/turcon.es\/wp\/la-periodista-miren-gutierrez-dirigira-greenpeace-espana\/embed\/#?secret=NJVEgEaUW0\" width=\"600\" height=\"338\" title=\"\u00abLa periodista Miren Guti\u00e9rrez dirigir\u00e1 Greenpeace Espa\u00f1a\u00bb \u2014 Colectivo Ecologista Turcon\" data-secret=\"NJVEgEaUW0\" frameborder=\"0\" marginwidth=\"0\" marginheight=\"0\" scrolling=\"no\" class=\"wp-embedded-content\"><\/iframe><script>\n\/*! This file is auto-generated *\/\n!function(d,l){\"use strict\";l.querySelector&&d.addEventListener&&\"undefined\"!=typeof URL&&(d.wp=d.wp||{},d.wp.receiveEmbedMessage||(d.wp.receiveEmbedMessage=function(e){var t=e.data;if((t||t.secret||t.message||t.value)&&!\/[^a-zA-Z0-9]\/.test(t.secret)){for(var s,r,n,a=l.querySelectorAll('iframe[data-secret=\"'+t.secret+'\"]'),o=l.querySelectorAll('blockquote[data-secret=\"'+t.secret+'\"]'),c=new RegExp(\"^https?:$\",\"i\"),i=0;i<o.length;i++)o[i].style.display=\"none\";for(i=0;i<a.length;i++)s=a[i],e.source===s.contentWindow&&(s.removeAttribute(\"style\"),\"height\"===t.message?(1e3<(r=parseInt(t.value,10))?r=1e3:~~r<200&&(r=200),s.height=r):\"link\"===t.message&&(r=new URL(s.getAttribute(\"src\")),n=new URL(t.value),c.test(n.protocol))&&n.host===r.host&&l.activeElement===s&&(d.top.location.href=t.value))}},d.addEventListener(\"message\",d.wp.receiveEmbedMessage,!1),l.addEventListener(\"DOMContentLoaded\",function(){for(var e,t,s=l.querySelectorAll(\"iframe.wp-embedded-content\"),r=0;r<s.length;r++)(t=(e=s[r]).getAttribute(\"data-secret\"))||(t=Math.random().toString(36).substring(2,12),e.src+=\"#?secret=\"+t,e.setAttribute(\"data-secret\",t)),e.contentWindow.postMessage({message:\"ready\",secret:t},\"*\")},!1)))}(window,document);\n\/\/# sourceURL=https:\/\/turcon.es\/wp\/wp-includes\/js\/wp-embed.min.js\n<\/script>\n","description":"La ex corresponsal de la agencia EFE para el Sudeste asi\u00e1tico sustituir\u00e1 a Juan L\u00f3pez de Uralde al frente de la organizaci\u00f3n Almazor. EFE- La Provincia.es EFE\/ MADRID La periodista vasca, ex corresponsal de la agencia EFE para el Sudeste asi\u00e1tico, Miren Guti\u00e9rrez Almazor, dirigir\u00e1 la organizaci\u00f3n ecologista Greenpeace Espa\u00f1a a partir del pr\u00f3ximo a\u00f1o, en sustituci\u00f3n de Juan L\u00f3pez de Uralde, quien dej\u00f3 la organizaci\u00f3n en septiembre para liderar el partido verde Equo.","thumbnail_url":"https:\/\/turcon.es\/wp\/wp-content\/uploads\/2010\/12\/2010-11-30_img_2010-11-30_10_39_56_greenpeacemiren-1.jpg","thumbnail_width":318,"thumbnail_height":224}

La periodista Miren Gutiérrez dirigirá Greenpeace España - Colectivo Ecologista Turcon

<blockquote class="wp-embedded-content" data-secret="NJVEgEaUW0"><a href="https://turcon.es/wp/la-periodista-miren-gutierrez-dirigira-greenpeace-espana/">La periodista Miren Gutiérrez dirigirá Greenpeace España</a></blockquote><iframe sandbox="allow-scripts" security="restricted" src="https://turcon.es/wp/la-periodista-miren-gutierrez-dirigira-greenpeace-espana/embed/#?secret=NJVEgEaUW0" width="600" height="338" title="«La periodista Miren Gutiérrez dirigirá Greenpeace España» — Colectivo Ecologista Turcon" data-secret="NJVEgEaUW0" frameborder="0" marginwidth="0" marginheight="0" scrolling="no" class="wp-embedded-content"></iframe><script>
/*! This file is auto-generated */
!function(d,l){"use strict";l.querySelector&&d.addEventListener&&"undefined"!=typeof URL&&(d.wp=d.wp||{},d.wp.receiveEmbedMessage||(d.wp.receiveEmbedMessage=function(e){var t=e.data;if((t||t.secret||t.message||t.value)&&!/[^a-zA-Z0-9]/.test(t.secret)){for(var s,r,n,a=l.querySelectorAll('iframe[data-secret="'+t.secret+'"]'),o=l.querySelectorAll('blockquote[data-secret="'+t.secret+'"]'),c=new RegExp("^https?:$","i"),i=0;i<o.length;i++)o[i].style.display="none";for(i=0;i<a.length;i++)s=a[i],e.source===s.contentWindow&&(s.removeAttribute("style"),"height"===t.message?(1e3<(r=parseInt(t.value,10))?r=1e3:~~r<200&&(r=200),s.height=r):"link"===t.message&&(r=new URL(s.getAttribute("src")),n=new URL(t.value),c.test(n.protocol))&&n.host===r.host&&l.activeElement===s&&(d.top.location.href=t.value))}},d.addEventListener("message",d.wp.receiveEmbedMessage,!1),l.addEventListener("DOMContentLoaded",function(){for(var e,t,s=l.querySelectorAll("iframe.wp-embedded-content"),r=0;r<s.length;r++)(t=(e=s[r]).getAttribute("data-secret"))||(t=Math.random().toString(36).substring(2,12),e.src+="#?secret="+t,e.setAttribute("data-secret",t)),e.contentWindow.postMessage({message:"ready",secret:t},"*")},!1)))}(window,document);
//# sourceURL=https://turcon.es/wp/wp-includes/js/wp-embed.min.js
</script>

La ex corresponsal de la agencia EFE para el Sudeste asiático sustituirá a Juan López de Uralde al frente de la organización Almazor. EFE- La Provincia.es EFE/ MADRID La periodista vasca, ex corresponsal de la agencia EFE para el Sudeste asiático, Miren Gutiérrez Almazor, dirigirá la organización ecologista Greenpeace España a partir del próximo año, en sustitución de Juan López de Uralde, quien dejó la organización en septiembre para liderar el partido verde Equo.
