{"version":"1.0","provider_name":"Colectivo Ecologista Turcon","provider_url":"https:\/\/turcon.es\/wp","author_name":"Laura Fernandez","author_url":"https:\/\/turcon.es\/wp\/author\/admturcon\/","title":"La tierra para quien la paga - Colectivo Ecologista Turcon","type":"rich","width":600,"height":338,"html":"<blockquote class=\"wp-embedded-content\" data-secret=\"LNtV5VBxOY\"><a href=\"https:\/\/turcon.es\/wp\/la-tierra-para-quien-la-paga\/\">La tierra para quien la paga<\/a><\/blockquote><iframe sandbox=\"allow-scripts\" security=\"restricted\" src=\"https:\/\/turcon.es\/wp\/la-tierra-para-quien-la-paga\/embed\/#?secret=LNtV5VBxOY\" width=\"600\" height=\"338\" title=\"\u00abLa tierra para quien la paga\u00bb \u2014 Colectivo Ecologista Turcon\" data-secret=\"LNtV5VBxOY\" frameborder=\"0\" marginwidth=\"0\" marginheight=\"0\" scrolling=\"no\" class=\"wp-embedded-content\"><\/iframe><script>\n\/*! This file is auto-generated *\/\n!function(d,l){\"use strict\";l.querySelector&&d.addEventListener&&\"undefined\"!=typeof URL&&(d.wp=d.wp||{},d.wp.receiveEmbedMessage||(d.wp.receiveEmbedMessage=function(e){var t=e.data;if((t||t.secret||t.message||t.value)&&!\/[^a-zA-Z0-9]\/.test(t.secret)){for(var s,r,n,a=l.querySelectorAll('iframe[data-secret=\"'+t.secret+'\"]'),o=l.querySelectorAll('blockquote[data-secret=\"'+t.secret+'\"]'),c=new RegExp(\"^https?:$\",\"i\"),i=0;i<o.length;i++)o[i].style.display=\"none\";for(i=0;i<a.length;i++)s=a[i],e.source===s.contentWindow&&(s.removeAttribute(\"style\"),\"height\"===t.message?(1e3<(r=parseInt(t.value,10))?r=1e3:~~r<200&&(r=200),s.height=r):\"link\"===t.message&&(r=new URL(s.getAttribute(\"src\")),n=new URL(t.value),c.test(n.protocol))&&n.host===r.host&&l.activeElement===s&&(d.top.location.href=t.value))}},d.addEventListener(\"message\",d.wp.receiveEmbedMessage,!1),l.addEventListener(\"DOMContentLoaded\",function(){for(var e,t,s=l.querySelectorAll(\"iframe.wp-embedded-content\"),r=0;r<s.length;r++)(t=(e=s[r]).getAttribute(\"data-secret\"))||(t=Math.random().toString(36).substring(2,12),e.src+=\"#?secret=\"+t,e.setAttribute(\"data-secret\",t)),e.contentWindow.postMessage({message:\"ready\",secret:t},\"*\")},!1)))}(window,document);\n\/\/# sourceURL=https:\/\/turcon.es\/wp\/wp-includes\/js\/wp-embed.min.js\n<\/script>\n","description":"Pa\u00edses emergentes y multinacionales se aseguran reservas de comida comprando terrenos en naciones hambrientas &#8211; Algunos Estados dictan leyes para protegerse. El Pa\u00eds, 10-12-2008 Lali Cambra Las ONG lo han bautizado como the last land grab, la \u00faltima apropiaci\u00f3n de la tierra. En el \u00faltimo a\u00f1o, con la confluencia de las crisis del precio de [&hellip;]","thumbnail_url":"https:\/\/turcon.es\/wp\/wp-content\/uploads\/2009\/12\/manuel_pimentel_fotoprincip.jpg","thumbnail_width":229,"thumbnail_height":221}

Países emergentes y multinacionales se aseguran reservas de comida comprando terrenos en naciones hambrientas &#8211; Algunos Estados dictan leyes para protegerse. El País, 10-12-2008 Lali Cambra Las ONG lo han bautizado como the last land grab, la última apropiación de la tierra. En el último año, con la confluencia de las crisis del precio de [&hellip;]
