{"version":"1.0","provider_name":"Colectivo Ecologista Turcon","provider_url":"https:\/\/turcon.es\/wp","author_name":"Laura Fernandez","author_url":"https:\/\/turcon.es\/wp\/author\/admturcon\/","title":"Las licencias de monta\u00f1a aumentan - Colectivo Ecologista Turcon","type":"rich","width":600,"height":338,"html":"<blockquote class=\"wp-embedded-content\" data-secret=\"o8aHZvyfFD\"><a href=\"https:\/\/turcon.es\/wp\/las-licencias-de-montana-aumentan\/\">Las licencias de monta\u00f1a aumentan<\/a><\/blockquote><iframe sandbox=\"allow-scripts\" security=\"restricted\" src=\"https:\/\/turcon.es\/wp\/las-licencias-de-montana-aumentan\/embed\/#?secret=o8aHZvyfFD\" width=\"600\" height=\"338\" title=\"\u00abLas licencias de monta\u00f1a aumentan\u00bb \u2014 Colectivo Ecologista Turcon\" data-secret=\"o8aHZvyfFD\" frameborder=\"0\" marginwidth=\"0\" marginheight=\"0\" scrolling=\"no\" class=\"wp-embedded-content\"><\/iframe><script>\n\/*! This file is auto-generated *\/\n!function(d,l){\"use strict\";l.querySelector&&d.addEventListener&&\"undefined\"!=typeof URL&&(d.wp=d.wp||{},d.wp.receiveEmbedMessage||(d.wp.receiveEmbedMessage=function(e){var t=e.data;if((t||t.secret||t.message||t.value)&&!\/[^a-zA-Z0-9]\/.test(t.secret)){for(var s,r,n,a=l.querySelectorAll('iframe[data-secret=\"'+t.secret+'\"]'),o=l.querySelectorAll('blockquote[data-secret=\"'+t.secret+'\"]'),c=new RegExp(\"^https?:$\",\"i\"),i=0;i<o.length;i++)o[i].style.display=\"none\";for(i=0;i<a.length;i++)s=a[i],e.source===s.contentWindow&&(s.removeAttribute(\"style\"),\"height\"===t.message?(1e3<(r=parseInt(t.value,10))?r=1e3:~~r<200&&(r=200),s.height=r):\"link\"===t.message&&(r=new URL(s.getAttribute(\"src\")),n=new URL(t.value),c.test(n.protocol))&&n.host===r.host&&l.activeElement===s&&(d.top.location.href=t.value))}},d.addEventListener(\"message\",d.wp.receiveEmbedMessage,!1),l.addEventListener(\"DOMContentLoaded\",function(){for(var e,t,s=l.querySelectorAll(\"iframe.wp-embedded-content\"),r=0;r<s.length;r++)(t=(e=s[r]).getAttribute(\"data-secret\"))||(t=Math.random().toString(36).substring(2,12),e.src+=\"#?secret=\"+t,e.setAttribute(\"data-secret\",t)),e.contentWindow.postMessage({message:\"ready\",secret:t},\"*\")},!1)))}(window,document);\n\/\/# sourceURL=https:\/\/turcon.es\/wp\/wp-includes\/js\/wp-embed.min.js\n<\/script>\n","description":"La monta\u00f1a escala licencias. Puntualmente, en mayo se publican los resultados del a\u00f1o anterior. Es la Estad\u00edstica de Deporte Federado, operaci\u00f3n perteneciente al Plan Estad\u00edstico Nacional, elaborada por el Consejo Superior de Deportes (CSD). El proyecto cuenta con la colaboraci\u00f3n de las federaciones deportivas espa\u00f1olas y auton\u00f3micas. Sus principales resultados indican que en 2017 el [&hellip;]","thumbnail_url":"https:\/\/turcon.es\/wp\/wp-content\/uploads\/2009\/02\/valentin2-2.jpg","thumbnail_width":350,"thumbnail_height":234}

Las licencias de montaña aumentan - Colectivo Ecologista Turcon

<blockquote class="wp-embedded-content" data-secret="o8aHZvyfFD"><a href="https://turcon.es/wp/las-licencias-de-montana-aumentan/">Las licencias de montaña aumentan</a></blockquote><iframe sandbox="allow-scripts" security="restricted" src="https://turcon.es/wp/las-licencias-de-montana-aumentan/embed/#?secret=o8aHZvyfFD" width="600" height="338" title="«Las licencias de montaña aumentan» — Colectivo Ecologista Turcon" data-secret="o8aHZvyfFD" frameborder="0" marginwidth="0" marginheight="0" scrolling="no" class="wp-embedded-content"></iframe><script>
/*! This file is auto-generated */
!function(d,l){"use strict";l.querySelector&&d.addEventListener&&"undefined"!=typeof URL&&(d.wp=d.wp||{},d.wp.receiveEmbedMessage||(d.wp.receiveEmbedMessage=function(e){var t=e.data;if((t||t.secret||t.message||t.value)&&!/[^a-zA-Z0-9]/.test(t.secret)){for(var s,r,n,a=l.querySelectorAll('iframe[data-secret="'+t.secret+'"]'),o=l.querySelectorAll('blockquote[data-secret="'+t.secret+'"]'),c=new RegExp("^https?:$","i"),i=0;i<o.length;i++)o[i].style.display="none";for(i=0;i<a.length;i++)s=a[i],e.source===s.contentWindow&&(s.removeAttribute("style"),"height"===t.message?(1e3<(r=parseInt(t.value,10))?r=1e3:~~r<200&&(r=200),s.height=r):"link"===t.message&&(r=new URL(s.getAttribute("src")),n=new URL(t.value),c.test(n.protocol))&&n.host===r.host&&l.activeElement===s&&(d.top.location.href=t.value))}},d.addEventListener("message",d.wp.receiveEmbedMessage,!1),l.addEventListener("DOMContentLoaded",function(){for(var e,t,s=l.querySelectorAll("iframe.wp-embedded-content"),r=0;r<s.length;r++)(t=(e=s[r]).getAttribute("data-secret"))||(t=Math.random().toString(36).substring(2,12),e.src+="#?secret="+t,e.setAttribute("data-secret",t)),e.contentWindow.postMessage({message:"ready",secret:t},"*")},!1)))}(window,document);
//# sourceURL=https://turcon.es/wp/wp-includes/js/wp-embed.min.js
</script>

La montaña escala licencias. Puntualmente, en mayo se publican los resultados del año anterior. Es la Estadística de Deporte Federado, operación perteneciente al Plan Estadístico Nacional, elaborada por el Consejo Superior de Deportes (CSD). El proyecto cuenta con la colaboración de las federaciones deportivas españolas y autonómicas. Sus principales resultados indican que en 2017 el [&hellip;]
