{"version":"1.0","provider_name":"Colectivo Ecologista Turcon","provider_url":"https:\/\/turcon.es\/wp","author_name":"Laura Fernandez","author_url":"https:\/\/turcon.es\/wp\/author\/admturcon\/","title":"Libros en Arucas - Colectivo Ecologista Turcon","type":"rich","width":600,"height":338,"html":"<blockquote class=\"wp-embedded-content\" data-secret=\"1cP7yUxiqW\"><a href=\"https:\/\/turcon.es\/wp\/libros-en-arucas\/\">Libros en Arucas<\/a><\/blockquote><iframe sandbox=\"allow-scripts\" security=\"restricted\" src=\"https:\/\/turcon.es\/wp\/libros-en-arucas\/embed\/#?secret=1cP7yUxiqW\" width=\"600\" height=\"338\" title=\"\u00abLibros en Arucas\u00bb \u2014 Colectivo Ecologista Turcon\" data-secret=\"1cP7yUxiqW\" frameborder=\"0\" marginwidth=\"0\" marginheight=\"0\" scrolling=\"no\" class=\"wp-embedded-content\"><\/iframe><script>\n\/*! This file is auto-generated *\/\n!function(d,l){\"use strict\";l.querySelector&&d.addEventListener&&\"undefined\"!=typeof URL&&(d.wp=d.wp||{},d.wp.receiveEmbedMessage||(d.wp.receiveEmbedMessage=function(e){var t=e.data;if((t||t.secret||t.message||t.value)&&!\/[^a-zA-Z0-9]\/.test(t.secret)){for(var s,r,n,a=l.querySelectorAll('iframe[data-secret=\"'+t.secret+'\"]'),o=l.querySelectorAll('blockquote[data-secret=\"'+t.secret+'\"]'),c=new RegExp(\"^https?:$\",\"i\"),i=0;i<o.length;i++)o[i].style.display=\"none\";for(i=0;i<a.length;i++)s=a[i],e.source===s.contentWindow&&(s.removeAttribute(\"style\"),\"height\"===t.message?(1e3<(r=parseInt(t.value,10))?r=1e3:~~r<200&&(r=200),s.height=r):\"link\"===t.message&&(r=new URL(s.getAttribute(\"src\")),n=new URL(t.value),c.test(n.protocol))&&n.host===r.host&&l.activeElement===s&&(d.top.location.href=t.value))}},d.addEventListener(\"message\",d.wp.receiveEmbedMessage,!1),l.addEventListener(\"DOMContentLoaded\",function(){for(var e,t,s=l.querySelectorAll(\"iframe.wp-embedded-content\"),r=0;r<s.length;r++)(t=(e=s[r]).getAttribute(\"data-secret\"))||(t=Math.random().toString(36).substring(2,12),e.src+=\"#?secret=\"+t,e.setAttribute(\"data-secret\",t)),e.contentWindow.postMessage({message:\"ready\",secret:t},\"*\")},!1)))}(window,document);\n\/\/# sourceURL=https:\/\/turcon.es\/wp\/wp-includes\/js\/wp-embed.min.js\n<\/script>\n","description":"La mentora teldense Lidia Monz\u00f3n present\u00f3 este viernes en Arucas su primer libro El \u00e9xito, \u00bfdivina cuesti\u00f3n?, en el que ofrece una gu\u00eda y testimonios para quienes deseen cambiar sus vidas. El acto tuvo lugar en la Biblioteca Municipal con asistencia de algo m\u00e1s de 50 personas. Estuvo acompa\u00f1ada por el presidente honorario del Colectivo [&hellip;]","thumbnail_url":"https:\/\/turcon.es\/wp\/wp-content\/uploads\/2008\/05\/protestavehiculoscontaminantes-1.jpg","thumbnail_width":620,"thumbnail_height":456}

La mentora teldense Lidia Monzón presentó este viernes en Arucas su primer libro El éxito, ¿divina cuestión?, en el que ofrece una guía y testimonios para quienes deseen cambiar sus vidas. El acto tuvo lugar en la Biblioteca Municipal con asistencia de algo más de 50 personas. Estuvo acompañada por el presidente honorario del Colectivo [&hellip;]
