{"version":"1.0","provider_name":"Colectivo Ecologista Turcon","provider_url":"https:\/\/turcon.es\/wp","author_name":"Laura Fernandez","author_url":"https:\/\/turcon.es\/wp\/author\/admturcon\/","title":"Los animales suizos no tendr\u00e1n abogado - Colectivo Ecologista Turcon","type":"rich","width":600,"height":338,"html":"<blockquote class=\"wp-embedded-content\" data-secret=\"a0oRMFfGMf\"><a href=\"https:\/\/turcon.es\/wp\/los-animales-suizos-no-tendran-abogado\/\">Los animales suizos no tendr\u00e1n abogado<\/a><\/blockquote><iframe sandbox=\"allow-scripts\" security=\"restricted\" src=\"https:\/\/turcon.es\/wp\/los-animales-suizos-no-tendran-abogado\/embed\/#?secret=a0oRMFfGMf\" width=\"600\" height=\"338\" title=\"\u00abLos animales suizos no tendr\u00e1n abogado\u00bb \u2014 Colectivo Ecologista Turcon\" data-secret=\"a0oRMFfGMf\" frameborder=\"0\" marginwidth=\"0\" marginheight=\"0\" scrolling=\"no\" class=\"wp-embedded-content\"><\/iframe><script>\n\/*! This file is auto-generated *\/\n!function(d,l){\"use strict\";l.querySelector&&d.addEventListener&&\"undefined\"!=typeof URL&&(d.wp=d.wp||{},d.wp.receiveEmbedMessage||(d.wp.receiveEmbedMessage=function(e){var t=e.data;if((t||t.secret||t.message||t.value)&&!\/[^a-zA-Z0-9]\/.test(t.secret)){for(var s,r,n,a=l.querySelectorAll('iframe[data-secret=\"'+t.secret+'\"]'),o=l.querySelectorAll('blockquote[data-secret=\"'+t.secret+'\"]'),c=new RegExp(\"^https?:$\",\"i\"),i=0;i<o.length;i++)o[i].style.display=\"none\";for(i=0;i<a.length;i++)s=a[i],e.source===s.contentWindow&&(s.removeAttribute(\"style\"),\"height\"===t.message?(1e3<(r=parseInt(t.value,10))?r=1e3:~~r<200&&(r=200),s.height=r):\"link\"===t.message&&(r=new URL(s.getAttribute(\"src\")),n=new URL(t.value),c.test(n.protocol))&&n.host===r.host&&l.activeElement===s&&(d.top.location.href=t.value))}},d.addEventListener(\"message\",d.wp.receiveEmbedMessage,!1),l.addEventListener(\"DOMContentLoaded\",function(){for(var e,t,s=l.querySelectorAll(\"iframe.wp-embedded-content\"),r=0;r<s.length;r++)(t=(e=s[r]).getAttribute(\"data-secret\"))||(t=Math.random().toString(36).substring(2,12),e.src+=\"#?secret=\"+t,e.setAttribute(\"data-secret\",t)),e.contentWindow.postMessage({message:\"ready\",secret:t},\"*\")},!1)))}(window,document);\n\/\/# sourceURL=https:\/\/turcon.es\/wp\/wp-includes\/js\/wp-embed.min.js\n<\/script>\n","description":"Tras un refer\u00e9ndum popular Los helv\u00e9ticos han votado contra una medida que afectar\u00eda a los cantones La mayor parte de los partidos en el Parlamento ped\u00edan el voto en contra En el cant\u00f3n de Z\u00fcrich existe esta figura, que los defiende ante un juez Meritxell Mir | Basilea.La provincia.es Los ciudadanos de la Confederaci\u00f3n Helv\u00e9tica [&hellip;]","thumbnail_url":"https:\/\/turcon.es\/wp\/wp-content\/uploads\/2010\/03\/1175705329_extras_portadilla_0-1.jpg","thumbnail_width":260,"thumbnail_height":300}

Los animales suizos no tendrán abogado - Colectivo Ecologista Turcon

<blockquote class="wp-embedded-content" data-secret="a0oRMFfGMf"><a href="https://turcon.es/wp/los-animales-suizos-no-tendran-abogado/">Los animales suizos no tendrán abogado</a></blockquote><iframe sandbox="allow-scripts" security="restricted" src="https://turcon.es/wp/los-animales-suizos-no-tendran-abogado/embed/#?secret=a0oRMFfGMf" width="600" height="338" title="«Los animales suizos no tendrán abogado» — Colectivo Ecologista Turcon" data-secret="a0oRMFfGMf" frameborder="0" marginwidth="0" marginheight="0" scrolling="no" class="wp-embedded-content"></iframe><script>
/*! This file is auto-generated */
!function(d,l){"use strict";l.querySelector&&d.addEventListener&&"undefined"!=typeof URL&&(d.wp=d.wp||{},d.wp.receiveEmbedMessage||(d.wp.receiveEmbedMessage=function(e){var t=e.data;if((t||t.secret||t.message||t.value)&&!/[^a-zA-Z0-9]/.test(t.secret)){for(var s,r,n,a=l.querySelectorAll('iframe[data-secret="'+t.secret+'"]'),o=l.querySelectorAll('blockquote[data-secret="'+t.secret+'"]'),c=new RegExp("^https?:$","i"),i=0;i<o.length;i++)o[i].style.display="none";for(i=0;i<a.length;i++)s=a[i],e.source===s.contentWindow&&(s.removeAttribute("style"),"height"===t.message?(1e3<(r=parseInt(t.value,10))?r=1e3:~~r<200&&(r=200),s.height=r):"link"===t.message&&(r=new URL(s.getAttribute("src")),n=new URL(t.value),c.test(n.protocol))&&n.host===r.host&&l.activeElement===s&&(d.top.location.href=t.value))}},d.addEventListener("message",d.wp.receiveEmbedMessage,!1),l.addEventListener("DOMContentLoaded",function(){for(var e,t,s=l.querySelectorAll("iframe.wp-embedded-content"),r=0;r<s.length;r++)(t=(e=s[r]).getAttribute("data-secret"))||(t=Math.random().toString(36).substring(2,12),e.src+="#?secret="+t,e.setAttribute("data-secret",t)),e.contentWindow.postMessage({message:"ready",secret:t},"*")},!1)))}(window,document);
//# sourceURL=https://turcon.es/wp/wp-includes/js/wp-embed.min.js
</script>

Tras un referéndum popular Los helvéticos han votado contra una medida que afectaría a los cantones La mayor parte de los partidos en el Parlamento pedían el voto en contra En el cantón de Zürich existe esta figura, que los defiende ante un juez Meritxell Mir | Basilea.La provincia.es Los ciudadanos de la Confederación Helvética [&hellip;]
