{"version":"1.0","provider_name":"Colectivo Ecologista Turcon","provider_url":"https:\/\/turcon.es\/wp","author_name":"Laura Fernandez","author_url":"https:\/\/turcon.es\/wp\/author\/admturcon\/","title":"Mapas de la humedad del suelo - Colectivo Ecologista Turcon","type":"rich","width":600,"height":338,"html":"<blockquote class=\"wp-embedded-content\" data-secret=\"gUCxWQNM8S\"><a href=\"https:\/\/turcon.es\/wp\/mapas-de-la-humedad-del-suelo\/\">Mapas de la humedad del suelo<\/a><\/blockquote><iframe sandbox=\"allow-scripts\" security=\"restricted\" src=\"https:\/\/turcon.es\/wp\/mapas-de-la-humedad-del-suelo\/embed\/#?secret=gUCxWQNM8S\" width=\"600\" height=\"338\" title=\"\u00abMapas de la humedad del suelo\u00bb \u2014 Colectivo Ecologista Turcon\" data-secret=\"gUCxWQNM8S\" frameborder=\"0\" marginwidth=\"0\" marginheight=\"0\" scrolling=\"no\" class=\"wp-embedded-content\"><\/iframe><script>\n\/*! This file is auto-generated *\/\n!function(d,l){\"use strict\";l.querySelector&&d.addEventListener&&\"undefined\"!=typeof URL&&(d.wp=d.wp||{},d.wp.receiveEmbedMessage||(d.wp.receiveEmbedMessage=function(e){var t=e.data;if((t||t.secret||t.message||t.value)&&!\/[^a-zA-Z0-9]\/.test(t.secret)){for(var s,r,n,a=l.querySelectorAll('iframe[data-secret=\"'+t.secret+'\"]'),o=l.querySelectorAll('blockquote[data-secret=\"'+t.secret+'\"]'),c=new RegExp(\"^https?:$\",\"i\"),i=0;i<o.length;i++)o[i].style.display=\"none\";for(i=0;i<a.length;i++)s=a[i],e.source===s.contentWindow&&(s.removeAttribute(\"style\"),\"height\"===t.message?(1e3<(r=parseInt(t.value,10))?r=1e3:~~r<200&&(r=200),s.height=r):\"link\"===t.message&&(r=new URL(s.getAttribute(\"src\")),n=new URL(t.value),c.test(n.protocol))&&n.host===r.host&&l.activeElement===s&&(d.top.location.href=t.value))}},d.addEventListener(\"message\",d.wp.receiveEmbedMessage,!1),l.addEventListener(\"DOMContentLoaded\",function(){for(var e,t,s=l.querySelectorAll(\"iframe.wp-embedded-content\"),r=0;r<s.length;r++)(t=(e=s[r]).getAttribute(\"data-secret\"))||(t=Math.random().toString(36).substring(2,12),e.src+=\"#?secret=\"+t,e.setAttribute(\"data-secret\",t)),e.contentWindow.postMessage({message:\"ready\",secret:t},\"*\")},!1)))}(window,document);\n\/\/# sourceURL=https:\/\/turcon.es\/wp\/wp-includes\/js\/wp-embed.min.js\n<\/script>\n","description":"El sat\u00e9lite franco-espa\u00f1ol SMOS estudiar\u00e1 el cambio clim\u00e1tico con el ciclo del agua.- El sat\u00e9lite sali\u00f3 de la planta de Cannes (sureste de Francia) en la que ha sido fabricado, para su lanzamiento en Rusia en noviembre. El Centro Nacional de Estudios Espaciales de Francia (CNES), que ha desarrollado la misi\u00f3n del SMOS con el [&hellip;]","thumbnail_url":"https:\/\/turcon.es\/wp\/wp-content\/uploads\/2009\/10\/000193404-1.jpg","thumbnail_width":1166,"thumbnail_height":563}

El satélite franco-español SMOS estudiará el cambio climático con el ciclo del agua.- El satélite salió de la planta de Cannes (sureste de Francia) en la que ha sido fabricado, para su lanzamiento en Rusia en noviembre. El Centro Nacional de Estudios Espaciales de Francia (CNES), que ha desarrollado la misión del SMOS con el [&hellip;]
