{"version":"1.0","provider_name":"Colectivo Ecologista Turcon","provider_url":"https:\/\/turcon.es\/wp","author_name":"Laura Fernandez","author_url":"https:\/\/turcon.es\/wp\/author\/admturcon\/","title":"Navidad y resumen de actividades para el 2009 - Colectivo Ecologista Turcon","type":"rich","width":600,"height":338,"html":"<blockquote class=\"wp-embedded-content\" data-secret=\"wiXDcE5XK7\"><a href=\"https:\/\/turcon.es\/wp\/navidad-y-resumen-de-actividades-para-el-2009\/\">Navidad y resumen de actividades para el 2009<\/a><\/blockquote><iframe sandbox=\"allow-scripts\" security=\"restricted\" src=\"https:\/\/turcon.es\/wp\/navidad-y-resumen-de-actividades-para-el-2009\/embed\/#?secret=wiXDcE5XK7\" width=\"600\" height=\"338\" title=\"\u00abNavidad y resumen de actividades para el 2009\u00bb \u2014 Colectivo Ecologista Turcon\" data-secret=\"wiXDcE5XK7\" frameborder=\"0\" marginwidth=\"0\" marginheight=\"0\" scrolling=\"no\" class=\"wp-embedded-content\"><\/iframe><script>\n\/*! This file is auto-generated *\/\n!function(d,l){\"use strict\";l.querySelector&&d.addEventListener&&\"undefined\"!=typeof URL&&(d.wp=d.wp||{},d.wp.receiveEmbedMessage||(d.wp.receiveEmbedMessage=function(e){var t=e.data;if((t||t.secret||t.message||t.value)&&!\/[^a-zA-Z0-9]\/.test(t.secret)){for(var s,r,n,a=l.querySelectorAll('iframe[data-secret=\"'+t.secret+'\"]'),o=l.querySelectorAll('blockquote[data-secret=\"'+t.secret+'\"]'),c=new RegExp(\"^https?:$\",\"i\"),i=0;i<o.length;i++)o[i].style.display=\"none\";for(i=0;i<a.length;i++)s=a[i],e.source===s.contentWindow&&(s.removeAttribute(\"style\"),\"height\"===t.message?(1e3<(r=parseInt(t.value,10))?r=1e3:~~r<200&&(r=200),s.height=r):\"link\"===t.message&&(r=new URL(s.getAttribute(\"src\")),n=new URL(t.value),c.test(n.protocol))&&n.host===r.host&&l.activeElement===s&&(d.top.location.href=t.value))}},d.addEventListener(\"message\",d.wp.receiveEmbedMessage,!1),l.addEventListener(\"DOMContentLoaded\",function(){for(var e,t,s=l.querySelectorAll(\"iframe.wp-embedded-content\"),r=0;r<s.length;r++)(t=(e=s[r]).getAttribute(\"data-secret\"))||(t=Math.random().toString(36).substring(2,12),e.src+=\"#?secret=\"+t,e.setAttribute(\"data-secret\",t)),e.contentWindow.postMessage({message:\"ready\",secret:t},\"*\")},!1)))}(window,document);\n\/\/# sourceURL=https:\/\/turcon.es\/wp\/wp-includes\/js\/wp-embed.min.js\n<\/script>\n","description":"Turc\u00f3n-EeA celebra la Navidad con el lanzamiento de su programa anual de actividades 2009. Los miembros de su Junta Directiva celebraron las fiestas navide\u00f1as deseando a todas las personas un a\u00f1o pr\u00f3spero y que el pr\u00f3ximo venga lleno de paz, alegr\u00eda y felicidad para todos-as. \u00a0 \u00a0 PROGRAMA ANUAL DE ACTIVIDADES \u2013 2009 \u00a0 \u00a0 [&hellip;]","thumbnail_url":"https:\/\/turcon.es\/wp\/wp-content\/uploads\/2010\/03\/25-aniversario-colectivo-turcon-cuaderno-didactico-1.jpg","thumbnail_width":177,"thumbnail_height":250}

Turcón-EeA celebra la Navidad con el lanzamiento de su programa anual de actividades 2009. Los miembros de su Junta Directiva celebraron las fiestas navideñas deseando a todas las personas un año próspero y que el próximo venga lleno de paz, alegría y felicidad para todos-as.     PROGRAMA ANUAL DE ACTIVIDADES – 2009     [&hellip;]
