{"version":"1.0","provider_name":"Colectivo Ecologista Turcon","provider_url":"https:\/\/turcon.es\/wp","author_name":"Laura Fernandez","author_url":"https:\/\/turcon.es\/wp\/author\/admturcon\/","title":"\"No se Vende\", protesta del 12M. - Colectivo Ecologista Turcon","type":"rich","width":600,"height":338,"html":"<blockquote class=\"wp-embedded-content\" data-secret=\"ITB69qpAmI\"><a href=\"https:\/\/turcon.es\/wp\/no-se-vende-protesta-del-12m\/\">\u00abNo se Vende\u00bb, protesta del 12M.<\/a><\/blockquote><iframe sandbox=\"allow-scripts\" security=\"restricted\" src=\"https:\/\/turcon.es\/wp\/no-se-vende-protesta-del-12m\/embed\/#?secret=ITB69qpAmI\" width=\"600\" height=\"338\" title=\"\u00ab\u00abNo se Vende\u00bb, protesta del 12M.\u00bb \u2014 Colectivo Ecologista Turcon\" data-secret=\"ITB69qpAmI\" frameborder=\"0\" marginwidth=\"0\" marginheight=\"0\" scrolling=\"no\" class=\"wp-embedded-content\"><\/iframe><script>\n\/*! This file is auto-generated *\/\n!function(d,l){\"use strict\";l.querySelector&&d.addEventListener&&\"undefined\"!=typeof URL&&(d.wp=d.wp||{},d.wp.receiveEmbedMessage||(d.wp.receiveEmbedMessage=function(e){var t=e.data;if((t||t.secret||t.message||t.value)&&!\/[^a-zA-Z0-9]\/.test(t.secret)){for(var s,r,n,a=l.querySelectorAll('iframe[data-secret=\"'+t.secret+'\"]'),o=l.querySelectorAll('blockquote[data-secret=\"'+t.secret+'\"]'),c=new RegExp(\"^https?:$\",\"i\"),i=0;i<o.length;i++)o[i].style.display=\"none\";for(i=0;i<a.length;i++)s=a[i],e.source===s.contentWindow&&(s.removeAttribute(\"style\"),\"height\"===t.message?(1e3<(r=parseInt(t.value,10))?r=1e3:~~r<200&&(r=200),s.height=r):\"link\"===t.message&&(r=new URL(s.getAttribute(\"src\")),n=new URL(t.value),c.test(n.protocol))&&n.host===r.host&&l.activeElement===s&&(d.top.location.href=t.value))}},d.addEventListener(\"message\",d.wp.receiveEmbedMessage,!1),l.addEventListener(\"DOMContentLoaded\",function(){for(var e,t,s=l.querySelectorAll(\"iframe.wp-embedded-content\"),r=0;r<s.length;r++)(t=(e=s[r]).getAttribute(\"data-secret\"))||(t=Math.random().toString(36).substring(2,12),e.src+=\"#?secret=\"+t,e.setAttribute(\"data-secret\",t)),e.contentWindow.postMessage({message:\"ready\",secret:t},\"*\")},!1)))}(window,document);\n\/\/# sourceURL=https:\/\/turcon.es\/wp\/wp-includes\/js\/wp-embed.min.js\n<\/script>\n","description":"Razones para protestar el 12M contra la turistificaci\u00f3n sin l\u00edmites y sus consecuencias. La industria tur\u00edstica no ha tenido piedad con un territorio fr\u00e1gil \u00a0y limitado como el nuestro. Cada vez se evidencia de forma m\u00e1s clara las contradicciones que genera el monocultivo tur\u00edstico y su fracaso desde la justicia econ\u00f3mica, ambiental y social. Nos [&hellip;]","thumbnail_url":"https:\/\/turcon.es\/wp\/wp-content\/uploads\/2009\/04\/campamento_verano_2009-3.jpg","thumbnail_width":147,"thumbnail_height":200}

Razones para protestar el 12M contra la turistificación sin límites y sus consecuencias. La industria turística no ha tenido piedad con un territorio frágil  y limitado como el nuestro. Cada vez se evidencia de forma más clara las contradicciones que genera el monocultivo turístico y su fracaso desde la justicia económica, ambiental y social. Nos [&hellip;]
