{"version":"1.0","provider_name":"Colectivo Ecologista Turcon","provider_url":"https:\/\/turcon.es\/wp","author_name":"Laura Fernandez","author_url":"https:\/\/turcon.es\/wp\/author\/admturcon\/","title":"Viaje a Noruega de Turc\u00f3n, inminente salida - Colectivo Ecologista Turcon","type":"rich","width":600,"height":338,"html":"<blockquote class=\"wp-embedded-content\" data-secret=\"3NTzMeBRho\"><a href=\"https:\/\/turcon.es\/wp\/noruega-viaje-de-turcon\/\">Viaje a Noruega de Turc\u00f3n, inminente salida<\/a><\/blockquote><iframe sandbox=\"allow-scripts\" security=\"restricted\" src=\"https:\/\/turcon.es\/wp\/noruega-viaje-de-turcon\/embed\/#?secret=3NTzMeBRho\" width=\"600\" height=\"338\" title=\"\u00abViaje a Noruega de Turc\u00f3n, inminente salida\u00bb \u2014 Colectivo Ecologista Turcon\" data-secret=\"3NTzMeBRho\" frameborder=\"0\" marginwidth=\"0\" marginheight=\"0\" scrolling=\"no\" class=\"wp-embedded-content\"><\/iframe><script>\n\/*! This file is auto-generated *\/\n!function(d,l){\"use strict\";l.querySelector&&d.addEventListener&&\"undefined\"!=typeof URL&&(d.wp=d.wp||{},d.wp.receiveEmbedMessage||(d.wp.receiveEmbedMessage=function(e){var t=e.data;if((t||t.secret||t.message||t.value)&&!\/[^a-zA-Z0-9]\/.test(t.secret)){for(var s,r,n,a=l.querySelectorAll('iframe[data-secret=\"'+t.secret+'\"]'),o=l.querySelectorAll('blockquote[data-secret=\"'+t.secret+'\"]'),c=new RegExp(\"^https?:$\",\"i\"),i=0;i<o.length;i++)o[i].style.display=\"none\";for(i=0;i<a.length;i++)s=a[i],e.source===s.contentWindow&&(s.removeAttribute(\"style\"),\"height\"===t.message?(1e3<(r=parseInt(t.value,10))?r=1e3:~~r<200&&(r=200),s.height=r):\"link\"===t.message&&(r=new URL(s.getAttribute(\"src\")),n=new URL(t.value),c.test(n.protocol))&&n.host===r.host&&l.activeElement===s&&(d.top.location.href=t.value))}},d.addEventListener(\"message\",d.wp.receiveEmbedMessage,!1),l.addEventListener(\"DOMContentLoaded\",function(){for(var e,t,s=l.querySelectorAll(\"iframe.wp-embedded-content\"),r=0;r<s.length;r++)(t=(e=s[r]).getAttribute(\"data-secret\"))||(t=Math.random().toString(36).substring(2,12),e.src+=\"#?secret=\"+t,e.setAttribute(\"data-secret\",t)),e.contentWindow.postMessage({message:\"ready\",secret:t},\"*\")},!1)))}(window,document);\n\/\/# sourceURL=https:\/\/turcon.es\/wp\/wp-includes\/js\/wp-embed.min.js\n<\/script>\n","description":"Veintisiete personas realizar\u00e1n el viaje de verano con el Colectivo Turc\u00f3n Ecologistas en Acci\u00f3n. Noruega, sus paisajes, sus glaciares y principalmente sus fiordos ser\u00e1n uno de los atractivos del viaje. Como es habitual, el Colectivo Turc\u00f3n dentro del programa anual de actividades, realiza un viaje todos los veranos. Una encuesta realizada entre sus asociados, hace [&hellip;]","thumbnail_url":"https:\/\/turcon.es\/wp\/wp-content\/uploads\/2011\/08\/5255368-1.jpg","thumbnail_width":500,"thumbnail_height":375}

Viaje a Noruega de Turcón, inminente salida - Colectivo Ecologista Turcon

<blockquote class="wp-embedded-content" data-secret="3NTzMeBRho"><a href="https://turcon.es/wp/noruega-viaje-de-turcon/">Viaje a Noruega de Turcón, inminente salida</a></blockquote><iframe sandbox="allow-scripts" security="restricted" src="https://turcon.es/wp/noruega-viaje-de-turcon/embed/#?secret=3NTzMeBRho" width="600" height="338" title="«Viaje a Noruega de Turcón, inminente salida» — Colectivo Ecologista Turcon" data-secret="3NTzMeBRho" frameborder="0" marginwidth="0" marginheight="0" scrolling="no" class="wp-embedded-content"></iframe><script>
/*! This file is auto-generated */
!function(d,l){"use strict";l.querySelector&&d.addEventListener&&"undefined"!=typeof URL&&(d.wp=d.wp||{},d.wp.receiveEmbedMessage||(d.wp.receiveEmbedMessage=function(e){var t=e.data;if((t||t.secret||t.message||t.value)&&!/[^a-zA-Z0-9]/.test(t.secret)){for(var s,r,n,a=l.querySelectorAll('iframe[data-secret="'+t.secret+'"]'),o=l.querySelectorAll('blockquote[data-secret="'+t.secret+'"]'),c=new RegExp("^https?:$","i"),i=0;i<o.length;i++)o[i].style.display="none";for(i=0;i<a.length;i++)s=a[i],e.source===s.contentWindow&&(s.removeAttribute("style"),"height"===t.message?(1e3<(r=parseInt(t.value,10))?r=1e3:~~r<200&&(r=200),s.height=r):"link"===t.message&&(r=new URL(s.getAttribute("src")),n=new URL(t.value),c.test(n.protocol))&&n.host===r.host&&l.activeElement===s&&(d.top.location.href=t.value))}},d.addEventListener("message",d.wp.receiveEmbedMessage,!1),l.addEventListener("DOMContentLoaded",function(){for(var e,t,s=l.querySelectorAll("iframe.wp-embedded-content"),r=0;r<s.length;r++)(t=(e=s[r]).getAttribute("data-secret"))||(t=Math.random().toString(36).substring(2,12),e.src+="#?secret="+t,e.setAttribute("data-secret",t)),e.contentWindow.postMessage({message:"ready",secret:t},"*")},!1)))}(window,document);
//# sourceURL=https://turcon.es/wp/wp-includes/js/wp-embed.min.js
</script>

Veintisiete personas realizarán el viaje de verano con el Colectivo Turcón Ecologistas en Acción. Noruega, sus paisajes, sus glaciares y principalmente sus fiordos serán uno de los atractivos del viaje. Como es habitual, el Colectivo Turcón dentro del programa anual de actividades, realiza un viaje todos los veranos. Una encuesta realizada entre sus asociados, hace [&hellip;]
