{"version":"1.0","provider_name":"Colectivo Ecologista Turcon","provider_url":"https:\/\/turcon.es\/wp","author_name":"Laura Fernandez","author_url":"https:\/\/turcon.es\/wp\/author\/admturcon\/","title":"Novena edici\u00f3n de PKN Las Palmas - Colectivo Ecologista Turcon","type":"rich","width":600,"height":338,"html":"<blockquote class=\"wp-embedded-content\" data-secret=\"Yji74vvslX\"><a href=\"https:\/\/turcon.es\/wp\/novena-edicion-de-pkn-las-palmas\/\">Novena edici\u00f3n de PKN Las Palmas<\/a><\/blockquote><iframe sandbox=\"allow-scripts\" security=\"restricted\" src=\"https:\/\/turcon.es\/wp\/novena-edicion-de-pkn-las-palmas\/embed\/#?secret=Yji74vvslX\" width=\"600\" height=\"338\" title=\"\u00abNovena edici\u00f3n de PKN Las Palmas\u00bb \u2014 Colectivo Ecologista Turcon\" data-secret=\"Yji74vvslX\" frameborder=\"0\" marginwidth=\"0\" marginheight=\"0\" scrolling=\"no\" class=\"wp-embedded-content\"><\/iframe><script>\n\/*! This file is auto-generated *\/\n!function(d,l){\"use strict\";l.querySelector&&d.addEventListener&&\"undefined\"!=typeof URL&&(d.wp=d.wp||{},d.wp.receiveEmbedMessage||(d.wp.receiveEmbedMessage=function(e){var t=e.data;if((t||t.secret||t.message||t.value)&&!\/[^a-zA-Z0-9]\/.test(t.secret)){for(var s,r,n,a=l.querySelectorAll('iframe[data-secret=\"'+t.secret+'\"]'),o=l.querySelectorAll('blockquote[data-secret=\"'+t.secret+'\"]'),c=new RegExp(\"^https?:$\",\"i\"),i=0;i<o.length;i++)o[i].style.display=\"none\";for(i=0;i<a.length;i++)s=a[i],e.source===s.contentWindow&&(s.removeAttribute(\"style\"),\"height\"===t.message?(1e3<(r=parseInt(t.value,10))?r=1e3:~~r<200&&(r=200),s.height=r):\"link\"===t.message&&(r=new URL(s.getAttribute(\"src\")),n=new URL(t.value),c.test(n.protocol))&&n.host===r.host&&l.activeElement===s&&(d.top.location.href=t.value))}},d.addEventListener(\"message\",d.wp.receiveEmbedMessage,!1),l.addEventListener(\"DOMContentLoaded\",function(){for(var e,t,s=l.querySelectorAll(\"iframe.wp-embedded-content\"),r=0;r<s.length;r++)(t=(e=s[r]).getAttribute(\"data-secret\"))||(t=Math.random().toString(36).substring(2,12),e.src+=\"#?secret=\"+t,e.setAttribute(\"data-secret\",t)),e.contentWindow.postMessage({message:\"ready\",secret:t},\"*\")},!1)))}(window,document);\n\/\/# sourceURL=https:\/\/turcon.es\/wp\/wp-includes\/js\/wp-embed.min.js\n<\/script>\n","description":"Ser\u00e1 el d\u00eda\u00a017 de mayo de 2013, en el\u00a0GRAN CANARIA ESPACIO DIGITAL, C\/ C\u00e1diz n\u00ba 34, Schamann, Las Palmas de Gran Canaria. Ya est\u00e1n aqu\u00ed los speakers que participar\u00e1n en la novena edici\u00f3n de Pecha Kucha Night Las Palmas. 12 creativos expondr\u00e1n sus ideas y proyectos a trav\u00e9s de 20 im\u00e1genes x 20 segundos cada [&hellip;]","thumbnail_url":"https:\/\/turcon.es\/wp\/wp-content\/uploads\/2013\/04\/pecha1-1.jpeg","thumbnail_width":500,"thumbnail_height":333}

Novena edición de PKN Las Palmas - Colectivo Ecologista Turcon

<blockquote class="wp-embedded-content" data-secret="Yji74vvslX"><a href="https://turcon.es/wp/novena-edicion-de-pkn-las-palmas/">Novena edición de PKN Las Palmas</a></blockquote><iframe sandbox="allow-scripts" security="restricted" src="https://turcon.es/wp/novena-edicion-de-pkn-las-palmas/embed/#?secret=Yji74vvslX" width="600" height="338" title="«Novena edición de PKN Las Palmas» — Colectivo Ecologista Turcon" data-secret="Yji74vvslX" frameborder="0" marginwidth="0" marginheight="0" scrolling="no" class="wp-embedded-content"></iframe><script>
/*! This file is auto-generated */
!function(d,l){"use strict";l.querySelector&&d.addEventListener&&"undefined"!=typeof URL&&(d.wp=d.wp||{},d.wp.receiveEmbedMessage||(d.wp.receiveEmbedMessage=function(e){var t=e.data;if((t||t.secret||t.message||t.value)&&!/[^a-zA-Z0-9]/.test(t.secret)){for(var s,r,n,a=l.querySelectorAll('iframe[data-secret="'+t.secret+'"]'),o=l.querySelectorAll('blockquote[data-secret="'+t.secret+'"]'),c=new RegExp("^https?:$","i"),i=0;i<o.length;i++)o[i].style.display="none";for(i=0;i<a.length;i++)s=a[i],e.source===s.contentWindow&&(s.removeAttribute("style"),"height"===t.message?(1e3<(r=parseInt(t.value,10))?r=1e3:~~r<200&&(r=200),s.height=r):"link"===t.message&&(r=new URL(s.getAttribute("src")),n=new URL(t.value),c.test(n.protocol))&&n.host===r.host&&l.activeElement===s&&(d.top.location.href=t.value))}},d.addEventListener("message",d.wp.receiveEmbedMessage,!1),l.addEventListener("DOMContentLoaded",function(){for(var e,t,s=l.querySelectorAll("iframe.wp-embedded-content"),r=0;r<s.length;r++)(t=(e=s[r]).getAttribute("data-secret"))||(t=Math.random().toString(36).substring(2,12),e.src+="#?secret="+t,e.setAttribute("data-secret",t)),e.contentWindow.postMessage({message:"ready",secret:t},"*")},!1)))}(window,document);
//# sourceURL=https://turcon.es/wp/wp-includes/js/wp-embed.min.js
</script>

Será el día 17 de mayo de 2013, en el GRAN CANARIA ESPACIO DIGITAL, C/ Cádiz nº 34, Schamann, Las Palmas de Gran Canaria. Ya están aquí los speakers que participarán en la novena edición de Pecha Kucha Night Las Palmas. 12 creativos expondrán sus ideas y proyectos a través de 20 imágenes x 20 segundos cada [&hellip;]
