{"version":"1.0","provider_name":"Colectivo Ecologista Turcon","provider_url":"https:\/\/turcon.es\/wp","author_name":"Laura Fernandez","author_url":"https:\/\/turcon.es\/wp\/author\/admturcon\/","title":"Nuestros amigos de las Azores ya est\u00e1n aqu\u00ed - Colectivo Ecologista Turcon","type":"rich","width":600,"height":338,"html":"<blockquote class=\"wp-embedded-content\" data-secret=\"4ik8vSHXOD\"><a href=\"https:\/\/turcon.es\/wp\/nuestros-amigos-de-las-azores-ya-estan-aqui\/\">Nuestros amigos de las Azores ya est\u00e1n aqu\u00ed<\/a><\/blockquote><iframe sandbox=\"allow-scripts\" security=\"restricted\" src=\"https:\/\/turcon.es\/wp\/nuestros-amigos-de-las-azores-ya-estan-aqui\/embed\/#?secret=4ik8vSHXOD\" width=\"600\" height=\"338\" title=\"\u00abNuestros amigos de las Azores ya est\u00e1n aqu\u00ed\u00bb \u2014 Colectivo Ecologista Turcon\" data-secret=\"4ik8vSHXOD\" frameborder=\"0\" marginwidth=\"0\" marginheight=\"0\" scrolling=\"no\" class=\"wp-embedded-content\"><\/iframe><script>\n\/*! This file is auto-generated *\/\n!function(d,l){\"use strict\";l.querySelector&&d.addEventListener&&\"undefined\"!=typeof URL&&(d.wp=d.wp||{},d.wp.receiveEmbedMessage||(d.wp.receiveEmbedMessage=function(e){var t=e.data;if((t||t.secret||t.message||t.value)&&!\/[^a-zA-Z0-9]\/.test(t.secret)){for(var s,r,n,a=l.querySelectorAll('iframe[data-secret=\"'+t.secret+'\"]'),o=l.querySelectorAll('blockquote[data-secret=\"'+t.secret+'\"]'),c=new RegExp(\"^https?:$\",\"i\"),i=0;i<o.length;i++)o[i].style.display=\"none\";for(i=0;i<a.length;i++)s=a[i],e.source===s.contentWindow&&(s.removeAttribute(\"style\"),\"height\"===t.message?(1e3<(r=parseInt(t.value,10))?r=1e3:~~r<200&&(r=200),s.height=r):\"link\"===t.message&&(r=new URL(s.getAttribute(\"src\")),n=new URL(t.value),c.test(n.protocol))&&n.host===r.host&&l.activeElement===s&&(d.top.location.href=t.value))}},d.addEventListener(\"message\",d.wp.receiveEmbedMessage,!1),l.addEventListener(\"DOMContentLoaded\",function(){for(var e,t,s=l.querySelectorAll(\"iframe.wp-embedded-content\"),r=0;r<s.length;r++)(t=(e=s[r]).getAttribute(\"data-secret\"))||(t=Math.random().toString(36).substring(2,12),e.src+=\"#?secret=\"+t,e.setAttribute(\"data-secret\",t)),e.contentWindow.postMessage({message:\"ready\",secret:t},\"*\")},!1)))}(window,document);\n\/\/# sourceURL=https:\/\/turcon.es\/wp\/wp-includes\/js\/wp-embed.min.js\n<\/script>\n","description":"Hoy visitar\u00e1n el Roque Nublo y las Dunas de Maspalomas. El martes estar\u00e1n en Telde, con un acto de recibimiento en el Ayuntamiento, y despu\u00e9s una ruta de senderismo por el barranco de Los Cern\u00edcalos. Ayer domingo, fueron recibidos por el Alcalde de Teror, Juan de Dios, quien efect\u00fao un sencillo acto procolario de bienvenida [&hellip;]","thumbnail_url":"https:\/\/turcon.es\/wp\/wp-content\/uploads\/2011\/10\/img_0731-red-1.jpg","thumbnail_width":400,"thumbnail_height":300}

Nuestros amigos de las Azores ya están aquí - Colectivo Ecologista Turcon

<blockquote class="wp-embedded-content" data-secret="4ik8vSHXOD"><a href="https://turcon.es/wp/nuestros-amigos-de-las-azores-ya-estan-aqui/">Nuestros amigos de las Azores ya están aquí</a></blockquote><iframe sandbox="allow-scripts" security="restricted" src="https://turcon.es/wp/nuestros-amigos-de-las-azores-ya-estan-aqui/embed/#?secret=4ik8vSHXOD" width="600" height="338" title="«Nuestros amigos de las Azores ya están aquí» — Colectivo Ecologista Turcon" data-secret="4ik8vSHXOD" frameborder="0" marginwidth="0" marginheight="0" scrolling="no" class="wp-embedded-content"></iframe><script>
/*! This file is auto-generated */
!function(d,l){"use strict";l.querySelector&&d.addEventListener&&"undefined"!=typeof URL&&(d.wp=d.wp||{},d.wp.receiveEmbedMessage||(d.wp.receiveEmbedMessage=function(e){var t=e.data;if((t||t.secret||t.message||t.value)&&!/[^a-zA-Z0-9]/.test(t.secret)){for(var s,r,n,a=l.querySelectorAll('iframe[data-secret="'+t.secret+'"]'),o=l.querySelectorAll('blockquote[data-secret="'+t.secret+'"]'),c=new RegExp("^https?:$","i"),i=0;i<o.length;i++)o[i].style.display="none";for(i=0;i<a.length;i++)s=a[i],e.source===s.contentWindow&&(s.removeAttribute("style"),"height"===t.message?(1e3<(r=parseInt(t.value,10))?r=1e3:~~r<200&&(r=200),s.height=r):"link"===t.message&&(r=new URL(s.getAttribute("src")),n=new URL(t.value),c.test(n.protocol))&&n.host===r.host&&l.activeElement===s&&(d.top.location.href=t.value))}},d.addEventListener("message",d.wp.receiveEmbedMessage,!1),l.addEventListener("DOMContentLoaded",function(){for(var e,t,s=l.querySelectorAll("iframe.wp-embedded-content"),r=0;r<s.length;r++)(t=(e=s[r]).getAttribute("data-secret"))||(t=Math.random().toString(36).substring(2,12),e.src+="#?secret="+t,e.setAttribute("data-secret",t)),e.contentWindow.postMessage({message:"ready",secret:t},"*")},!1)))}(window,document);
//# sourceURL=https://turcon.es/wp/wp-includes/js/wp-embed.min.js
</script>

Hoy visitarán el Roque Nublo y las Dunas de Maspalomas. El martes estarán en Telde, con un acto de recibimiento en el Ayuntamiento, y después una ruta de senderismo por el barranco de Los Cernícalos. Ayer domingo, fueron recibidos por el Alcalde de Teror, Juan de Dios, quien efectúo un sencillo acto procolario de bienvenida [&hellip;]
