{"version":"1.0","provider_name":"Colectivo Ecologista Turcon","provider_url":"https:\/\/turcon.es\/wp","author_name":"Laura Fernandez","author_url":"https:\/\/turcon.es\/wp\/author\/admturcon\/","title":"Numerosa participaci\u00f3n ayer en la ruta a Arinaga - Colectivo Ecologista Turcon","type":"rich","width":600,"height":338,"html":"<blockquote class=\"wp-embedded-content\" data-secret=\"KhqqmG3DiP\"><a href=\"https:\/\/turcon.es\/wp\/numerosa-participacion-ayer-en-la-ruta-a-arinaga\/\">Numerosa participaci\u00f3n ayer en la ruta a Arinaga<\/a><\/blockquote><iframe sandbox=\"allow-scripts\" security=\"restricted\" src=\"https:\/\/turcon.es\/wp\/numerosa-participacion-ayer-en-la-ruta-a-arinaga\/embed\/#?secret=KhqqmG3DiP\" width=\"600\" height=\"338\" title=\"\u00abNumerosa participaci\u00f3n ayer en la ruta a Arinaga\u00bb \u2014 Colectivo Ecologista Turcon\" data-secret=\"KhqqmG3DiP\" frameborder=\"0\" marginwidth=\"0\" marginheight=\"0\" scrolling=\"no\" class=\"wp-embedded-content\"><\/iframe><script>\n\/*! This file is auto-generated *\/\n!function(d,l){\"use strict\";l.querySelector&&d.addEventListener&&\"undefined\"!=typeof URL&&(d.wp=d.wp||{},d.wp.receiveEmbedMessage||(d.wp.receiveEmbedMessage=function(e){var t=e.data;if((t||t.secret||t.message||t.value)&&!\/[^a-zA-Z0-9]\/.test(t.secret)){for(var s,r,n,a=l.querySelectorAll('iframe[data-secret=\"'+t.secret+'\"]'),o=l.querySelectorAll('blockquote[data-secret=\"'+t.secret+'\"]'),c=new RegExp(\"^https?:$\",\"i\"),i=0;i<o.length;i++)o[i].style.display=\"none\";for(i=0;i<a.length;i++)s=a[i],e.source===s.contentWindow&&(s.removeAttribute(\"style\"),\"height\"===t.message?(1e3<(r=parseInt(t.value,10))?r=1e3:~~r<200&&(r=200),s.height=r):\"link\"===t.message&&(r=new URL(s.getAttribute(\"src\")),n=new URL(t.value),c.test(n.protocol))&&n.host===r.host&&l.activeElement===s&&(d.top.location.href=t.value))}},d.addEventListener(\"message\",d.wp.receiveEmbedMessage,!1),l.addEventListener(\"DOMContentLoaded\",function(){for(var e,t,s=l.querySelectorAll(\"iframe.wp-embedded-content\"),r=0;r<s.length;r++)(t=(e=s[r]).getAttribute(\"data-secret\"))||(t=Math.random().toString(36).substring(2,12),e.src+=\"#?secret=\"+t,e.setAttribute(\"data-secret\",t)),e.contentWindow.postMessage({message:\"ready\",secret:t},\"*\")},!1)))}(window,document);\n\/\/# sourceURL=https:\/\/turcon.es\/wp\/wp-includes\/js\/wp-embed.min.js\n<\/script>\n","description":"En la tarde de ayer s\u00e1bado, visitamos el Monumento Natural de Arinaga, C-18. El cono volc\u00e1nico de Arinaga constituye un elemento de inter\u00e9s geomorfol\u00f3gico, hito referencial en el paisaje de la costa SE de Gran Canaria, al constituir un elemento natural singularizado visible desde gran distancia. En conjunto, el espacio protegido forma parte de un [&hellip;]","thumbnail_url":"https:\/\/turcon.es\/wp\/wp-content\/uploads\/2008\/07\/plastic-ocean-trash-1.jpg","thumbnail_width":600,"thumbnail_height":400}

Numerosa participación ayer en la ruta a Arinaga - Colectivo Ecologista Turcon

<blockquote class="wp-embedded-content" data-secret="KhqqmG3DiP"><a href="https://turcon.es/wp/numerosa-participacion-ayer-en-la-ruta-a-arinaga/">Numerosa participación ayer en la ruta a Arinaga</a></blockquote><iframe sandbox="allow-scripts" security="restricted" src="https://turcon.es/wp/numerosa-participacion-ayer-en-la-ruta-a-arinaga/embed/#?secret=KhqqmG3DiP" width="600" height="338" title="«Numerosa participación ayer en la ruta a Arinaga» — Colectivo Ecologista Turcon" data-secret="KhqqmG3DiP" frameborder="0" marginwidth="0" marginheight="0" scrolling="no" class="wp-embedded-content"></iframe><script>
/*! This file is auto-generated */
!function(d,l){"use strict";l.querySelector&&d.addEventListener&&"undefined"!=typeof URL&&(d.wp=d.wp||{},d.wp.receiveEmbedMessage||(d.wp.receiveEmbedMessage=function(e){var t=e.data;if((t||t.secret||t.message||t.value)&&!/[^a-zA-Z0-9]/.test(t.secret)){for(var s,r,n,a=l.querySelectorAll('iframe[data-secret="'+t.secret+'"]'),o=l.querySelectorAll('blockquote[data-secret="'+t.secret+'"]'),c=new RegExp("^https?:$","i"),i=0;i<o.length;i++)o[i].style.display="none";for(i=0;i<a.length;i++)s=a[i],e.source===s.contentWindow&&(s.removeAttribute("style"),"height"===t.message?(1e3<(r=parseInt(t.value,10))?r=1e3:~~r<200&&(r=200),s.height=r):"link"===t.message&&(r=new URL(s.getAttribute("src")),n=new URL(t.value),c.test(n.protocol))&&n.host===r.host&&l.activeElement===s&&(d.top.location.href=t.value))}},d.addEventListener("message",d.wp.receiveEmbedMessage,!1),l.addEventListener("DOMContentLoaded",function(){for(var e,t,s=l.querySelectorAll("iframe.wp-embedded-content"),r=0;r<s.length;r++)(t=(e=s[r]).getAttribute("data-secret"))||(t=Math.random().toString(36).substring(2,12),e.src+="#?secret="+t,e.setAttribute("data-secret",t)),e.contentWindow.postMessage({message:"ready",secret:t},"*")},!1)))}(window,document);
//# sourceURL=https://turcon.es/wp/wp-includes/js/wp-embed.min.js
</script>

En la tarde de ayer sábado, visitamos el Monumento Natural de Arinaga, C-18. El cono volcánico de Arinaga constituye un elemento de interés geomorfológico, hito referencial en el paisaje de la costa SE de Gran Canaria, al constituir un elemento natural singularizado visible desde gran distancia. En conjunto, el espacio protegido forma parte de un [&hellip;]
