{"version":"1.0","provider_name":"Colectivo Ecologista Turcon","provider_url":"https:\/\/turcon.es\/wp","author_name":"Laura Fernandez","author_url":"https:\/\/turcon.es\/wp\/author\/admturcon\/","title":"\u00bfObras en la playa de La Garita? - Colectivo Ecologista Turcon","type":"rich","width":600,"height":338,"html":"<blockquote class=\"wp-embedded-content\" data-secret=\"9s0zRBg2YH\"><a href=\"https:\/\/turcon.es\/wp\/obras-en-la-playa-de-la-garita-2\/\">\u00bfObras en la playa de La Garita?<\/a><\/blockquote><iframe sandbox=\"allow-scripts\" security=\"restricted\" src=\"https:\/\/turcon.es\/wp\/obras-en-la-playa-de-la-garita-2\/embed\/#?secret=9s0zRBg2YH\" width=\"600\" height=\"338\" title=\"\u00ab\u00bfObras en la playa de La Garita?\u00bb \u2014 Colectivo Ecologista Turcon\" data-secret=\"9s0zRBg2YH\" frameborder=\"0\" marginwidth=\"0\" marginheight=\"0\" scrolling=\"no\" class=\"wp-embedded-content\"><\/iframe><script>\n\/*! This file is auto-generated *\/\n!function(d,l){\"use strict\";l.querySelector&&d.addEventListener&&\"undefined\"!=typeof URL&&(d.wp=d.wp||{},d.wp.receiveEmbedMessage||(d.wp.receiveEmbedMessage=function(e){var t=e.data;if((t||t.secret||t.message||t.value)&&!\/[^a-zA-Z0-9]\/.test(t.secret)){for(var s,r,n,a=l.querySelectorAll('iframe[data-secret=\"'+t.secret+'\"]'),o=l.querySelectorAll('blockquote[data-secret=\"'+t.secret+'\"]'),c=new RegExp(\"^https?:$\",\"i\"),i=0;i<o.length;i++)o[i].style.display=\"none\";for(i=0;i<a.length;i++)s=a[i],e.source===s.contentWindow&&(s.removeAttribute(\"style\"),\"height\"===t.message?(1e3<(r=parseInt(t.value,10))?r=1e3:~~r<200&&(r=200),s.height=r):\"link\"===t.message&&(r=new URL(s.getAttribute(\"src\")),n=new URL(t.value),c.test(n.protocol))&&n.host===r.host&&l.activeElement===s&&(d.top.location.href=t.value))}},d.addEventListener(\"message\",d.wp.receiveEmbedMessage,!1),l.addEventListener(\"DOMContentLoaded\",function(){for(var e,t,s=l.querySelectorAll(\"iframe.wp-embedded-content\"),r=0;r<s.length;r++)(t=(e=s[r]).getAttribute(\"data-secret\"))||(t=Math.random().toString(36).substring(2,12),e.src+=\"#?secret=\"+t,e.setAttribute(\"data-secret\",t)),e.contentWindow.postMessage({message:\"ready\",secret:t},\"*\")},!1)))}(window,document);\n\/\/# sourceURL=https:\/\/turcon.es\/wp\/wp-includes\/js\/wp-embed.min.js\n<\/script>\n","description":"El Colectivo Turc\u00f3n-EeA, ha remitido sendos escritos al Ayuntamiento de Telde y a la Demarcaci\u00f3n de Costas de Canarias, donde se le informa de obras en el edificio de \u00abEl Tim\u00f3n\u00bb en la playa de La Garita (t\u00e9rmino municipal de Telde) Seg\u00fan el presidente de Turc\u00f3n, \u00ablas obras -entendemos- no pueden contar con el titulo [&hellip;]"}

El Colectivo Turcón-EeA, ha remitido sendos escritos al Ayuntamiento de Telde y a la Demarcación de Costas de Canarias, donde se le informa de obras en el edificio de «El Timón» en la playa de La Garita (término municipal de Telde) Según el presidente de Turcón, «las obras -entendemos- no pueden contar con el titulo [&hellip;]
