{"version":"1.0","provider_name":"Colectivo Ecologista Turcon","provider_url":"https:\/\/turcon.es\/wp","author_name":"Laura Fernandez","author_url":"https:\/\/turcon.es\/wp\/author\/admturcon\/","title":"Parque Nacional de zonas \u00e1ridas en Fuerteventura - Colectivo Ecologista Turcon","type":"rich","width":600,"height":338,"html":"<blockquote class=\"wp-embedded-content\" data-secret=\"nvIa4WiK9A\"><a href=\"https:\/\/turcon.es\/wp\/parque-nacional-de-zonas-aridas-en-fuerteventura\/\">Parque Nacional de zonas \u00e1ridas en Fuerteventura<\/a><\/blockquote><iframe sandbox=\"allow-scripts\" security=\"restricted\" src=\"https:\/\/turcon.es\/wp\/parque-nacional-de-zonas-aridas-en-fuerteventura\/embed\/#?secret=nvIa4WiK9A\" width=\"600\" height=\"338\" title=\"\u00abParque Nacional de zonas \u00e1ridas en Fuerteventura\u00bb \u2014 Colectivo Ecologista Turcon\" data-secret=\"nvIa4WiK9A\" frameborder=\"0\" marginwidth=\"0\" marginheight=\"0\" scrolling=\"no\" class=\"wp-embedded-content\"><\/iframe><script>\n\/*! This file is auto-generated *\/\n!function(d,l){\"use strict\";l.querySelector&&d.addEventListener&&\"undefined\"!=typeof URL&&(d.wp=d.wp||{},d.wp.receiveEmbedMessage||(d.wp.receiveEmbedMessage=function(e){var t=e.data;if((t||t.secret||t.message||t.value)&&!\/[^a-zA-Z0-9]\/.test(t.secret)){for(var s,r,n,a=l.querySelectorAll('iframe[data-secret=\"'+t.secret+'\"]'),o=l.querySelectorAll('blockquote[data-secret=\"'+t.secret+'\"]'),c=new RegExp(\"^https?:$\",\"i\"),i=0;i<o.length;i++)o[i].style.display=\"none\";for(i=0;i<a.length;i++)s=a[i],e.source===s.contentWindow&&(s.removeAttribute(\"style\"),\"height\"===t.message?(1e3<(r=parseInt(t.value,10))?r=1e3:~~r<200&&(r=200),s.height=r):\"link\"===t.message&&(r=new URL(s.getAttribute(\"src\")),n=new URL(t.value),c.test(n.protocol))&&n.host===r.host&&l.activeElement===s&&(d.top.location.href=t.value))}},d.addEventListener(\"message\",d.wp.receiveEmbedMessage,!1),l.addEventListener(\"DOMContentLoaded\",function(){for(var e,t,s=l.querySelectorAll(\"iframe.wp-embedded-content\"),r=0;r<s.length;r++)(t=(e=s[r]).getAttribute(\"data-secret\"))||(t=Math.random().toString(36).substring(2,12),e.src+=\"#?secret=\"+t,e.setAttribute(\"data-secret\",t)),e.contentWindow.postMessage({message:\"ready\",secret:t},\"*\")},!1)))}(window,document);\n\/\/# sourceURL=https:\/\/turcon.es\/wp\/wp-includes\/js\/wp-embed.min.js\n<\/script>\n","description":"archipielagonoticias Fuerteventura El Consejo de Gobierno ha aprobado hoy la concesi\u00f3n de una subvenci\u00f3n de 300.000 euros al Cabildo de Fuerteventura para la realizaci\u00f3n de los estudios necesarios para la presentaci\u00f3n de la propuesta de la creaci\u00f3n de un Parque Nacional representativo de los sistemas naturales propios de las zonas \u00e1ridas de Canarias en la [&hellip;]","thumbnail_url":"http:\/\/www.archipielagonoticias.com\/images\/zoom\/PBRNYB\/viewsize\/fuertentura-zonas-aridas.jpg"}

Parque Nacional de zonas áridas en Fuerteventura - Colectivo Ecologista Turcon

<blockquote class="wp-embedded-content" data-secret="nvIa4WiK9A"><a href="https://turcon.es/wp/parque-nacional-de-zonas-aridas-en-fuerteventura/">Parque Nacional de zonas áridas en Fuerteventura</a></blockquote><iframe sandbox="allow-scripts" security="restricted" src="https://turcon.es/wp/parque-nacional-de-zonas-aridas-en-fuerteventura/embed/#?secret=nvIa4WiK9A" width="600" height="338" title="«Parque Nacional de zonas áridas en Fuerteventura» — Colectivo Ecologista Turcon" data-secret="nvIa4WiK9A" frameborder="0" marginwidth="0" marginheight="0" scrolling="no" class="wp-embedded-content"></iframe><script>
/*! This file is auto-generated */
!function(d,l){"use strict";l.querySelector&&d.addEventListener&&"undefined"!=typeof URL&&(d.wp=d.wp||{},d.wp.receiveEmbedMessage||(d.wp.receiveEmbedMessage=function(e){var t=e.data;if((t||t.secret||t.message||t.value)&&!/[^a-zA-Z0-9]/.test(t.secret)){for(var s,r,n,a=l.querySelectorAll('iframe[data-secret="'+t.secret+'"]'),o=l.querySelectorAll('blockquote[data-secret="'+t.secret+'"]'),c=new RegExp("^https?:$","i"),i=0;i<o.length;i++)o[i].style.display="none";for(i=0;i<a.length;i++)s=a[i],e.source===s.contentWindow&&(s.removeAttribute("style"),"height"===t.message?(1e3<(r=parseInt(t.value,10))?r=1e3:~~r<200&&(r=200),s.height=r):"link"===t.message&&(r=new URL(s.getAttribute("src")),n=new URL(t.value),c.test(n.protocol))&&n.host===r.host&&l.activeElement===s&&(d.top.location.href=t.value))}},d.addEventListener("message",d.wp.receiveEmbedMessage,!1),l.addEventListener("DOMContentLoaded",function(){for(var e,t,s=l.querySelectorAll("iframe.wp-embedded-content"),r=0;r<s.length;r++)(t=(e=s[r]).getAttribute("data-secret"))||(t=Math.random().toString(36).substring(2,12),e.src+="#?secret="+t,e.setAttribute("data-secret",t)),e.contentWindow.postMessage({message:"ready",secret:t},"*")},!1)))}(window,document);
//# sourceURL=https://turcon.es/wp/wp-includes/js/wp-embed.min.js
</script>

archipielagonoticias Fuerteventura El Consejo de Gobierno ha aprobado hoy la concesión de una subvención de 300.000 euros al Cabildo de Fuerteventura para la realización de los estudios necesarios para la presentación de la propuesta de la creación de un Parque Nacional representativo de los sistemas naturales propios de las zonas áridas de Canarias en la [&hellip;]
