{"version":"1.0","provider_name":"Colectivo Ecologista Turcon","provider_url":"https:\/\/turcon.es\/wp","author_name":"Laura Fernandez","author_url":"https:\/\/turcon.es\/wp\/author\/admturcon\/","title":"Pedalear contra la Contaminaci\u00f3n - Colectivo Ecologista Turcon","type":"rich","width":600,"height":338,"html":"<blockquote class=\"wp-embedded-content\" data-secret=\"JEfyjkChj7\"><a href=\"https:\/\/turcon.es\/wp\/pedalear-contra-la-contaminacion\/\">Pedalear contra la Contaminaci\u00f3n<\/a><\/blockquote><iframe sandbox=\"allow-scripts\" security=\"restricted\" src=\"https:\/\/turcon.es\/wp\/pedalear-contra-la-contaminacion\/embed\/#?secret=JEfyjkChj7\" width=\"600\" height=\"338\" title=\"\u00abPedalear contra la Contaminaci\u00f3n\u00bb \u2014 Colectivo Ecologista Turcon\" data-secret=\"JEfyjkChj7\" frameborder=\"0\" marginwidth=\"0\" marginheight=\"0\" scrolling=\"no\" class=\"wp-embedded-content\"><\/iframe><script>\n\/*! This file is auto-generated *\/\n!function(d,l){\"use strict\";l.querySelector&&d.addEventListener&&\"undefined\"!=typeof URL&&(d.wp=d.wp||{},d.wp.receiveEmbedMessage||(d.wp.receiveEmbedMessage=function(e){var t=e.data;if((t||t.secret||t.message||t.value)&&!\/[^a-zA-Z0-9]\/.test(t.secret)){for(var s,r,n,a=l.querySelectorAll('iframe[data-secret=\"'+t.secret+'\"]'),o=l.querySelectorAll('blockquote[data-secret=\"'+t.secret+'\"]'),c=new RegExp(\"^https?:$\",\"i\"),i=0;i<o.length;i++)o[i].style.display=\"none\";for(i=0;i<a.length;i++)s=a[i],e.source===s.contentWindow&&(s.removeAttribute(\"style\"),\"height\"===t.message?(1e3<(r=parseInt(t.value,10))?r=1e3:~~r<200&&(r=200),s.height=r):\"link\"===t.message&&(r=new URL(s.getAttribute(\"src\")),n=new URL(t.value),c.test(n.protocol))&&n.host===r.host&&l.activeElement===s&&(d.top.location.href=t.value))}},d.addEventListener(\"message\",d.wp.receiveEmbedMessage,!1),l.addEventListener(\"DOMContentLoaded\",function(){for(var e,t,s=l.querySelectorAll(\"iframe.wp-embedded-content\"),r=0;r<s.length;r++)(t=(e=s[r]).getAttribute(\"data-secret\"))||(t=Math.random().toString(36).substring(2,12),e.src+=\"#?secret=\"+t,e.setAttribute(\"data-secret\",t)),e.contentWindow.postMessage({message:\"ready\",secret:t},\"*\")},!1)))}(window,document);\n\/\/# sourceURL=https:\/\/turcon.es\/wp\/wp-includes\/js\/wp-embed.min.js\n<\/script>\n","description":"La Federaci\u00f3n de Ciclistas Europeos (ECF) acaba de publicar un nuevo estudio sobre el potencial de la bicicleta en materia de reducci\u00f3n de emisiones de gas de efecto invernadero. Este estudio cuantif\u00edca las emisiones de gas de efecto invernadero que se ahorrar\u00edan si se utilizara la bicicleta en lugar de otros medios de transporte. Texto [&hellip;]","thumbnail_url":"http:\/\/www.ladyverd.com\/im\/1934_pedalear_contra_la_contaminacion.jpg"}

Pedalear contra la Contaminación - Colectivo Ecologista Turcon

<blockquote class="wp-embedded-content" data-secret="JEfyjkChj7"><a href="https://turcon.es/wp/pedalear-contra-la-contaminacion/">Pedalear contra la Contaminación</a></blockquote><iframe sandbox="allow-scripts" security="restricted" src="https://turcon.es/wp/pedalear-contra-la-contaminacion/embed/#?secret=JEfyjkChj7" width="600" height="338" title="«Pedalear contra la Contaminación» — Colectivo Ecologista Turcon" data-secret="JEfyjkChj7" frameborder="0" marginwidth="0" marginheight="0" scrolling="no" class="wp-embedded-content"></iframe><script>
/*! This file is auto-generated */
!function(d,l){"use strict";l.querySelector&&d.addEventListener&&"undefined"!=typeof URL&&(d.wp=d.wp||{},d.wp.receiveEmbedMessage||(d.wp.receiveEmbedMessage=function(e){var t=e.data;if((t||t.secret||t.message||t.value)&&!/[^a-zA-Z0-9]/.test(t.secret)){for(var s,r,n,a=l.querySelectorAll('iframe[data-secret="'+t.secret+'"]'),o=l.querySelectorAll('blockquote[data-secret="'+t.secret+'"]'),c=new RegExp("^https?:$","i"),i=0;i<o.length;i++)o[i].style.display="none";for(i=0;i<a.length;i++)s=a[i],e.source===s.contentWindow&&(s.removeAttribute("style"),"height"===t.message?(1e3<(r=parseInt(t.value,10))?r=1e3:~~r<200&&(r=200),s.height=r):"link"===t.message&&(r=new URL(s.getAttribute("src")),n=new URL(t.value),c.test(n.protocol))&&n.host===r.host&&l.activeElement===s&&(d.top.location.href=t.value))}},d.addEventListener("message",d.wp.receiveEmbedMessage,!1),l.addEventListener("DOMContentLoaded",function(){for(var e,t,s=l.querySelectorAll("iframe.wp-embedded-content"),r=0;r<s.length;r++)(t=(e=s[r]).getAttribute("data-secret"))||(t=Math.random().toString(36).substring(2,12),e.src+="#?secret="+t,e.setAttribute("data-secret",t)),e.contentWindow.postMessage({message:"ready",secret:t},"*")},!1)))}(window,document);
//# sourceURL=https://turcon.es/wp/wp-includes/js/wp-embed.min.js
</script>

La Federación de Ciclistas Europeos (ECF) acaba de publicar un nuevo estudio sobre el potencial de la bicicleta en materia de reducción de emisiones de gas de efecto invernadero. Este estudio cuantifíca las emisiones de gas de efecto invernadero que se ahorrarían si se utilizara la bicicleta en lugar de otros medios de transporte. Texto [&hellip;]
