{"version":"1.0","provider_name":"Colectivo Ecologista Turcon","provider_url":"https:\/\/turcon.es\/wp","author_name":"Laura Fernandez","author_url":"https:\/\/turcon.es\/wp\/author\/admturcon\/","title":"Plataforma \"El Veril est\u00e1 vivo\", nuevo recurso. - Colectivo Ecologista Turcon","type":"rich","width":600,"height":338,"html":"<blockquote class=\"wp-embedded-content\" data-secret=\"BgzuE0hKFs\"><a href=\"https:\/\/turcon.es\/wp\/plataforma-el-veril-esta-vivo-nuevo-recurso\/\">Plataforma \u00abEl Veril est\u00e1 vivo\u00bb, nuevo recurso.<\/a><\/blockquote><iframe sandbox=\"allow-scripts\" security=\"restricted\" src=\"https:\/\/turcon.es\/wp\/plataforma-el-veril-esta-vivo-nuevo-recurso\/embed\/#?secret=BgzuE0hKFs\" width=\"600\" height=\"338\" title=\"\u00abPlataforma \u00abEl Veril est\u00e1 vivo\u00bb, nuevo recurso.\u00bb \u2014 Colectivo Ecologista Turcon\" data-secret=\"BgzuE0hKFs\" frameborder=\"0\" marginwidth=\"0\" marginheight=\"0\" scrolling=\"no\" class=\"wp-embedded-content\"><\/iframe><script>\n\/*! This file is auto-generated *\/\n!function(d,l){\"use strict\";l.querySelector&&d.addEventListener&&\"undefined\"!=typeof URL&&(d.wp=d.wp||{},d.wp.receiveEmbedMessage||(d.wp.receiveEmbedMessage=function(e){var t=e.data;if((t||t.secret||t.message||t.value)&&!\/[^a-zA-Z0-9]\/.test(t.secret)){for(var s,r,n,a=l.querySelectorAll('iframe[data-secret=\"'+t.secret+'\"]'),o=l.querySelectorAll('blockquote[data-secret=\"'+t.secret+'\"]'),c=new RegExp(\"^https?:$\",\"i\"),i=0;i<o.length;i++)o[i].style.display=\"none\";for(i=0;i<a.length;i++)s=a[i],e.source===s.contentWindow&&(s.removeAttribute(\"style\"),\"height\"===t.message?(1e3<(r=parseInt(t.value,10))?r=1e3:~~r<200&&(r=200),s.height=r):\"link\"===t.message&&(r=new URL(s.getAttribute(\"src\")),n=new URL(t.value),c.test(n.protocol))&&n.host===r.host&&l.activeElement===s&&(d.top.location.href=t.value))}},d.addEventListener(\"message\",d.wp.receiveEmbedMessage,!1),l.addEventListener(\"DOMContentLoaded\",function(){for(var e,t,s=l.querySelectorAll(\"iframe.wp-embedded-content\"),r=0;r<s.length;r++)(t=(e=s[r]).getAttribute(\"data-secret\"))||(t=Math.random().toString(36).substring(2,12),e.src+=\"#?secret=\"+t,e.setAttribute(\"data-secret\",t)),e.contentWindow.postMessage({message:\"ready\",secret:t},\"*\")},!1)))}(window,document);\n\/\/# sourceURL=https:\/\/turcon.es\/wp\/wp-includes\/js\/wp-embed.min.js\n<\/script>\n","description":"Desde la Plataforma\u00a0El Veril Est\u00e1 Vivo, queremos comunicar que nos hemos visto m\u00e1s que obligados a presentar recurso contra la sentencia de la canalizaci\u00f3n de El Veril de San Bartolom\u00e9 de Tirajana. Seg\u00fan esa sentencia, todo el patrimonio arqueol\u00f3gico inmueble canario que no haya sido declarado bien de inter\u00e9s cultural, puede ser destruido. Cuevas, casas [&hellip;]","thumbnail_url":"https:\/\/turcon.es\/wp\/wp-content\/uploads\/2008\/12\/logoturcon-2.gif","thumbnail_width":160,"thumbnail_height":57}

Plataforma "El Veril está vivo", nuevo recurso. - Colectivo Ecologista Turcon

<blockquote class="wp-embedded-content" data-secret="BgzuE0hKFs"><a href="https://turcon.es/wp/plataforma-el-veril-esta-vivo-nuevo-recurso/">Plataforma «El Veril está vivo», nuevo recurso.</a></blockquote><iframe sandbox="allow-scripts" security="restricted" src="https://turcon.es/wp/plataforma-el-veril-esta-vivo-nuevo-recurso/embed/#?secret=BgzuE0hKFs" width="600" height="338" title="«Plataforma «El Veril está vivo», nuevo recurso.» — Colectivo Ecologista Turcon" data-secret="BgzuE0hKFs" frameborder="0" marginwidth="0" marginheight="0" scrolling="no" class="wp-embedded-content"></iframe><script>
/*! This file is auto-generated */
!function(d,l){"use strict";l.querySelector&&d.addEventListener&&"undefined"!=typeof URL&&(d.wp=d.wp||{},d.wp.receiveEmbedMessage||(d.wp.receiveEmbedMessage=function(e){var t=e.data;if((t||t.secret||t.message||t.value)&&!/[^a-zA-Z0-9]/.test(t.secret)){for(var s,r,n,a=l.querySelectorAll('iframe[data-secret="'+t.secret+'"]'),o=l.querySelectorAll('blockquote[data-secret="'+t.secret+'"]'),c=new RegExp("^https?:$","i"),i=0;i<o.length;i++)o[i].style.display="none";for(i=0;i<a.length;i++)s=a[i],e.source===s.contentWindow&&(s.removeAttribute("style"),"height"===t.message?(1e3<(r=parseInt(t.value,10))?r=1e3:~~r<200&&(r=200),s.height=r):"link"===t.message&&(r=new URL(s.getAttribute("src")),n=new URL(t.value),c.test(n.protocol))&&n.host===r.host&&l.activeElement===s&&(d.top.location.href=t.value))}},d.addEventListener("message",d.wp.receiveEmbedMessage,!1),l.addEventListener("DOMContentLoaded",function(){for(var e,t,s=l.querySelectorAll("iframe.wp-embedded-content"),r=0;r<s.length;r++)(t=(e=s[r]).getAttribute("data-secret"))||(t=Math.random().toString(36).substring(2,12),e.src+="#?secret="+t,e.setAttribute("data-secret",t)),e.contentWindow.postMessage({message:"ready",secret:t},"*")},!1)))}(window,document);
//# sourceURL=https://turcon.es/wp/wp-includes/js/wp-embed.min.js
</script>

Desde la Plataforma El Veril Está Vivo, queremos comunicar que nos hemos visto más que obligados a presentar recurso contra la sentencia de la canalización de El Veril de San Bartolomé de Tirajana. Según esa sentencia, todo el patrimonio arqueológico inmueble canario que no haya sido declarado bien de interés cultural, puede ser destruido. Cuevas, casas [&hellip;]
