{"version":"1.0","provider_name":"Colectivo Ecologista Turcon","provider_url":"https:\/\/turcon.es\/wp","author_name":"Laura Fernandez","author_url":"https:\/\/turcon.es\/wp\/author\/admturcon\/","title":"Playa artificial Tenerife y Bicifestacion Gran Canaria - Colectivo Ecologista Turcon","type":"rich","width":600,"height":338,"html":"<blockquote class=\"wp-embedded-content\" data-secret=\"HXYJ50zBAM\"><a href=\"https:\/\/turcon.es\/wp\/playa-artificial-tenerife-y-bicifestacion-gran-canaria\/\">Playa artificial Tenerife y Bicifestacion Gran Canaria<\/a><\/blockquote><iframe sandbox=\"allow-scripts\" security=\"restricted\" src=\"https:\/\/turcon.es\/wp\/playa-artificial-tenerife-y-bicifestacion-gran-canaria\/embed\/#?secret=HXYJ50zBAM\" width=\"600\" height=\"338\" title=\"\u00abPlaya artificial Tenerife y Bicifestacion Gran Canaria\u00bb \u2014 Colectivo Ecologista Turcon\" data-secret=\"HXYJ50zBAM\" frameborder=\"0\" marginwidth=\"0\" marginheight=\"0\" scrolling=\"no\" class=\"wp-embedded-content\"><\/iframe><script>\n\/*! This file is auto-generated *\/\n!function(d,l){\"use strict\";l.querySelector&&d.addEventListener&&\"undefined\"!=typeof URL&&(d.wp=d.wp||{},d.wp.receiveEmbedMessage||(d.wp.receiveEmbedMessage=function(e){var t=e.data;if((t||t.secret||t.message||t.value)&&!\/[^a-zA-Z0-9]\/.test(t.secret)){for(var s,r,n,a=l.querySelectorAll('iframe[data-secret=\"'+t.secret+'\"]'),o=l.querySelectorAll('blockquote[data-secret=\"'+t.secret+'\"]'),c=new RegExp(\"^https?:$\",\"i\"),i=0;i<o.length;i++)o[i].style.display=\"none\";for(i=0;i<a.length;i++)s=a[i],e.source===s.contentWindow&&(s.removeAttribute(\"style\"),\"height\"===t.message?(1e3<(r=parseInt(t.value,10))?r=1e3:~~r<200&&(r=200),s.height=r):\"link\"===t.message&&(r=new URL(s.getAttribute(\"src\")),n=new URL(t.value),c.test(n.protocol))&&n.host===r.host&&l.activeElement===s&&(d.top.location.href=t.value))}},d.addEventListener(\"message\",d.wp.receiveEmbedMessage,!1),l.addEventListener(\"DOMContentLoaded\",function(){for(var e,t,s=l.querySelectorAll(\"iframe.wp-embedded-content\"),r=0;r<s.length;r++)(t=(e=s[r]).getAttribute(\"data-secret\"))||(t=Math.random().toString(36).substring(2,12),e.src+=\"#?secret=\"+t,e.setAttribute(\"data-secret\",t)),e.contentWindow.postMessage({message:\"ready\",secret:t},\"*\")},!1)))}(window,document);\n\/\/# sourceURL=https:\/\/turcon.es\/wp\/wp-includes\/js\/wp-embed.min.js\n<\/script>\n","description":"Im\u00e1genes del Telecanarias TVE1 26.09.2010. Rueda de prensa en Tenerife para denunciar la maniobra de crear una playa artificial en el frente mar\u00edtimo de Sta. Cruz de Tenerife con la intenci\u00f3n de cambiar a la opini\u00f3n publica sobre el puerto de Granadilla y en el mismo informativo, informaci\u00f3n sobre la bicifestaci\u00f3n de Las Palmas de [&hellip;]"}

Imágenes del Telecanarias TVE1 26.09.2010. Rueda de prensa en Tenerife para denunciar la maniobra de crear una playa artificial en el frente marítimo de Sta. Cruz de Tenerife con la intención de cambiar a la opinión publica sobre el puerto de Granadilla y en el mismo informativo, información sobre la bicifestación de Las Palmas de [&hellip;]
