{"version":"1.0","provider_name":"Colectivo Ecologista Turcon","provider_url":"https:\/\/turcon.es\/wp","author_name":"Laura Fernandez","author_url":"https:\/\/turcon.es\/wp\/author\/admturcon\/","title":"Programa anual del 2018 - Colectivo Ecologista Turcon","type":"rich","width":600,"height":338,"html":"<blockquote class=\"wp-embedded-content\" data-secret=\"xnbpDSSfKz\"><a href=\"https:\/\/turcon.es\/wp\/programa-anual-del-2018\/\">Programa anual del 2018<\/a><\/blockquote><iframe sandbox=\"allow-scripts\" security=\"restricted\" src=\"https:\/\/turcon.es\/wp\/programa-anual-del-2018\/embed\/#?secret=xnbpDSSfKz\" width=\"600\" height=\"338\" title=\"\u00abPrograma anual del 2018\u00bb \u2014 Colectivo Ecologista Turcon\" data-secret=\"xnbpDSSfKz\" frameborder=\"0\" marginwidth=\"0\" marginheight=\"0\" scrolling=\"no\" class=\"wp-embedded-content\"><\/iframe><script>\n\/*! This file is auto-generated *\/\n!function(d,l){\"use strict\";l.querySelector&&d.addEventListener&&\"undefined\"!=typeof URL&&(d.wp=d.wp||{},d.wp.receiveEmbedMessage||(d.wp.receiveEmbedMessage=function(e){var t=e.data;if((t||t.secret||t.message||t.value)&&!\/[^a-zA-Z0-9]\/.test(t.secret)){for(var s,r,n,a=l.querySelectorAll('iframe[data-secret=\"'+t.secret+'\"]'),o=l.querySelectorAll('blockquote[data-secret=\"'+t.secret+'\"]'),c=new RegExp(\"^https?:$\",\"i\"),i=0;i<o.length;i++)o[i].style.display=\"none\";for(i=0;i<a.length;i++)s=a[i],e.source===s.contentWindow&&(s.removeAttribute(\"style\"),\"height\"===t.message?(1e3<(r=parseInt(t.value,10))?r=1e3:~~r<200&&(r=200),s.height=r):\"link\"===t.message&&(r=new URL(s.getAttribute(\"src\")),n=new URL(t.value),c.test(n.protocol))&&n.host===r.host&&l.activeElement===s&&(d.top.location.href=t.value))}},d.addEventListener(\"message\",d.wp.receiveEmbedMessage,!1),l.addEventListener(\"DOMContentLoaded\",function(){for(var e,t,s=l.querySelectorAll(\"iframe.wp-embedded-content\"),r=0;r<s.length;r++)(t=(e=s[r]).getAttribute(\"data-secret\"))||(t=Math.random().toString(36).substring(2,12),e.src+=\"#?secret=\"+t,e.setAttribute(\"data-secret\",t)),e.contentWindow.postMessage({message:\"ready\",secret:t},\"*\")},!1)))}(window,document);\n\/\/# sourceURL=https:\/\/turcon.es\/wp\/wp-includes\/js\/wp-embed.min.js\n<\/script>\n","description":"Fieles a la cita y antes de acabar el a\u00f1o, les presentamos el PROGRAMA DE ACTIVIDADES PARA EL PR\u00d3XIMO a\u00f1o 2018. Presentaci\u00f3n del Presidente, Honorio Galindo Rocha Nuestro programa anual se nos antoja un momento de grata y participativa presentaci\u00f3n, y siempre nos pone en la disyuntiva de hacer una comunicaci\u00f3n amplia, extensa, pero invariablemente [&hellip;]","thumbnail_url":"https:\/\/turcon.es\/wp\/wp-content\/uploads\/2009\/02\/mail8-1.jpg","thumbnail_width":111,"thumbnail_height":166}

Fieles a la cita y antes de acabar el año, les presentamos el PROGRAMA DE ACTIVIDADES PARA EL PRÓXIMO año 2018. Presentación del Presidente, Honorio Galindo Rocha Nuestro programa anual se nos antoja un momento de grata y participativa presentación, y siempre nos pone en la disyuntiva de hacer una comunicación amplia, extensa, pero invariablemente [&hellip;]
