{"version":"1.0","provider_name":"Colectivo Ecologista Turcon","provider_url":"https:\/\/turcon.es\/wp","author_name":"Laura Fernandez","author_url":"https:\/\/turcon.es\/wp\/author\/admturcon\/","title":"Realizada con \u00e9xito la ruta por Tirajana - Colectivo Ecologista Turcon","type":"rich","width":600,"height":338,"html":"<blockquote class=\"wp-embedded-content\" data-secret=\"q811aFpKcZ\"><a href=\"https:\/\/turcon.es\/wp\/realizada-con-exito-la-ruta-por-tirajana\/\">Realizada con \u00e9xito la ruta por Tirajana<\/a><\/blockquote><iframe sandbox=\"allow-scripts\" security=\"restricted\" src=\"https:\/\/turcon.es\/wp\/realizada-con-exito-la-ruta-por-tirajana\/embed\/#?secret=q811aFpKcZ\" width=\"600\" height=\"338\" title=\"\u00abRealizada con \u00e9xito la ruta por Tirajana\u00bb \u2014 Colectivo Ecologista Turcon\" data-secret=\"q811aFpKcZ\" frameborder=\"0\" marginwidth=\"0\" marginheight=\"0\" scrolling=\"no\" class=\"wp-embedded-content\"><\/iframe><script>\n\/*! This file is auto-generated *\/\n!function(d,l){\"use strict\";l.querySelector&&d.addEventListener&&\"undefined\"!=typeof URL&&(d.wp=d.wp||{},d.wp.receiveEmbedMessage||(d.wp.receiveEmbedMessage=function(e){var t=e.data;if((t||t.secret||t.message||t.value)&&!\/[^a-zA-Z0-9]\/.test(t.secret)){for(var s,r,n,a=l.querySelectorAll('iframe[data-secret=\"'+t.secret+'\"]'),o=l.querySelectorAll('blockquote[data-secret=\"'+t.secret+'\"]'),c=new RegExp(\"^https?:$\",\"i\"),i=0;i<o.length;i++)o[i].style.display=\"none\";for(i=0;i<a.length;i++)s=a[i],e.source===s.contentWindow&&(s.removeAttribute(\"style\"),\"height\"===t.message?(1e3<(r=parseInt(t.value,10))?r=1e3:~~r<200&&(r=200),s.height=r):\"link\"===t.message&&(r=new URL(s.getAttribute(\"src\")),n=new URL(t.value),c.test(n.protocol))&&n.host===r.host&&l.activeElement===s&&(d.top.location.href=t.value))}},d.addEventListener(\"message\",d.wp.receiveEmbedMessage,!1),l.addEventListener(\"DOMContentLoaded\",function(){for(var e,t,s=l.querySelectorAll(\"iframe.wp-embedded-content\"),r=0;r<s.length;r++)(t=(e=s[r]).getAttribute(\"data-secret\"))||(t=Math.random().toString(36).substring(2,12),e.src+=\"#?secret=\"+t,e.setAttribute(\"data-secret\",t)),e.contentWindow.postMessage({message:\"ready\",secret:t},\"*\")},!1)))}(window,document);\n\/\/# sourceURL=https:\/\/turcon.es\/wp\/wp-includes\/js\/wp-embed.min.js\n<\/script>\n","description":"En el d\u00eda de hoy el Colectivo Turc\u00f3n-Ecologistas en Acci\u00f3n ha realizado su ruta prevista. El itinerario comenz\u00f3 sobre las 10,30 horas en el centro del pueblo de Tunte. 31 personas se dirigieron bajo una calufa, por el antiguo camino al caser\u00edo de La Culata. Para ello utilizaron el camino por la Cruz de Las [&hellip;]","thumbnail_url":"https:\/\/turcon.es\/wp\/wp-content\/uploads\/2008\/08\/google.jpg","thumbnail_width":122,"thumbnail_height":111}

Realizada con éxito la ruta por Tirajana - Colectivo Ecologista Turcon

<blockquote class="wp-embedded-content" data-secret="q811aFpKcZ"><a href="https://turcon.es/wp/realizada-con-exito-la-ruta-por-tirajana/">Realizada con éxito la ruta por Tirajana</a></blockquote><iframe sandbox="allow-scripts" security="restricted" src="https://turcon.es/wp/realizada-con-exito-la-ruta-por-tirajana/embed/#?secret=q811aFpKcZ" width="600" height="338" title="«Realizada con éxito la ruta por Tirajana» — Colectivo Ecologista Turcon" data-secret="q811aFpKcZ" frameborder="0" marginwidth="0" marginheight="0" scrolling="no" class="wp-embedded-content"></iframe><script>
/*! This file is auto-generated */
!function(d,l){"use strict";l.querySelector&&d.addEventListener&&"undefined"!=typeof URL&&(d.wp=d.wp||{},d.wp.receiveEmbedMessage||(d.wp.receiveEmbedMessage=function(e){var t=e.data;if((t||t.secret||t.message||t.value)&&!/[^a-zA-Z0-9]/.test(t.secret)){for(var s,r,n,a=l.querySelectorAll('iframe[data-secret="'+t.secret+'"]'),o=l.querySelectorAll('blockquote[data-secret="'+t.secret+'"]'),c=new RegExp("^https?:$","i"),i=0;i<o.length;i++)o[i].style.display="none";for(i=0;i<a.length;i++)s=a[i],e.source===s.contentWindow&&(s.removeAttribute("style"),"height"===t.message?(1e3<(r=parseInt(t.value,10))?r=1e3:~~r<200&&(r=200),s.height=r):"link"===t.message&&(r=new URL(s.getAttribute("src")),n=new URL(t.value),c.test(n.protocol))&&n.host===r.host&&l.activeElement===s&&(d.top.location.href=t.value))}},d.addEventListener("message",d.wp.receiveEmbedMessage,!1),l.addEventListener("DOMContentLoaded",function(){for(var e,t,s=l.querySelectorAll("iframe.wp-embedded-content"),r=0;r<s.length;r++)(t=(e=s[r]).getAttribute("data-secret"))||(t=Math.random().toString(36).substring(2,12),e.src+="#?secret="+t,e.setAttribute("data-secret",t)),e.contentWindow.postMessage({message:"ready",secret:t},"*")},!1)))}(window,document);
//# sourceURL=https://turcon.es/wp/wp-includes/js/wp-embed.min.js
</script>

En el día de hoy el Colectivo Turcón-Ecologistas en Acción ha realizado su ruta prevista. El itinerario comenzó sobre las 10,30 horas en el centro del pueblo de Tunte. 31 personas se dirigieron bajo una calufa, por el antiguo camino al caserío de La Culata. Para ello utilizaron el camino por la Cruz de Las [&hellip;]
