{"version":"1.0","provider_name":"Colectivo Ecologista Turcon","provider_url":"https:\/\/turcon.es\/wp","author_name":"Laura Fernandez","author_url":"https:\/\/turcon.es\/wp\/author\/admturcon\/","title":"Ruido y qu\u00edmica: la clase trabajadora pierde audici\u00f3n - Colectivo Ecologista Turcon","type":"rich","width":600,"height":338,"html":"<blockquote class=\"wp-embedded-content\" data-secret=\"PFc8bxBtDz\"><a href=\"https:\/\/turcon.es\/wp\/ruido-y-quimica-la-clase-trabajadora-pierde-audicion\/\">Ruido y qu\u00edmica: la clase trabajadora pierde audici\u00f3n<\/a><\/blockquote><iframe sandbox=\"allow-scripts\" security=\"restricted\" src=\"https:\/\/turcon.es\/wp\/ruido-y-quimica-la-clase-trabajadora-pierde-audicion\/embed\/#?secret=PFc8bxBtDz\" width=\"600\" height=\"338\" title=\"\u00abRuido y qu\u00edmica: la clase trabajadora pierde audici\u00f3n\u00bb \u2014 Colectivo Ecologista Turcon\" data-secret=\"PFc8bxBtDz\" frameborder=\"0\" marginwidth=\"0\" marginheight=\"0\" scrolling=\"no\" class=\"wp-embedded-content\"><\/iframe><script>\n\/*! This file is auto-generated *\/\n!function(d,l){\"use strict\";l.querySelector&&d.addEventListener&&\"undefined\"!=typeof URL&&(d.wp=d.wp||{},d.wp.receiveEmbedMessage||(d.wp.receiveEmbedMessage=function(e){var t=e.data;if((t||t.secret||t.message||t.value)&&!\/[^a-zA-Z0-9]\/.test(t.secret)){for(var s,r,n,a=l.querySelectorAll('iframe[data-secret=\"'+t.secret+'\"]'),o=l.querySelectorAll('blockquote[data-secret=\"'+t.secret+'\"]'),c=new RegExp(\"^https?:$\",\"i\"),i=0;i<o.length;i++)o[i].style.display=\"none\";for(i=0;i<a.length;i++)s=a[i],e.source===s.contentWindow&&(s.removeAttribute(\"style\"),\"height\"===t.message?(1e3<(r=parseInt(t.value,10))?r=1e3:~~r<200&&(r=200),s.height=r):\"link\"===t.message&&(r=new URL(s.getAttribute(\"src\")),n=new URL(t.value),c.test(n.protocol))&&n.host===r.host&&l.activeElement===s&&(d.top.location.href=t.value))}},d.addEventListener(\"message\",d.wp.receiveEmbedMessage,!1),l.addEventListener(\"DOMContentLoaded\",function(){for(var e,t,s=l.querySelectorAll(\"iframe.wp-embedded-content\"),r=0;r<s.length;r++)(t=(e=s[r]).getAttribute(\"data-secret\"))||(t=Math.random().toString(36).substring(2,12),e.src+=\"#?secret=\"+t,e.setAttribute(\"data-secret\",t)),e.contentWindow.postMessage({message:\"ready\",secret:t},\"*\")},!1)))}(window,document);\n\/\/# sourceURL=https:\/\/turcon.es\/wp\/wp-includes\/js\/wp-embed.min.js\n<\/script>\n","description":"La perdida auditiva por ruido es la enfermedad profesional que con mayor frecuencia se presenta en Europa. Un estudio realizado por investigadores espa\u00f1oles confirma que la presencia de contaminantes qu\u00edmicos puede interactuar con el ruido y modificar, para bien o para mal, la manifestaci\u00f3n de la \u00absordera\u00bb profesional, cada vez m\u00e1s frecuente en las personas [&hellip;]","thumbnail_url":"https:\/\/turcon.es\/wp\/wp-content\/uploads\/2010\/10\/ruido-1.jpg","thumbnail_width":420,"thumbnail_height":636}

Ruido y química: la clase trabajadora pierde audición - Colectivo Ecologista Turcon

<blockquote class="wp-embedded-content" data-secret="PFc8bxBtDz"><a href="https://turcon.es/wp/ruido-y-quimica-la-clase-trabajadora-pierde-audicion/">Ruido y química: la clase trabajadora pierde audición</a></blockquote><iframe sandbox="allow-scripts" security="restricted" src="https://turcon.es/wp/ruido-y-quimica-la-clase-trabajadora-pierde-audicion/embed/#?secret=PFc8bxBtDz" width="600" height="338" title="«Ruido y química: la clase trabajadora pierde audición» — Colectivo Ecologista Turcon" data-secret="PFc8bxBtDz" frameborder="0" marginwidth="0" marginheight="0" scrolling="no" class="wp-embedded-content"></iframe><script>
/*! This file is auto-generated */
!function(d,l){"use strict";l.querySelector&&d.addEventListener&&"undefined"!=typeof URL&&(d.wp=d.wp||{},d.wp.receiveEmbedMessage||(d.wp.receiveEmbedMessage=function(e){var t=e.data;if((t||t.secret||t.message||t.value)&&!/[^a-zA-Z0-9]/.test(t.secret)){for(var s,r,n,a=l.querySelectorAll('iframe[data-secret="'+t.secret+'"]'),o=l.querySelectorAll('blockquote[data-secret="'+t.secret+'"]'),c=new RegExp("^https?:$","i"),i=0;i<o.length;i++)o[i].style.display="none";for(i=0;i<a.length;i++)s=a[i],e.source===s.contentWindow&&(s.removeAttribute("style"),"height"===t.message?(1e3<(r=parseInt(t.value,10))?r=1e3:~~r<200&&(r=200),s.height=r):"link"===t.message&&(r=new URL(s.getAttribute("src")),n=new URL(t.value),c.test(n.protocol))&&n.host===r.host&&l.activeElement===s&&(d.top.location.href=t.value))}},d.addEventListener("message",d.wp.receiveEmbedMessage,!1),l.addEventListener("DOMContentLoaded",function(){for(var e,t,s=l.querySelectorAll("iframe.wp-embedded-content"),r=0;r<s.length;r++)(t=(e=s[r]).getAttribute("data-secret"))||(t=Math.random().toString(36).substring(2,12),e.src+="#?secret="+t,e.setAttribute("data-secret",t)),e.contentWindow.postMessage({message:"ready",secret:t},"*")},!1)))}(window,document);
//# sourceURL=https://turcon.es/wp/wp-includes/js/wp-embed.min.js
</script>

La perdida auditiva por ruido es la enfermedad profesional que con mayor frecuencia se presenta en Europa. Un estudio realizado por investigadores españoles confirma que la presencia de contaminantes químicos puede interactuar con el ruido y modificar, para bien o para mal, la manifestación de la «sordera» profesional, cada vez más frecuente en las personas [&hellip;]
