{"version":"1.0","provider_name":"Colectivo Ecologista Turcon","provider_url":"https:\/\/turcon.es\/wp","author_name":"Laura Fernandez","author_url":"https:\/\/turcon.es\/wp\/author\/admturcon\/","title":"Ruta al Talay\u00f3n y al barranco de Madrelagua - Colectivo Ecologista Turcon","type":"rich","width":600,"height":338,"html":"<blockquote class=\"wp-embedded-content\" data-secret=\"LwePTrLjPn\"><a href=\"https:\/\/turcon.es\/wp\/ruta-al-talayon-y-al-barranco-de-madrelagua\/\">Ruta al Talay\u00f3n y al barranco de Madrelagua<\/a><\/blockquote><iframe sandbox=\"allow-scripts\" security=\"restricted\" src=\"https:\/\/turcon.es\/wp\/ruta-al-talayon-y-al-barranco-de-madrelagua\/embed\/#?secret=LwePTrLjPn\" width=\"600\" height=\"338\" title=\"\u00abRuta al Talay\u00f3n y al barranco de Madrelagua\u00bb \u2014 Colectivo Ecologista Turcon\" data-secret=\"LwePTrLjPn\" frameborder=\"0\" marginwidth=\"0\" marginheight=\"0\" scrolling=\"no\" class=\"wp-embedded-content\"><\/iframe><script>\n\/*! This file is auto-generated *\/\n!function(d,l){\"use strict\";l.querySelector&&d.addEventListener&&\"undefined\"!=typeof URL&&(d.wp=d.wp||{},d.wp.receiveEmbedMessage||(d.wp.receiveEmbedMessage=function(e){var t=e.data;if((t||t.secret||t.message||t.value)&&!\/[^a-zA-Z0-9]\/.test(t.secret)){for(var s,r,n,a=l.querySelectorAll('iframe[data-secret=\"'+t.secret+'\"]'),o=l.querySelectorAll('blockquote[data-secret=\"'+t.secret+'\"]'),c=new RegExp(\"^https?:$\",\"i\"),i=0;i<o.length;i++)o[i].style.display=\"none\";for(i=0;i<a.length;i++)s=a[i],e.source===s.contentWindow&&(s.removeAttribute(\"style\"),\"height\"===t.message?(1e3<(r=parseInt(t.value,10))?r=1e3:~~r<200&&(r=200),s.height=r):\"link\"===t.message&&(r=new URL(s.getAttribute(\"src\")),n=new URL(t.value),c.test(n.protocol))&&n.host===r.host&&l.activeElement===s&&(d.top.location.href=t.value))}},d.addEventListener(\"message\",d.wp.receiveEmbedMessage,!1),l.addEventListener(\"DOMContentLoaded\",function(){for(var e,t,s=l.querySelectorAll(\"iframe.wp-embedded-content\"),r=0;r<s.length;r++)(t=(e=s[r]).getAttribute(\"data-secret\"))||(t=Math.random().toString(36).substring(2,12),e.src+=\"#?secret=\"+t,e.setAttribute(\"data-secret\",t)),e.contentWindow.postMessage({message:\"ready\",secret:t},\"*\")},!1)))}(window,document);\n\/\/# sourceURL=https:\/\/turcon.es\/wp\/wp-includes\/js\/wp-embed.min.js\n<\/script>\n","description":"El pasado s\u00e1bado, el Colectivo Turc\u00f3n realiz\u00f3 su ruta de senderismo tal como estaba previsto en su programa anual. Participaron unas 37 personas, que en la primera parte de la ruta sufrieron el calor reinante en el Talay\u00f3n. Posteriormente el tiempo refresc\u00f3 y terminaron la ruta sin grandes problemas. ITINERARIO DE LA RUTA: Llegar a [&hellip;]","thumbnail_url":"https:\/\/turcon.es\/wp\/wp-content\/uploads\/2014\/10\/dscn2699.jpg","thumbnail_width":958,"thumbnail_height":718}

Ruta al Talayón y al barranco de Madrelagua - Colectivo Ecologista Turcon

<blockquote class="wp-embedded-content" data-secret="LwePTrLjPn"><a href="https://turcon.es/wp/ruta-al-talayon-y-al-barranco-de-madrelagua/">Ruta al Talayón y al barranco de Madrelagua</a></blockquote><iframe sandbox="allow-scripts" security="restricted" src="https://turcon.es/wp/ruta-al-talayon-y-al-barranco-de-madrelagua/embed/#?secret=LwePTrLjPn" width="600" height="338" title="«Ruta al Talayón y al barranco de Madrelagua» — Colectivo Ecologista Turcon" data-secret="LwePTrLjPn" frameborder="0" marginwidth="0" marginheight="0" scrolling="no" class="wp-embedded-content"></iframe><script>
/*! This file is auto-generated */
!function(d,l){"use strict";l.querySelector&&d.addEventListener&&"undefined"!=typeof URL&&(d.wp=d.wp||{},d.wp.receiveEmbedMessage||(d.wp.receiveEmbedMessage=function(e){var t=e.data;if((t||t.secret||t.message||t.value)&&!/[^a-zA-Z0-9]/.test(t.secret)){for(var s,r,n,a=l.querySelectorAll('iframe[data-secret="'+t.secret+'"]'),o=l.querySelectorAll('blockquote[data-secret="'+t.secret+'"]'),c=new RegExp("^https?:$","i"),i=0;i<o.length;i++)o[i].style.display="none";for(i=0;i<a.length;i++)s=a[i],e.source===s.contentWindow&&(s.removeAttribute("style"),"height"===t.message?(1e3<(r=parseInt(t.value,10))?r=1e3:~~r<200&&(r=200),s.height=r):"link"===t.message&&(r=new URL(s.getAttribute("src")),n=new URL(t.value),c.test(n.protocol))&&n.host===r.host&&l.activeElement===s&&(d.top.location.href=t.value))}},d.addEventListener("message",d.wp.receiveEmbedMessage,!1),l.addEventListener("DOMContentLoaded",function(){for(var e,t,s=l.querySelectorAll("iframe.wp-embedded-content"),r=0;r<s.length;r++)(t=(e=s[r]).getAttribute("data-secret"))||(t=Math.random().toString(36).substring(2,12),e.src+="#?secret="+t,e.setAttribute("data-secret",t)),e.contentWindow.postMessage({message:"ready",secret:t},"*")},!1)))}(window,document);
//# sourceURL=https://turcon.es/wp/wp-includes/js/wp-embed.min.js
</script>

El pasado sábado, el Colectivo Turcón realizó su ruta de senderismo tal como estaba previsto en su programa anual. Participaron unas 37 personas, que en la primera parte de la ruta sufrieron el calor reinante en el Talayón. Posteriormente el tiempo refrescó y terminaron la ruta sin grandes problemas. ITINERARIO DE LA RUTA: Llegar a [&hellip;]
