{"version":"1.0","provider_name":"Colectivo Ecologista Turcon","provider_url":"https:\/\/turcon.es\/wp","author_name":"Laura Fernandez","author_url":"https:\/\/turcon.es\/wp\/author\/admturcon\/","title":"Ruta por Camaretas y Hoya del Gamonal - Colectivo Ecologista Turcon","type":"rich","width":600,"height":338,"html":"<blockquote class=\"wp-embedded-content\" data-secret=\"5GF1L3SnGc\"><a href=\"https:\/\/turcon.es\/wp\/ruta-por-camaretas-y-hoya-del-gamonal\/\">Ruta por Camaretas y Hoya del Gamonal<\/a><\/blockquote><iframe sandbox=\"allow-scripts\" security=\"restricted\" src=\"https:\/\/turcon.es\/wp\/ruta-por-camaretas-y-hoya-del-gamonal\/embed\/#?secret=5GF1L3SnGc\" width=\"600\" height=\"338\" title=\"\u00abRuta por Camaretas y Hoya del Gamonal\u00bb \u2014 Colectivo Ecologista Turcon\" data-secret=\"5GF1L3SnGc\" frameborder=\"0\" marginwidth=\"0\" marginheight=\"0\" scrolling=\"no\" class=\"wp-embedded-content\"><\/iframe><script>\n\/*! This file is auto-generated *\/\n!function(d,l){\"use strict\";l.querySelector&&d.addEventListener&&\"undefined\"!=typeof URL&&(d.wp=d.wp||{},d.wp.receiveEmbedMessage||(d.wp.receiveEmbedMessage=function(e){var t=e.data;if((t||t.secret||t.message||t.value)&&!\/[^a-zA-Z0-9]\/.test(t.secret)){for(var s,r,n,a=l.querySelectorAll('iframe[data-secret=\"'+t.secret+'\"]'),o=l.querySelectorAll('blockquote[data-secret=\"'+t.secret+'\"]'),c=new RegExp(\"^https?:$\",\"i\"),i=0;i<o.length;i++)o[i].style.display=\"none\";for(i=0;i<a.length;i++)s=a[i],e.source===s.contentWindow&&(s.removeAttribute(\"style\"),\"height\"===t.message?(1e3<(r=parseInt(t.value,10))?r=1e3:~~r<200&&(r=200),s.height=r):\"link\"===t.message&&(r=new URL(s.getAttribute(\"src\")),n=new URL(t.value),c.test(n.protocol))&&n.host===r.host&&l.activeElement===s&&(d.top.location.href=t.value))}},d.addEventListener(\"message\",d.wp.receiveEmbedMessage,!1),l.addEventListener(\"DOMContentLoaded\",function(){for(var e,t,s=l.querySelectorAll(\"iframe.wp-embedded-content\"),r=0;r<s.length;r++)(t=(e=s[r]).getAttribute(\"data-secret\"))||(t=Math.random().toString(36).substring(2,12),e.src+=\"#?secret=\"+t,e.setAttribute(\"data-secret\",t)),e.contentWindow.postMessage({message:\"ready\",secret:t},\"*\")},!1)))}(window,document);\n\/\/# sourceURL=https:\/\/turcon.es\/wp\/wp-includes\/js\/wp-embed.min.js\n<\/script>\n","description":"El Colectivo Turc\u00f3n realiz\u00f3 en el d\u00eda de ayer su ruta programa en las actividades del a\u00f1o 2014. Se trataba del itinerario: Cueva Grande-Camaretas-Degollada del Picacho-Hoya del Gamonal-Lomo Cuevas Altas-Lomo de los Ingleses-Monta\u00f1a de Troya-La Lechucilla. Un numeroso grupo de senderistas, con 11 ni\u00f1os, ya que se trataba de una ruta familiar de nivel bajo, [&hellip;]","thumbnail_url":"https:\/\/turcon.es\/wp\/wp-content\/uploads\/2014\/05\/p1060303-scaled.jpg","thumbnail_width":2560,"thumbnail_height":1920}

El Colectivo Turcón realizó en el día de ayer su ruta programa en las actividades del año 2014. Se trataba del itinerario: Cueva Grande-Camaretas-Degollada del Picacho-Hoya del Gamonal-Lomo Cuevas Altas-Lomo de los Ingleses-Montaña de Troya-La Lechucilla. Un numeroso grupo de senderistas, con 11 niños, ya que se trataba de una ruta familiar de nivel bajo, [&hellip;]
