{"version":"1.0","provider_name":"Colectivo Ecologista Turcon","provider_url":"https:\/\/turcon.es\/wp","author_name":"Laura Fernandez","author_url":"https:\/\/turcon.es\/wp\/author\/admturcon\/","title":"Segunda ruta infantil de Turc\u00f3n. - Colectivo Ecologista Turcon","type":"rich","width":600,"height":338,"html":"<blockquote class=\"wp-embedded-content\" data-secret=\"IvwYkbdfJH\"><a href=\"https:\/\/turcon.es\/wp\/segunda-ruta-infantil-de-turcon\/\">Segunda ruta infantil de Turc\u00f3n.<\/a><\/blockquote><iframe sandbox=\"allow-scripts\" security=\"restricted\" src=\"https:\/\/turcon.es\/wp\/segunda-ruta-infantil-de-turcon\/embed\/#?secret=IvwYkbdfJH\" width=\"600\" height=\"338\" title=\"\u00abSegunda ruta infantil de Turc\u00f3n.\u00bb \u2014 Colectivo Ecologista Turcon\" data-secret=\"IvwYkbdfJH\" frameborder=\"0\" marginwidth=\"0\" marginheight=\"0\" scrolling=\"no\" class=\"wp-embedded-content\"><\/iframe><script>\n\/*! This file is auto-generated *\/\n!function(d,l){\"use strict\";l.querySelector&&d.addEventListener&&\"undefined\"!=typeof URL&&(d.wp=d.wp||{},d.wp.receiveEmbedMessage||(d.wp.receiveEmbedMessage=function(e){var t=e.data;if((t||t.secret||t.message||t.value)&&!\/[^a-zA-Z0-9]\/.test(t.secret)){for(var s,r,n,a=l.querySelectorAll('iframe[data-secret=\"'+t.secret+'\"]'),o=l.querySelectorAll('blockquote[data-secret=\"'+t.secret+'\"]'),c=new RegExp(\"^https?:$\",\"i\"),i=0;i<o.length;i++)o[i].style.display=\"none\";for(i=0;i<a.length;i++)s=a[i],e.source===s.contentWindow&&(s.removeAttribute(\"style\"),\"height\"===t.message?(1e3<(r=parseInt(t.value,10))?r=1e3:~~r<200&&(r=200),s.height=r):\"link\"===t.message&&(r=new URL(s.getAttribute(\"src\")),n=new URL(t.value),c.test(n.protocol))&&n.host===r.host&&l.activeElement===s&&(d.top.location.href=t.value))}},d.addEventListener(\"message\",d.wp.receiveEmbedMessage,!1),l.addEventListener(\"DOMContentLoaded\",function(){for(var e,t,s=l.querySelectorAll(\"iframe.wp-embedded-content\"),r=0;r<s.length;r++)(t=(e=s[r]).getAttribute(\"data-secret\"))||(t=Math.random().toString(36).substring(2,12),e.src+=\"#?secret=\"+t,e.setAttribute(\"data-secret\",t)),e.contentWindow.postMessage({message:\"ready\",secret:t},\"*\")},!1)))}(window,document);\n\/\/# sourceURL=https:\/\/turcon.es\/wp\/wp-includes\/js\/wp-embed.min.js\n<\/script>\n","description":"Con m\u00e1s de 25 ni\u00f1os, las rutas infantiles programadas por Turc\u00f3n para este a\u00f1o 2013, est\u00e1n tomando cuerpo y, con una participaci\u00f3n que roza el overbooking, van cumpliendo sus objetivos. No obstante, la planificada para ayer s\u00e1bado en Caldera Los Marteles-Guayadeque se tuvo que cambiar por el tiempo frio y lluvioso que hizo en la [&hellip;]","thumbnail_url":"https:\/\/turcon.es\/wp\/wp-content\/uploads\/2013\/02\/red1.jpg","thumbnail_width":363,"thumbnail_height":272}

Segunda ruta infantil de Turcón. - Colectivo Ecologista Turcon

<blockquote class="wp-embedded-content" data-secret="IvwYkbdfJH"><a href="https://turcon.es/wp/segunda-ruta-infantil-de-turcon/">Segunda ruta infantil de Turcón.</a></blockquote><iframe sandbox="allow-scripts" security="restricted" src="https://turcon.es/wp/segunda-ruta-infantil-de-turcon/embed/#?secret=IvwYkbdfJH" width="600" height="338" title="«Segunda ruta infantil de Turcón.» — Colectivo Ecologista Turcon" data-secret="IvwYkbdfJH" frameborder="0" marginwidth="0" marginheight="0" scrolling="no" class="wp-embedded-content"></iframe><script>
/*! This file is auto-generated */
!function(d,l){"use strict";l.querySelector&&d.addEventListener&&"undefined"!=typeof URL&&(d.wp=d.wp||{},d.wp.receiveEmbedMessage||(d.wp.receiveEmbedMessage=function(e){var t=e.data;if((t||t.secret||t.message||t.value)&&!/[^a-zA-Z0-9]/.test(t.secret)){for(var s,r,n,a=l.querySelectorAll('iframe[data-secret="'+t.secret+'"]'),o=l.querySelectorAll('blockquote[data-secret="'+t.secret+'"]'),c=new RegExp("^https?:$","i"),i=0;i<o.length;i++)o[i].style.display="none";for(i=0;i<a.length;i++)s=a[i],e.source===s.contentWindow&&(s.removeAttribute("style"),"height"===t.message?(1e3<(r=parseInt(t.value,10))?r=1e3:~~r<200&&(r=200),s.height=r):"link"===t.message&&(r=new URL(s.getAttribute("src")),n=new URL(t.value),c.test(n.protocol))&&n.host===r.host&&l.activeElement===s&&(d.top.location.href=t.value))}},d.addEventListener("message",d.wp.receiveEmbedMessage,!1),l.addEventListener("DOMContentLoaded",function(){for(var e,t,s=l.querySelectorAll("iframe.wp-embedded-content"),r=0;r<s.length;r++)(t=(e=s[r]).getAttribute("data-secret"))||(t=Math.random().toString(36).substring(2,12),e.src+="#?secret="+t,e.setAttribute("data-secret",t)),e.contentWindow.postMessage({message:"ready",secret:t},"*")},!1)))}(window,document);
//# sourceURL=https://turcon.es/wp/wp-includes/js/wp-embed.min.js
</script>

Con más de 25 niños, las rutas infantiles programadas por Turcón para este año 2013, están tomando cuerpo y, con una participación que roza el overbooking, van cumpliendo sus objetivos. No obstante, la planificada para ayer sábado en Caldera Los Marteles-Guayadeque se tuvo que cambiar por el tiempo frio y lluvioso que hizo en la [&hellip;]
