{"version":"1.0","provider_name":"Colectivo Ecologista Turcon","provider_url":"https:\/\/turcon.es\/wp","author_name":"Laura Fernandez","author_url":"https:\/\/turcon.es\/wp\/author\/admturcon\/","title":"Selva de Doramas especial Noruega - Colectivo Ecologista Turcon","type":"rich","width":600,"height":338,"html":"<blockquote class=\"wp-embedded-content\" data-secret=\"VPIREhl4D1\"><a href=\"https:\/\/turcon.es\/wp\/selva-de-doramas-especial-noruega\/\">Selva de Doramas especial Noruega<\/a><\/blockquote><iframe sandbox=\"allow-scripts\" security=\"restricted\" src=\"https:\/\/turcon.es\/wp\/selva-de-doramas-especial-noruega\/embed\/#?secret=VPIREhl4D1\" width=\"600\" height=\"338\" title=\"\u00abSelva de Doramas especial Noruega\u00bb \u2014 Colectivo Ecologista Turcon\" data-secret=\"VPIREhl4D1\" frameborder=\"0\" marginwidth=\"0\" marginheight=\"0\" scrolling=\"no\" class=\"wp-embedded-content\"><\/iframe><script>\n\/*! This file is auto-generated *\/\n!function(d,l){\"use strict\";l.querySelector&&d.addEventListener&&\"undefined\"!=typeof URL&&(d.wp=d.wp||{},d.wp.receiveEmbedMessage||(d.wp.receiveEmbedMessage=function(e){var t=e.data;if((t||t.secret||t.message||t.value)&&!\/[^a-zA-Z0-9]\/.test(t.secret)){for(var s,r,n,a=l.querySelectorAll('iframe[data-secret=\"'+t.secret+'\"]'),o=l.querySelectorAll('blockquote[data-secret=\"'+t.secret+'\"]'),c=new RegExp(\"^https?:$\",\"i\"),i=0;i<o.length;i++)o[i].style.display=\"none\";for(i=0;i<a.length;i++)s=a[i],e.source===s.contentWindow&&(s.removeAttribute(\"style\"),\"height\"===t.message?(1e3<(r=parseInt(t.value,10))?r=1e3:~~r<200&&(r=200),s.height=r):\"link\"===t.message&&(r=new URL(s.getAttribute(\"src\")),n=new URL(t.value),c.test(n.protocol))&&n.host===r.host&&l.activeElement===s&&(d.top.location.href=t.value))}},d.addEventListener(\"message\",d.wp.receiveEmbedMessage,!1),l.addEventListener(\"DOMContentLoaded\",function(){for(var e,t,s=l.querySelectorAll(\"iframe.wp-embedded-content\"),r=0;r<s.length;r++)(t=(e=s[r]).getAttribute(\"data-secret\"))||(t=Math.random().toString(36).substring(2,12),e.src+=\"#?secret=\"+t,e.setAttribute(\"data-secret\",t)),e.contentWindow.postMessage({message:\"ready\",secret:t},\"*\")},!1)))}(window,document);\n\/\/# sourceURL=https:\/\/turcon.es\/wp\/wp-includes\/js\/wp-embed.min.js\n<\/script>\n","description":"Un programa radi\u00f3fonico que se adentra en la realidad natural, social y politica de Noruega donde han estado los componentes de Turc\u00f3n en el viaje de verano de la asociaci\u00f3n. Esta semana en nuestro programa de radio realizaremos un especial sobre este pa\u00eds escandinavo. Contaremos con \u00c1lvaro Monz\u00f3n y Juan Jim\u00e9nez protagonistas del viaje organizado [&hellip;]","thumbnail_url":"https:\/\/turcon.es\/wp\/wp-content\/uploads\/2011\/09\/norway-recortada-1.jpg","thumbnail_width":400,"thumbnail_height":300}

Un programa radiófonico que se adentra en la realidad natural, social y politica de Noruega donde han estado los componentes de Turcón en el viaje de verano de la asociación. Esta semana en nuestro programa de radio realizaremos un especial sobre este país escandinavo. Contaremos con Álvaro Monzón y Juan Jiménez protagonistas del viaje organizado [&hellip;]
