{"version":"1.0","provider_name":"Colectivo Ecologista Turcon","provider_url":"https:\/\/turcon.es\/wp","author_name":"Laura Fernandez","author_url":"https:\/\/turcon.es\/wp\/author\/admturcon\/","title":"Sentencia sobre el Plan General de G\u00e1ldar - Colectivo Ecologista Turcon","type":"rich","width":600,"height":338,"html":"<blockquote class=\"wp-embedded-content\" data-secret=\"TEWBjZ53io\"><a href=\"https:\/\/turcon.es\/wp\/sentencia-sobre-el-plan-general-de-galdar\/\">Sentencia sobre el Plan General de G\u00e1ldar<\/a><\/blockquote><iframe sandbox=\"allow-scripts\" security=\"restricted\" src=\"https:\/\/turcon.es\/wp\/sentencia-sobre-el-plan-general-de-galdar\/embed\/#?secret=TEWBjZ53io\" width=\"600\" height=\"338\" title=\"\u00abSentencia sobre el Plan General de G\u00e1ldar\u00bb \u2014 Colectivo Ecologista Turcon\" data-secret=\"TEWBjZ53io\" frameborder=\"0\" marginwidth=\"0\" marginheight=\"0\" scrolling=\"no\" class=\"wp-embedded-content\"><\/iframe><script>\n\/*! This file is auto-generated *\/\n!function(d,l){\"use strict\";l.querySelector&&d.addEventListener&&\"undefined\"!=typeof URL&&(d.wp=d.wp||{},d.wp.receiveEmbedMessage||(d.wp.receiveEmbedMessage=function(e){var t=e.data;if((t||t.secret||t.message||t.value)&&!\/[^a-zA-Z0-9]\/.test(t.secret)){for(var s,r,n,a=l.querySelectorAll('iframe[data-secret=\"'+t.secret+'\"]'),o=l.querySelectorAll('blockquote[data-secret=\"'+t.secret+'\"]'),c=new RegExp(\"^https?:$\",\"i\"),i=0;i<o.length;i++)o[i].style.display=\"none\";for(i=0;i<a.length;i++)s=a[i],e.source===s.contentWindow&&(s.removeAttribute(\"style\"),\"height\"===t.message?(1e3<(r=parseInt(t.value,10))?r=1e3:~~r<200&&(r=200),s.height=r):\"link\"===t.message&&(r=new URL(s.getAttribute(\"src\")),n=new URL(t.value),c.test(n.protocol))&&n.host===r.host&&l.activeElement===s&&(d.top.location.href=t.value))}},d.addEventListener(\"message\",d.wp.receiveEmbedMessage,!1),l.addEventListener(\"DOMContentLoaded\",function(){for(var e,t,s=l.querySelectorAll(\"iframe.wp-embedded-content\"),r=0;r<s.length;r++)(t=(e=s[r]).getAttribute(\"data-secret\"))||(t=Math.random().toString(36).substring(2,12),e.src+=\"#?secret=\"+t,e.setAttribute(\"data-secret\",t)),e.contentWindow.postMessage({message:\"ready\",secret:t},\"*\")},!1)))}(window,document);\n\/\/# sourceURL=https:\/\/turcon.es\/wp\/wp-includes\/js\/wp-embed.min.js\n<\/script>\n","description":"Esta Sentencia resuelve los recursos de casaci\u00f3n interpuestos por la Comunidad Aut\u00f3noma de Canarias y por el Ayuntamiento de G\u00e1ldar contra la Sentencia de la Secci\u00f3n 2\u00aa de la Sala de lo Contencioso-Administrativo del Tribunal Superior de Justicia de Canarias (sede Las Palmas), de\u00a0 9 de diciembre de 2009. Dicha Sentencia estimaba parcialmente el recurso [&hellip;]","thumbnail_url":"https:\/\/turcon.es\/wp\/wp-content\/uploads\/2013\/09\/galdar.jpg","thumbnail_width":296,"thumbnail_height":160}

Sentencia sobre el Plan General de Gáldar - Colectivo Ecologista Turcon

<blockquote class="wp-embedded-content" data-secret="TEWBjZ53io"><a href="https://turcon.es/wp/sentencia-sobre-el-plan-general-de-galdar/">Sentencia sobre el Plan General de Gáldar</a></blockquote><iframe sandbox="allow-scripts" security="restricted" src="https://turcon.es/wp/sentencia-sobre-el-plan-general-de-galdar/embed/#?secret=TEWBjZ53io" width="600" height="338" title="«Sentencia sobre el Plan General de Gáldar» — Colectivo Ecologista Turcon" data-secret="TEWBjZ53io" frameborder="0" marginwidth="0" marginheight="0" scrolling="no" class="wp-embedded-content"></iframe><script>
/*! This file is auto-generated */
!function(d,l){"use strict";l.querySelector&&d.addEventListener&&"undefined"!=typeof URL&&(d.wp=d.wp||{},d.wp.receiveEmbedMessage||(d.wp.receiveEmbedMessage=function(e){var t=e.data;if((t||t.secret||t.message||t.value)&&!/[^a-zA-Z0-9]/.test(t.secret)){for(var s,r,n,a=l.querySelectorAll('iframe[data-secret="'+t.secret+'"]'),o=l.querySelectorAll('blockquote[data-secret="'+t.secret+'"]'),c=new RegExp("^https?:$","i"),i=0;i<o.length;i++)o[i].style.display="none";for(i=0;i<a.length;i++)s=a[i],e.source===s.contentWindow&&(s.removeAttribute("style"),"height"===t.message?(1e3<(r=parseInt(t.value,10))?r=1e3:~~r<200&&(r=200),s.height=r):"link"===t.message&&(r=new URL(s.getAttribute("src")),n=new URL(t.value),c.test(n.protocol))&&n.host===r.host&&l.activeElement===s&&(d.top.location.href=t.value))}},d.addEventListener("message",d.wp.receiveEmbedMessage,!1),l.addEventListener("DOMContentLoaded",function(){for(var e,t,s=l.querySelectorAll("iframe.wp-embedded-content"),r=0;r<s.length;r++)(t=(e=s[r]).getAttribute("data-secret"))||(t=Math.random().toString(36).substring(2,12),e.src+="#?secret="+t,e.setAttribute("data-secret",t)),e.contentWindow.postMessage({message:"ready",secret:t},"*")},!1)))}(window,document);
//# sourceURL=https://turcon.es/wp/wp-includes/js/wp-embed.min.js
</script>

Esta Sentencia resuelve los recursos de casación interpuestos por la Comunidad Autónoma de Canarias y por el Ayuntamiento de Gáldar contra la Sentencia de la Sección 2ª de la Sala de lo Contencioso-Administrativo del Tribunal Superior de Justicia de Canarias (sede Las Palmas), de  9 de diciembre de 2009. Dicha Sentencia estimaba parcialmente el recurso [&hellip;]
