{"version":"1.0","provider_name":"Colectivo Ecologista Turcon","provider_url":"https:\/\/turcon.es\/wp","author_name":"Laura Fernandez","author_url":"https:\/\/turcon.es\/wp\/author\/admturcon\/","title":"Sobre la sostenibilidad del turismo, - Colectivo Ecologista Turcon","type":"rich","width":600,"height":338,"html":"<blockquote class=\"wp-embedded-content\" data-secret=\"tcB6gI0GAM\"><a href=\"https:\/\/turcon.es\/wp\/sobre-la-sostenibilidad-del-turismo\/\">Sobre la sostenibilidad del turismo,<\/a><\/blockquote><iframe sandbox=\"allow-scripts\" security=\"restricted\" src=\"https:\/\/turcon.es\/wp\/sobre-la-sostenibilidad-del-turismo\/embed\/#?secret=tcB6gI0GAM\" width=\"600\" height=\"338\" title=\"\u00abSobre la sostenibilidad del turismo,\u00bb \u2014 Colectivo Ecologista Turcon\" data-secret=\"tcB6gI0GAM\" frameborder=\"0\" marginwidth=\"0\" marginheight=\"0\" scrolling=\"no\" class=\"wp-embedded-content\"><\/iframe><script>\n\/*! This file is auto-generated *\/\n!function(d,l){\"use strict\";l.querySelector&&d.addEventListener&&\"undefined\"!=typeof URL&&(d.wp=d.wp||{},d.wp.receiveEmbedMessage||(d.wp.receiveEmbedMessage=function(e){var t=e.data;if((t||t.secret||t.message||t.value)&&!\/[^a-zA-Z0-9]\/.test(t.secret)){for(var s,r,n,a=l.querySelectorAll('iframe[data-secret=\"'+t.secret+'\"]'),o=l.querySelectorAll('blockquote[data-secret=\"'+t.secret+'\"]'),c=new RegExp(\"^https?:$\",\"i\"),i=0;i<o.length;i++)o[i].style.display=\"none\";for(i=0;i<a.length;i++)s=a[i],e.source===s.contentWindow&&(s.removeAttribute(\"style\"),\"height\"===t.message?(1e3<(r=parseInt(t.value,10))?r=1e3:~~r<200&&(r=200),s.height=r):\"link\"===t.message&&(r=new URL(s.getAttribute(\"src\")),n=new URL(t.value),c.test(n.protocol))&&n.host===r.host&&l.activeElement===s&&(d.top.location.href=t.value))}},d.addEventListener(\"message\",d.wp.receiveEmbedMessage,!1),l.addEventListener(\"DOMContentLoaded\",function(){for(var e,t,s=l.querySelectorAll(\"iframe.wp-embedded-content\"),r=0;r<s.length;r++)(t=(e=s[r]).getAttribute(\"data-secret\"))||(t=Math.random().toString(36).substring(2,12),e.src+=\"#?secret=\"+t,e.setAttribute(\"data-secret\",t)),e.contentWindow.postMessage({message:\"ready\",secret:t},\"*\")},!1)))}(window,document);\n\/\/# sourceURL=https:\/\/turcon.es\/wp\/wp-includes\/js\/wp-embed.min.js\n<\/script>\n","description":"Sobre la sostenibilidad del turismo, el alquiler vacacional, y el mercado. \u00bfEs verdaderamente tan liberal defender la propiedad privada\u200b como un valor absoluto\u200b\u00a0? publicamos art\u00edculo de opini\u00f3n de Manuel \u00c1ngel Santana Tur\u00e9gano,\u00a0\u200bProfesor de Sociolog\u00eda, ULL. Presidente del Comit\u00e9 de Investigaci\u00f3n en Sociolog\u00eda Econ\u00f3mica,\u00a0Federaci\u00f3n Espa\u00f1ola de Sociolog\u00eda\u200b. En los \u00faltimos tiempos se han producido diversos debates [&hellip;]","thumbnail_url":"https:\/\/turcon.es\/wp\/wp-content\/uploads\/2008\/09\/pinopilanconescortado-1.jpg","thumbnail_width":600,"thumbnail_height":425}

Sobre la sostenibilidad del turismo, el alquiler vacacional, y el mercado. ¿Es verdaderamente tan liberal defender la propiedad privada​ como un valor absoluto​ ? publicamos artículo de opinión de Manuel Ángel Santana Turégano, ​Profesor de Sociología, ULL. Presidente del Comité de Investigación en Sociología Económica, Federación Española de Sociología​. En los últimos tiempos se han producido diversos debates [&hellip;]
