{"version":"1.0","provider_name":"Colectivo Ecologista Turcon","provider_url":"https:\/\/turcon.es\/wp","author_name":"Laura Fernandez","author_url":"https:\/\/turcon.es\/wp\/author\/admturcon\/","title":"Subida al p\u00falpito de Monta\u00f1a de Las Lobas - Colectivo Ecologista Turcon","type":"rich","width":600,"height":338,"html":"<blockquote class=\"wp-embedded-content\" data-secret=\"0liXkXVgIu\"><a href=\"https:\/\/turcon.es\/wp\/subida-al-pulpito-de-montana-de-las-lobas\/\">Subida al p\u00falpito de Monta\u00f1a de Las Lobas<\/a><\/blockquote><iframe sandbox=\"allow-scripts\" security=\"restricted\" src=\"https:\/\/turcon.es\/wp\/subida-al-pulpito-de-montana-de-las-lobas\/embed\/#?secret=0liXkXVgIu\" width=\"600\" height=\"338\" title=\"\u00abSubida al p\u00falpito de Monta\u00f1a de Las Lobas\u00bb \u2014 Colectivo Ecologista Turcon\" data-secret=\"0liXkXVgIu\" frameborder=\"0\" marginwidth=\"0\" marginheight=\"0\" scrolling=\"no\" class=\"wp-embedded-content\"><\/iframe><script>\n\/*! This file is auto-generated *\/\n!function(d,l){\"use strict\";l.querySelector&&d.addEventListener&&\"undefined\"!=typeof URL&&(d.wp=d.wp||{},d.wp.receiveEmbedMessage||(d.wp.receiveEmbedMessage=function(e){var t=e.data;if((t||t.secret||t.message||t.value)&&!\/[^a-zA-Z0-9]\/.test(t.secret)){for(var s,r,n,a=l.querySelectorAll('iframe[data-secret=\"'+t.secret+'\"]'),o=l.querySelectorAll('blockquote[data-secret=\"'+t.secret+'\"]'),c=new RegExp(\"^https?:$\",\"i\"),i=0;i<o.length;i++)o[i].style.display=\"none\";for(i=0;i<a.length;i++)s=a[i],e.source===s.contentWindow&&(s.removeAttribute(\"style\"),\"height\"===t.message?(1e3<(r=parseInt(t.value,10))?r=1e3:~~r<200&&(r=200),s.height=r):\"link\"===t.message&&(r=new URL(s.getAttribute(\"src\")),n=new URL(t.value),c.test(n.protocol))&&n.host===r.host&&l.activeElement===s&&(d.top.location.href=t.value))}},d.addEventListener(\"message\",d.wp.receiveEmbedMessage,!1),l.addEventListener(\"DOMContentLoaded\",function(){for(var e,t,s=l.querySelectorAll(\"iframe.wp-embedded-content\"),r=0;r<s.length;r++)(t=(e=s[r]).getAttribute(\"data-secret\"))||(t=Math.random().toString(36).substring(2,12),e.src+=\"#?secret=\"+t,e.setAttribute(\"data-secret\",t)),e.contentWindow.postMessage({message:\"ready\",secret:t},\"*\")},!1)))}(window,document);\n\/\/# sourceURL=https:\/\/turcon.es\/wp\/wp-includes\/js\/wp-embed.min.js\n<\/script>\n","description":"La ruta de Turc\u00f3n celebrada en el d\u00eda de ayer culmin\u00f3 en el p\u00falpito, una planicie rocosa en la primera plataforma de la monta\u00f1a de Las Lobas. 49 personas realizaron el itinerario propuesto por los gu\u00edas de Turc\u00f3n. Sobre las 17:10 horas concluy\u00f3 la visita en La Aldea de San Nicol\u00e1s. Como en todas las [&hellip;]","thumbnail_url":"https:\/\/turcon.es\/wp\/wp-content\/uploads\/2013\/03\/dsc01886.jpg","thumbnail_width":400,"thumbnail_height":533}

Subida al púlpito de Montaña de Las Lobas - Colectivo Ecologista Turcon

<blockquote class="wp-embedded-content" data-secret="0liXkXVgIu"><a href="https://turcon.es/wp/subida-al-pulpito-de-montana-de-las-lobas/">Subida al púlpito de Montaña de Las Lobas</a></blockquote><iframe sandbox="allow-scripts" security="restricted" src="https://turcon.es/wp/subida-al-pulpito-de-montana-de-las-lobas/embed/#?secret=0liXkXVgIu" width="600" height="338" title="«Subida al púlpito de Montaña de Las Lobas» — Colectivo Ecologista Turcon" data-secret="0liXkXVgIu" frameborder="0" marginwidth="0" marginheight="0" scrolling="no" class="wp-embedded-content"></iframe><script>
/*! This file is auto-generated */
!function(d,l){"use strict";l.querySelector&&d.addEventListener&&"undefined"!=typeof URL&&(d.wp=d.wp||{},d.wp.receiveEmbedMessage||(d.wp.receiveEmbedMessage=function(e){var t=e.data;if((t||t.secret||t.message||t.value)&&!/[^a-zA-Z0-9]/.test(t.secret)){for(var s,r,n,a=l.querySelectorAll('iframe[data-secret="'+t.secret+'"]'),o=l.querySelectorAll('blockquote[data-secret="'+t.secret+'"]'),c=new RegExp("^https?:$","i"),i=0;i<o.length;i++)o[i].style.display="none";for(i=0;i<a.length;i++)s=a[i],e.source===s.contentWindow&&(s.removeAttribute("style"),"height"===t.message?(1e3<(r=parseInt(t.value,10))?r=1e3:~~r<200&&(r=200),s.height=r):"link"===t.message&&(r=new URL(s.getAttribute("src")),n=new URL(t.value),c.test(n.protocol))&&n.host===r.host&&l.activeElement===s&&(d.top.location.href=t.value))}},d.addEventListener("message",d.wp.receiveEmbedMessage,!1),l.addEventListener("DOMContentLoaded",function(){for(var e,t,s=l.querySelectorAll("iframe.wp-embedded-content"),r=0;r<s.length;r++)(t=(e=s[r]).getAttribute("data-secret"))||(t=Math.random().toString(36).substring(2,12),e.src+="#?secret="+t,e.setAttribute("data-secret",t)),e.contentWindow.postMessage({message:"ready",secret:t},"*")},!1)))}(window,document);
//# sourceURL=https://turcon.es/wp/wp-includes/js/wp-embed.min.js
</script>

La ruta de Turcón celebrada en el día de ayer culminó en el púlpito, una planicie rocosa en la primera plataforma de la montaña de Las Lobas. 49 personas realizaron el itinerario propuesto por los guías de Turcón. Sobre las 17:10 horas concluyó la visita en La Aldea de San Nicolás. Como en todas las [&hellip;]
