{"version":"1.0","provider_name":"Colectivo Ecologista Turcon","provider_url":"https:\/\/turcon.es\/wp","author_name":"Laura Fernandez","author_url":"https:\/\/turcon.es\/wp\/author\/admturcon\/","title":"Telef\u00e9rico, desarrollo y sentido com\u00fan - Colectivo Ecologista Turcon","type":"rich","width":600,"height":338,"html":"<blockquote class=\"wp-embedded-content\" data-secret=\"q0IhIZ3WU6\"><a href=\"https:\/\/turcon.es\/wp\/teleferico-desarrollo-y-sentido-comun\/\">Telef\u00e9rico, desarrollo y sentido com\u00fan<\/a><\/blockquote><iframe sandbox=\"allow-scripts\" security=\"restricted\" src=\"https:\/\/turcon.es\/wp\/teleferico-desarrollo-y-sentido-comun\/embed\/#?secret=q0IhIZ3WU6\" width=\"600\" height=\"338\" title=\"\u00abTelef\u00e9rico, desarrollo y sentido com\u00fan\u00bb \u2014 Colectivo Ecologista Turcon\" data-secret=\"q0IhIZ3WU6\" frameborder=\"0\" marginwidth=\"0\" marginheight=\"0\" scrolling=\"no\" class=\"wp-embedded-content\"><\/iframe><script>\n\/*! This file is auto-generated *\/\n!function(d,l){\"use strict\";l.querySelector&&d.addEventListener&&\"undefined\"!=typeof URL&&(d.wp=d.wp||{},d.wp.receiveEmbedMessage||(d.wp.receiveEmbedMessage=function(e){var t=e.data;if((t||t.secret||t.message||t.value)&&!\/[^a-zA-Z0-9]\/.test(t.secret)){for(var s,r,n,a=l.querySelectorAll('iframe[data-secret=\"'+t.secret+'\"]'),o=l.querySelectorAll('blockquote[data-secret=\"'+t.secret+'\"]'),c=new RegExp(\"^https?:$\",\"i\"),i=0;i<o.length;i++)o[i].style.display=\"none\";for(i=0;i<a.length;i++)s=a[i],e.source===s.contentWindow&&(s.removeAttribute(\"style\"),\"height\"===t.message?(1e3<(r=parseInt(t.value,10))?r=1e3:~~r<200&&(r=200),s.height=r):\"link\"===t.message&&(r=new URL(s.getAttribute(\"src\")),n=new URL(t.value),c.test(n.protocol))&&n.host===r.host&&l.activeElement===s&&(d.top.location.href=t.value))}},d.addEventListener(\"message\",d.wp.receiveEmbedMessage,!1),l.addEventListener(\"DOMContentLoaded\",function(){for(var e,t,s=l.querySelectorAll(\"iframe.wp-embedded-content\"),r=0;r<s.length;r++)(t=(e=s[r]).getAttribute(\"data-secret\"))||(t=Math.random().toString(36).substring(2,12),e.src+=\"#?secret=\"+t,e.setAttribute(\"data-secret\",t)),e.contentWindow.postMessage({message:\"ready\",secret:t},\"*\")},!1)))}(window,document);\n\/\/# sourceURL=https:\/\/turcon.es\/wp\/wp-includes\/js\/wp-embed.min.js\n<\/script>\n","description":"Faustino Garc\u00eda M\u00e1rquez La Provincia, 23-03-2010 En el Nublo no se puede instalar un telef\u00e9rico. Entre otras razones, porque lo proh\u00edben expresamente las Normas de Conservaci\u00f3n de este Monumento Natural, que fueron aprobadas en diciembre pasado por la Cotmac y entraron en vigor hace dos meses, tras publicarse en el Bolet\u00edn Oficial de Canarias. En [&hellip;]","thumbnail_url":"https:\/\/turcon.es\/wp\/wp-content\/uploads\/2010\/03\/telefericoteide-1.jpg","thumbnail_width":296,"thumbnail_height":400}

Teleférico, desarrollo y sentido común - Colectivo Ecologista Turcon

<blockquote class="wp-embedded-content" data-secret="q0IhIZ3WU6"><a href="https://turcon.es/wp/teleferico-desarrollo-y-sentido-comun/">Teleférico, desarrollo y sentido común</a></blockquote><iframe sandbox="allow-scripts" security="restricted" src="https://turcon.es/wp/teleferico-desarrollo-y-sentido-comun/embed/#?secret=q0IhIZ3WU6" width="600" height="338" title="«Teleférico, desarrollo y sentido común» — Colectivo Ecologista Turcon" data-secret="q0IhIZ3WU6" frameborder="0" marginwidth="0" marginheight="0" scrolling="no" class="wp-embedded-content"></iframe><script>
/*! This file is auto-generated */
!function(d,l){"use strict";l.querySelector&&d.addEventListener&&"undefined"!=typeof URL&&(d.wp=d.wp||{},d.wp.receiveEmbedMessage||(d.wp.receiveEmbedMessage=function(e){var t=e.data;if((t||t.secret||t.message||t.value)&&!/[^a-zA-Z0-9]/.test(t.secret)){for(var s,r,n,a=l.querySelectorAll('iframe[data-secret="'+t.secret+'"]'),o=l.querySelectorAll('blockquote[data-secret="'+t.secret+'"]'),c=new RegExp("^https?:$","i"),i=0;i<o.length;i++)o[i].style.display="none";for(i=0;i<a.length;i++)s=a[i],e.source===s.contentWindow&&(s.removeAttribute("style"),"height"===t.message?(1e3<(r=parseInt(t.value,10))?r=1e3:~~r<200&&(r=200),s.height=r):"link"===t.message&&(r=new URL(s.getAttribute("src")),n=new URL(t.value),c.test(n.protocol))&&n.host===r.host&&l.activeElement===s&&(d.top.location.href=t.value))}},d.addEventListener("message",d.wp.receiveEmbedMessage,!1),l.addEventListener("DOMContentLoaded",function(){for(var e,t,s=l.querySelectorAll("iframe.wp-embedded-content"),r=0;r<s.length;r++)(t=(e=s[r]).getAttribute("data-secret"))||(t=Math.random().toString(36).substring(2,12),e.src+="#?secret="+t,e.setAttribute("data-secret",t)),e.contentWindow.postMessage({message:"ready",secret:t},"*")},!1)))}(window,document);
//# sourceURL=https://turcon.es/wp/wp-includes/js/wp-embed.min.js
</script>

Faustino García Márquez La Provincia, 23-03-2010 En el Nublo no se puede instalar un teleférico. Entre otras razones, porque lo prohíben expresamente las Normas de Conservación de este Monumento Natural, que fueron aprobadas en diciembre pasado por la Cotmac y entraron en vigor hace dos meses, tras publicarse en el Boletín Oficial de Canarias. En [&hellip;]
