{"version":"1.0","provider_name":"Colectivo Ecologista Turcon","provider_url":"https:\/\/turcon.es\/wp","author_name":"Laura Fernandez","author_url":"https:\/\/turcon.es\/wp\/author\/admturcon\/","title":"Turc\u00f3n en el Foro Social de Turismo - Colectivo Ecologista Turcon","type":"rich","width":600,"height":338,"html":"<blockquote class=\"wp-embedded-content\" data-secret=\"LS9PhP8QJT\"><a href=\"https:\/\/turcon.es\/wp\/turcon-en-el-foro-social-de-turismo\/\">Turc\u00f3n en el Foro Social de Turismo<\/a><\/blockquote><iframe sandbox=\"allow-scripts\" security=\"restricted\" src=\"https:\/\/turcon.es\/wp\/turcon-en-el-foro-social-de-turismo\/embed\/#?secret=LS9PhP8QJT\" width=\"600\" height=\"338\" title=\"\u00abTurc\u00f3n en el Foro Social de Turismo\u00bb \u2014 Colectivo Ecologista Turcon\" data-secret=\"LS9PhP8QJT\" frameborder=\"0\" marginwidth=\"0\" marginheight=\"0\" scrolling=\"no\" class=\"wp-embedded-content\"><\/iframe><script>\n\/*! This file is auto-generated *\/\n!function(d,l){\"use strict\";l.querySelector&&d.addEventListener&&\"undefined\"!=typeof URL&&(d.wp=d.wp||{},d.wp.receiveEmbedMessage||(d.wp.receiveEmbedMessage=function(e){var t=e.data;if((t||t.secret||t.message||t.value)&&!\/[^a-zA-Z0-9]\/.test(t.secret)){for(var s,r,n,a=l.querySelectorAll('iframe[data-secret=\"'+t.secret+'\"]'),o=l.querySelectorAll('blockquote[data-secret=\"'+t.secret+'\"]'),c=new RegExp(\"^https?:$\",\"i\"),i=0;i<o.length;i++)o[i].style.display=\"none\";for(i=0;i<a.length;i++)s=a[i],e.source===s.contentWindow&&(s.removeAttribute(\"style\"),\"height\"===t.message?(1e3<(r=parseInt(t.value,10))?r=1e3:~~r<200&&(r=200),s.height=r):\"link\"===t.message&&(r=new URL(s.getAttribute(\"src\")),n=new URL(t.value),c.test(n.protocol))&&n.host===r.host&&l.activeElement===s&&(d.top.location.href=t.value))}},d.addEventListener(\"message\",d.wp.receiveEmbedMessage,!1),l.addEventListener(\"DOMContentLoaded\",function(){for(var e,t,s=l.querySelectorAll(\"iframe.wp-embedded-content\"),r=0;r<s.length;r++)(t=(e=s[r]).getAttribute(\"data-secret\"))||(t=Math.random().toString(36).substring(2,12),e.src+=\"#?secret=\"+t,e.setAttribute(\"data-secret\",t)),e.contentWindow.postMessage({message:\"ready\",secret:t},\"*\")},!1)))}(window,document);\n\/\/# sourceURL=https:\/\/turcon.es\/wp\/wp-includes\/js\/wp-embed.min.js\n<\/script>\n","description":"PROGRAMA DEL II FORO SOCIAL ALTERNATIVO DE TURISMO DE MASPALOMAS. PROGRAMACION DIA 16 DE DICIEMBRE POR LA MA\u00d1ANA.- ACTOS EN EL PALMERAL DEL OASIS DE MASPALOMAS, EN EXPLANADA TRAS LA ESTACI\u00d3N DE GUAGUAS AL LADO DEL HOTEL Se pasa para este d\u00eda 16 la actividad inicialmente prevista para el d\u00eda 15 en el Palmeral del [&hellip;]","thumbnail_url":"https:\/\/turcon.es\/wp\/wp-content\/uploads\/2009\/01\/1224539086681_centro141-2.jpg","thumbnail_width":589,"thumbnail_height":390}

Turcón en el Foro Social de Turismo - Colectivo Ecologista Turcon

<blockquote class="wp-embedded-content" data-secret="LS9PhP8QJT"><a href="https://turcon.es/wp/turcon-en-el-foro-social-de-turismo/">Turcón en el Foro Social de Turismo</a></blockquote><iframe sandbox="allow-scripts" security="restricted" src="https://turcon.es/wp/turcon-en-el-foro-social-de-turismo/embed/#?secret=LS9PhP8QJT" width="600" height="338" title="«Turcón en el Foro Social de Turismo» — Colectivo Ecologista Turcon" data-secret="LS9PhP8QJT" frameborder="0" marginwidth="0" marginheight="0" scrolling="no" class="wp-embedded-content"></iframe><script>
/*! This file is auto-generated */
!function(d,l){"use strict";l.querySelector&&d.addEventListener&&"undefined"!=typeof URL&&(d.wp=d.wp||{},d.wp.receiveEmbedMessage||(d.wp.receiveEmbedMessage=function(e){var t=e.data;if((t||t.secret||t.message||t.value)&&!/[^a-zA-Z0-9]/.test(t.secret)){for(var s,r,n,a=l.querySelectorAll('iframe[data-secret="'+t.secret+'"]'),o=l.querySelectorAll('blockquote[data-secret="'+t.secret+'"]'),c=new RegExp("^https?:$","i"),i=0;i<o.length;i++)o[i].style.display="none";for(i=0;i<a.length;i++)s=a[i],e.source===s.contentWindow&&(s.removeAttribute("style"),"height"===t.message?(1e3<(r=parseInt(t.value,10))?r=1e3:~~r<200&&(r=200),s.height=r):"link"===t.message&&(r=new URL(s.getAttribute("src")),n=new URL(t.value),c.test(n.protocol))&&n.host===r.host&&l.activeElement===s&&(d.top.location.href=t.value))}},d.addEventListener("message",d.wp.receiveEmbedMessage,!1),l.addEventListener("DOMContentLoaded",function(){for(var e,t,s=l.querySelectorAll("iframe.wp-embedded-content"),r=0;r<s.length;r++)(t=(e=s[r]).getAttribute("data-secret"))||(t=Math.random().toString(36).substring(2,12),e.src+="#?secret="+t,e.setAttribute("data-secret",t)),e.contentWindow.postMessage({message:"ready",secret:t},"*")},!1)))}(window,document);
//# sourceURL=https://turcon.es/wp/wp-includes/js/wp-embed.min.js
</script>

PROGRAMA DEL II FORO SOCIAL ALTERNATIVO DE TURISMO DE MASPALOMAS. PROGRAMACION DIA 16 DE DICIEMBRE POR LA MAÑANA.- ACTOS EN EL PALMERAL DEL OASIS DE MASPALOMAS, EN EXPLANADA TRAS LA ESTACIÓN DE GUAGUAS AL LADO DEL HOTEL Se pasa para este día 16 la actividad inicialmente prevista para el día 15 en el Palmeral del [&hellip;]
