{"version":"1.0","provider_name":"Colectivo Ecologista Turcon","provider_url":"https:\/\/turcon.es\/wp","author_name":"Laura Fernandez","author_url":"https:\/\/turcon.es\/wp\/author\/admturcon\/","title":"Turc\u00f3n por un territorio sostenible. - Colectivo Ecologista Turcon","type":"rich","width":600,"height":338,"html":"<blockquote class=\"wp-embedded-content\" data-secret=\"3yLgCs1Qb8\"><a href=\"https:\/\/turcon.es\/wp\/turcon-por-un-territorio-sostenible\/\">Turc\u00f3n por un territorio sostenible.<\/a><\/blockquote><iframe sandbox=\"allow-scripts\" security=\"restricted\" src=\"https:\/\/turcon.es\/wp\/turcon-por-un-territorio-sostenible\/embed\/#?secret=3yLgCs1Qb8\" width=\"600\" height=\"338\" title=\"\u00abTurc\u00f3n por un territorio sostenible.\u00bb \u2014 Colectivo Ecologista Turcon\" data-secret=\"3yLgCs1Qb8\" frameborder=\"0\" marginwidth=\"0\" marginheight=\"0\" scrolling=\"no\" class=\"wp-embedded-content\"><\/iframe><script>\n\/*! This file is auto-generated *\/\n!function(d,l){\"use strict\";l.querySelector&&d.addEventListener&&\"undefined\"!=typeof URL&&(d.wp=d.wp||{},d.wp.receiveEmbedMessage||(d.wp.receiveEmbedMessage=function(e){var t=e.data;if((t||t.secret||t.message||t.value)&&!\/[^a-zA-Z0-9]\/.test(t.secret)){for(var s,r,n,a=l.querySelectorAll('iframe[data-secret=\"'+t.secret+'\"]'),o=l.querySelectorAll('blockquote[data-secret=\"'+t.secret+'\"]'),c=new RegExp(\"^https?:$\",\"i\"),i=0;i<o.length;i++)o[i].style.display=\"none\";for(i=0;i<a.length;i++)s=a[i],e.source===s.contentWindow&&(s.removeAttribute(\"style\"),\"height\"===t.message?(1e3<(r=parseInt(t.value,10))?r=1e3:~~r<200&&(r=200),s.height=r):\"link\"===t.message&&(r=new URL(s.getAttribute(\"src\")),n=new URL(t.value),c.test(n.protocol))&&n.host===r.host&&l.activeElement===s&&(d.top.location.href=t.value))}},d.addEventListener(\"message\",d.wp.receiveEmbedMessage,!1),l.addEventListener(\"DOMContentLoaded\",function(){for(var e,t,s=l.querySelectorAll(\"iframe.wp-embedded-content\"),r=0;r<s.length;r++)(t=(e=s[r]).getAttribute(\"data-secret\"))||(t=Math.random().toString(36).substring(2,12),e.src+=\"#?secret=\"+t,e.setAttribute(\"data-secret\",t)),e.contentWindow.postMessage({message:\"ready\",secret:t},\"*\")},!1)))}(window,document);\n\/\/# sourceURL=https:\/\/turcon.es\/wp\/wp-includes\/js\/wp-embed.min.js\n<\/script>\n","description":"Denuncian \u00abtomadura de pelo\u00bb en la participaci\u00f3n de los reglamentos de la Ley del Suelo. La Plataforma Canarias Territorio Sostenible considera que el Gobierno canario pretende \u00abevitar la participaci\u00f3n efectiva de la ciudadan\u00eda en la regulaci\u00f3n y el gobierno del territorio\u00bb. &nbsp; La Plataforma Canarias Territorio Sostenible denuncia la opacidad del Gobierno canario en la [&hellip;]","thumbnail_url":"https:\/\/turcon.es\/wp\/wp-content\/uploads\/2012\/10\/ultimas-noticias-del-sector-fotovoltaico-l-iwecup-175x1301-1.jpg","thumbnail_width":175,"thumbnail_height":130}

Turcón por un territorio sostenible. - Colectivo Ecologista Turcon

<blockquote class="wp-embedded-content" data-secret="3yLgCs1Qb8"><a href="https://turcon.es/wp/turcon-por-un-territorio-sostenible/">Turcón por un territorio sostenible.</a></blockquote><iframe sandbox="allow-scripts" security="restricted" src="https://turcon.es/wp/turcon-por-un-territorio-sostenible/embed/#?secret=3yLgCs1Qb8" width="600" height="338" title="«Turcón por un territorio sostenible.» — Colectivo Ecologista Turcon" data-secret="3yLgCs1Qb8" frameborder="0" marginwidth="0" marginheight="0" scrolling="no" class="wp-embedded-content"></iframe><script>
/*! This file is auto-generated */
!function(d,l){"use strict";l.querySelector&&d.addEventListener&&"undefined"!=typeof URL&&(d.wp=d.wp||{},d.wp.receiveEmbedMessage||(d.wp.receiveEmbedMessage=function(e){var t=e.data;if((t||t.secret||t.message||t.value)&&!/[^a-zA-Z0-9]/.test(t.secret)){for(var s,r,n,a=l.querySelectorAll('iframe[data-secret="'+t.secret+'"]'),o=l.querySelectorAll('blockquote[data-secret="'+t.secret+'"]'),c=new RegExp("^https?:$","i"),i=0;i<o.length;i++)o[i].style.display="none";for(i=0;i<a.length;i++)s=a[i],e.source===s.contentWindow&&(s.removeAttribute("style"),"height"===t.message?(1e3<(r=parseInt(t.value,10))?r=1e3:~~r<200&&(r=200),s.height=r):"link"===t.message&&(r=new URL(s.getAttribute("src")),n=new URL(t.value),c.test(n.protocol))&&n.host===r.host&&l.activeElement===s&&(d.top.location.href=t.value))}},d.addEventListener("message",d.wp.receiveEmbedMessage,!1),l.addEventListener("DOMContentLoaded",function(){for(var e,t,s=l.querySelectorAll("iframe.wp-embedded-content"),r=0;r<s.length;r++)(t=(e=s[r]).getAttribute("data-secret"))||(t=Math.random().toString(36).substring(2,12),e.src+="#?secret="+t,e.setAttribute("data-secret",t)),e.contentWindow.postMessage({message:"ready",secret:t},"*")},!1)))}(window,document);
//# sourceURL=https://turcon.es/wp/wp-includes/js/wp-embed.min.js
</script>

Denuncian «tomadura de pelo» en la participación de los reglamentos de la Ley del Suelo. La Plataforma Canarias Territorio Sostenible considera que el Gobierno canario pretende «evitar la participación efectiva de la ciudadanía en la regulación y el gobierno del territorio». &nbsp; La Plataforma Canarias Territorio Sostenible denuncia la opacidad del Gobierno canario en la [&hellip;]
