{"version":"1.0","provider_name":"Colectivo Ecologista Turcon","provider_url":"https:\/\/turcon.es\/wp","author_name":"Laura Fernandez","author_url":"https:\/\/turcon.es\/wp\/author\/admturcon\/","title":"Turc\u00f3n por una Monta\u00f1a de Firgas sin asfalto - Colectivo Ecologista Turcon","type":"rich","width":600,"height":338,"html":"<blockquote class=\"wp-embedded-content\" data-secret=\"uYW1lPBR5n\"><a href=\"https:\/\/turcon.es\/wp\/turcon-por-una-montana-de-firgas-sin-asfalto\/\">Turc\u00f3n por una Monta\u00f1a de Firgas sin asfalto<\/a><\/blockquote><iframe sandbox=\"allow-scripts\" security=\"restricted\" src=\"https:\/\/turcon.es\/wp\/turcon-por-una-montana-de-firgas-sin-asfalto\/embed\/#?secret=uYW1lPBR5n\" width=\"600\" height=\"338\" title=\"\u00abTurc\u00f3n por una Monta\u00f1a de Firgas sin asfalto\u00bb \u2014 Colectivo Ecologista Turcon\" data-secret=\"uYW1lPBR5n\" frameborder=\"0\" marginwidth=\"0\" marginheight=\"0\" scrolling=\"no\" class=\"wp-embedded-content\"><\/iframe><script>\n\/*! This file is auto-generated *\/\n!function(d,l){\"use strict\";l.querySelector&&d.addEventListener&&\"undefined\"!=typeof URL&&(d.wp=d.wp||{},d.wp.receiveEmbedMessage||(d.wp.receiveEmbedMessage=function(e){var t=e.data;if((t||t.secret||t.message||t.value)&&!\/[^a-zA-Z0-9]\/.test(t.secret)){for(var s,r,n,a=l.querySelectorAll('iframe[data-secret=\"'+t.secret+'\"]'),o=l.querySelectorAll('blockquote[data-secret=\"'+t.secret+'\"]'),c=new RegExp(\"^https?:$\",\"i\"),i=0;i<o.length;i++)o[i].style.display=\"none\";for(i=0;i<a.length;i++)s=a[i],e.source===s.contentWindow&&(s.removeAttribute(\"style\"),\"height\"===t.message?(1e3<(r=parseInt(t.value,10))?r=1e3:~~r<200&&(r=200),s.height=r):\"link\"===t.message&&(r=new URL(s.getAttribute(\"src\")),n=new URL(t.value),c.test(n.protocol))&&n.host===r.host&&l.activeElement===s&&(d.top.location.href=t.value))}},d.addEventListener(\"message\",d.wp.receiveEmbedMessage,!1),l.addEventListener(\"DOMContentLoaded\",function(){for(var e,t,s=l.querySelectorAll(\"iframe.wp-embedded-content\"),r=0;r<s.length;r++)(t=(e=s[r]).getAttribute(\"data-secret\"))||(t=Math.random().toString(36).substring(2,12),e.src+=\"#?secret=\"+t,e.setAttribute(\"data-secret\",t)),e.contentWindow.postMessage({message:\"ready\",secret:t},\"*\")},!1)))}(window,document);\n\/\/# sourceURL=https:\/\/turcon.es\/wp\/wp-includes\/js\/wp-embed.min.js\n<\/script>\n","description":"Se ha creado una Plataforma para el Desarrollo Sostenible en Firgas para proteger el Parque Rural de Doramas y contra la carretera en la Monta\u00f1a de Firgas. En las \u00faltimas semanas han comenzado las obras de la carretera que cruzar\u00e1 1,5 kms de la Monta\u00f1a de Firgas, en pleno Parque Rural de Doramas. La pol\u00e9mica [&hellip;]","thumbnail_url":"https:\/\/turcon.es\/wp\/wp-content\/uploads\/2009\/01\/img_1152-small-1.jpg","thumbnail_width":640,"thumbnail_height":480}

Turcón por una Montaña de Firgas sin asfalto - Colectivo Ecologista Turcon

<blockquote class="wp-embedded-content" data-secret="uYW1lPBR5n"><a href="https://turcon.es/wp/turcon-por-una-montana-de-firgas-sin-asfalto/">Turcón por una Montaña de Firgas sin asfalto</a></blockquote><iframe sandbox="allow-scripts" security="restricted" src="https://turcon.es/wp/turcon-por-una-montana-de-firgas-sin-asfalto/embed/#?secret=uYW1lPBR5n" width="600" height="338" title="«Turcón por una Montaña de Firgas sin asfalto» — Colectivo Ecologista Turcon" data-secret="uYW1lPBR5n" frameborder="0" marginwidth="0" marginheight="0" scrolling="no" class="wp-embedded-content"></iframe><script>
/*! This file is auto-generated */
!function(d,l){"use strict";l.querySelector&&d.addEventListener&&"undefined"!=typeof URL&&(d.wp=d.wp||{},d.wp.receiveEmbedMessage||(d.wp.receiveEmbedMessage=function(e){var t=e.data;if((t||t.secret||t.message||t.value)&&!/[^a-zA-Z0-9]/.test(t.secret)){for(var s,r,n,a=l.querySelectorAll('iframe[data-secret="'+t.secret+'"]'),o=l.querySelectorAll('blockquote[data-secret="'+t.secret+'"]'),c=new RegExp("^https?:$","i"),i=0;i<o.length;i++)o[i].style.display="none";for(i=0;i<a.length;i++)s=a[i],e.source===s.contentWindow&&(s.removeAttribute("style"),"height"===t.message?(1e3<(r=parseInt(t.value,10))?r=1e3:~~r<200&&(r=200),s.height=r):"link"===t.message&&(r=new URL(s.getAttribute("src")),n=new URL(t.value),c.test(n.protocol))&&n.host===r.host&&l.activeElement===s&&(d.top.location.href=t.value))}},d.addEventListener("message",d.wp.receiveEmbedMessage,!1),l.addEventListener("DOMContentLoaded",function(){for(var e,t,s=l.querySelectorAll("iframe.wp-embedded-content"),r=0;r<s.length;r++)(t=(e=s[r]).getAttribute("data-secret"))||(t=Math.random().toString(36).substring(2,12),e.src+="#?secret="+t,e.setAttribute("data-secret",t)),e.contentWindow.postMessage({message:"ready",secret:t},"*")},!1)))}(window,document);
//# sourceURL=https://turcon.es/wp/wp-includes/js/wp-embed.min.js
</script>

Se ha creado una Plataforma para el Desarrollo Sostenible en Firgas para proteger el Parque Rural de Doramas y contra la carretera en la Montaña de Firgas. En las últimas semanas han comenzado las obras de la carretera que cruzará 1,5 kms de la Montaña de Firgas, en pleno Parque Rural de Doramas. La polémica [&hellip;]
