{"version":"1.0","provider_name":"Colectivo Ecologista Turcon","provider_url":"https:\/\/turcon.es\/wp","author_name":"Laura Fernandez","author_url":"https:\/\/turcon.es\/wp\/author\/admturcon\/","title":"Turc\u00f3n solicita informaci\u00f3n del Islote de Lobos - Colectivo Ecologista Turcon","type":"rich","width":600,"height":338,"html":"<blockquote class=\"wp-embedded-content\" data-secret=\"rXYS33Li8K\"><a href=\"https:\/\/turcon.es\/wp\/turcon-solicita-informacion-del-islote-de-lobos\/\">Turc\u00f3n solicita informaci\u00f3n del Islote de Lobos<\/a><\/blockquote><iframe sandbox=\"allow-scripts\" security=\"restricted\" src=\"https:\/\/turcon.es\/wp\/turcon-solicita-informacion-del-islote-de-lobos\/embed\/#?secret=rXYS33Li8K\" width=\"600\" height=\"338\" title=\"\u00abTurc\u00f3n solicita informaci\u00f3n del Islote de Lobos\u00bb \u2014 Colectivo Ecologista Turcon\" data-secret=\"rXYS33Li8K\" frameborder=\"0\" marginwidth=\"0\" marginheight=\"0\" scrolling=\"no\" class=\"wp-embedded-content\"><\/iframe><script>\n\/*! This file is auto-generated *\/\n!function(d,l){\"use strict\";l.querySelector&&d.addEventListener&&\"undefined\"!=typeof URL&&(d.wp=d.wp||{},d.wp.receiveEmbedMessage||(d.wp.receiveEmbedMessage=function(e){var t=e.data;if((t||t.secret||t.message||t.value)&&!\/[^a-zA-Z0-9]\/.test(t.secret)){for(var s,r,n,a=l.querySelectorAll('iframe[data-secret=\"'+t.secret+'\"]'),o=l.querySelectorAll('blockquote[data-secret=\"'+t.secret+'\"]'),c=new RegExp(\"^https?:$\",\"i\"),i=0;i<o.length;i++)o[i].style.display=\"none\";for(i=0;i<a.length;i++)s=a[i],e.source===s.contentWindow&&(s.removeAttribute(\"style\"),\"height\"===t.message?(1e3<(r=parseInt(t.value,10))?r=1e3:~~r<200&&(r=200),s.height=r):\"link\"===t.message&&(r=new URL(s.getAttribute(\"src\")),n=new URL(t.value),c.test(n.protocol))&&n.host===r.host&&l.activeElement===s&&(d.top.location.href=t.value))}},d.addEventListener(\"message\",d.wp.receiveEmbedMessage,!1),l.addEventListener(\"DOMContentLoaded\",function(){for(var e,t,s=l.querySelectorAll(\"iframe.wp-embedded-content\"),r=0;r<s.length;r++)(t=(e=s[r]).getAttribute(\"data-secret\"))||(t=Math.random().toString(36).substring(2,12),e.src+=\"#?secret=\"+t,e.setAttribute(\"data-secret\",t)),e.contentWindow.postMessage({message:\"ready\",secret:t},\"*\")},!1)))}(window,document);\n\/\/# sourceURL=https:\/\/turcon.es\/wp\/wp-includes\/js\/wp-embed.min.js\n<\/script>\n","description":"Un informe redactado por t\u00e9cnico especialista de la biodiversidad del Gobierno de Canarias qued\u00f3 en la gaveta de un caj\u00f3n de un escritorio del Cabildo de Fuerteventura. El mismo no se tuvo en cuenta para aportarse en la documentaci\u00f3n. Los iniciadores del Cabildo que pretenden aumentar el volumen de visitas al emblem\u00e1tico Espacio Natural se [&hellip;]"}

Turcón solicita información del Islote de Lobos - Colectivo Ecologista Turcon

<blockquote class="wp-embedded-content" data-secret="rXYS33Li8K"><a href="https://turcon.es/wp/turcon-solicita-informacion-del-islote-de-lobos/">Turcón solicita información del Islote de Lobos</a></blockquote><iframe sandbox="allow-scripts" security="restricted" src="https://turcon.es/wp/turcon-solicita-informacion-del-islote-de-lobos/embed/#?secret=rXYS33Li8K" width="600" height="338" title="«Turcón solicita información del Islote de Lobos» — Colectivo Ecologista Turcon" data-secret="rXYS33Li8K" frameborder="0" marginwidth="0" marginheight="0" scrolling="no" class="wp-embedded-content"></iframe><script>
/*! This file is auto-generated */
!function(d,l){"use strict";l.querySelector&&d.addEventListener&&"undefined"!=typeof URL&&(d.wp=d.wp||{},d.wp.receiveEmbedMessage||(d.wp.receiveEmbedMessage=function(e){var t=e.data;if((t||t.secret||t.message||t.value)&&!/[^a-zA-Z0-9]/.test(t.secret)){for(var s,r,n,a=l.querySelectorAll('iframe[data-secret="'+t.secret+'"]'),o=l.querySelectorAll('blockquote[data-secret="'+t.secret+'"]'),c=new RegExp("^https?:$","i"),i=0;i<o.length;i++)o[i].style.display="none";for(i=0;i<a.length;i++)s=a[i],e.source===s.contentWindow&&(s.removeAttribute("style"),"height"===t.message?(1e3<(r=parseInt(t.value,10))?r=1e3:~~r<200&&(r=200),s.height=r):"link"===t.message&&(r=new URL(s.getAttribute("src")),n=new URL(t.value),c.test(n.protocol))&&n.host===r.host&&l.activeElement===s&&(d.top.location.href=t.value))}},d.addEventListener("message",d.wp.receiveEmbedMessage,!1),l.addEventListener("DOMContentLoaded",function(){for(var e,t,s=l.querySelectorAll("iframe.wp-embedded-content"),r=0;r<s.length;r++)(t=(e=s[r]).getAttribute("data-secret"))||(t=Math.random().toString(36).substring(2,12),e.src+="#?secret="+t,e.setAttribute("data-secret",t)),e.contentWindow.postMessage({message:"ready",secret:t},"*")},!1)))}(window,document);
//# sourceURL=https://turcon.es/wp/wp-includes/js/wp-embed.min.js
</script>

Un informe redactado por técnico especialista de la biodiversidad del Gobierno de Canarias quedó en la gaveta de un cajón de un escritorio del Cabildo de Fuerteventura. El mismo no se tuvo en cuenta para aportarse en la documentación. Los iniciadores del Cabildo que pretenden aumentar el volumen de visitas al emblemático Espacio Natural se [&hellip;]
