{"version":"1.0","provider_name":"Colectivo Ecologista Turcon","provider_url":"https:\/\/turcon.es\/wp","author_name":"Laura Fernandez","author_url":"https:\/\/turcon.es\/wp\/author\/admturcon\/","title":"Un informe ambiental no justifica la tercera pista - Colectivo Ecologista Turcon","type":"rich","width":600,"height":338,"html":"<blockquote class=\"wp-embedded-content\" data-secret=\"MI1axyxdej\"><a href=\"https:\/\/turcon.es\/wp\/un-informe-ambiental-no-justifica-la-tercera-pista\/\">Un informe ambiental no justifica la tercera pista<\/a><\/blockquote><iframe sandbox=\"allow-scripts\" security=\"restricted\" src=\"https:\/\/turcon.es\/wp\/un-informe-ambiental-no-justifica-la-tercera-pista\/embed\/#?secret=MI1axyxdej\" width=\"600\" height=\"338\" title=\"\u00abUn informe ambiental no justifica la tercera pista\u00bb \u2014 Colectivo Ecologista Turcon\" data-secret=\"MI1axyxdej\" frameborder=\"0\" marginwidth=\"0\" marginheight=\"0\" scrolling=\"no\" class=\"wp-embedded-content\"><\/iframe><script>\n\/*! This file is auto-generated *\/\n!function(d,l){\"use strict\";l.querySelector&&d.addEventListener&&\"undefined\"!=typeof URL&&(d.wp=d.wp||{},d.wp.receiveEmbedMessage||(d.wp.receiveEmbedMessage=function(e){var t=e.data;if((t||t.secret||t.message||t.value)&&!\/[^a-zA-Z0-9]\/.test(t.secret)){for(var s,r,n,a=l.querySelectorAll('iframe[data-secret=\"'+t.secret+'\"]'),o=l.querySelectorAll('blockquote[data-secret=\"'+t.secret+'\"]'),c=new RegExp(\"^https?:$\",\"i\"),i=0;i<o.length;i++)o[i].style.display=\"none\";for(i=0;i<a.length;i++)s=a[i],e.source===s.contentWindow&&(s.removeAttribute(\"style\"),\"height\"===t.message?(1e3<(r=parseInt(t.value,10))?r=1e3:~~r<200&&(r=200),s.height=r):\"link\"===t.message&&(r=new URL(s.getAttribute(\"src\")),n=new URL(t.value),c.test(n.protocol))&&n.host===r.host&&l.activeElement===s&&(d.top.location.href=t.value))}},d.addEventListener(\"message\",d.wp.receiveEmbedMessage,!1),l.addEventListener(\"DOMContentLoaded\",function(){for(var e,t,s=l.querySelectorAll(\"iframe.wp-embedded-content\"),r=0;r<s.length;r++)(t=(e=s[r]).getAttribute(\"data-secret\"))||(t=Math.random().toString(36).substring(2,12),e.src+=\"#?secret=\"+t,e.setAttribute(\"data-secret\",t)),e.contentWindow.postMessage({message:\"ready\",secret:t},\"*\")},!1)))}(window,document);\n\/\/# sourceURL=https:\/\/turcon.es\/wp\/wp-includes\/js\/wp-embed.min.js\n<\/script>\n","description":"Los concejales de Urbanismo de los ayuntamientos de Ag\u00fcimes, Ingenio y Santa Luc\u00eda, Clara Herrera, Domingo Gonz\u00e1lez y Dunia Gonz\u00e1lez, respectivamente, junto a diversos t\u00e9cnicos de los tres ayuntamientos, se reunieron ayer en Ingenio, con el objetivo de analizar el Informe de Evaluaci\u00f3n Ambiental\u00a0Preliminar de la revisi\u00f3n del Plan Director del Aeropuerto de Gran Canaria, [&hellip;]"}

Los concejales de Urbanismo de los ayuntamientos de Agüimes, Ingenio y Santa Lucía, Clara Herrera, Domingo González y Dunia González, respectivamente, junto a diversos técnicos de los tres ayuntamientos, se reunieron ayer en Ingenio, con el objetivo de analizar el Informe de Evaluación Ambiental Preliminar de la revisión del Plan Director del Aeropuerto de Gran Canaria, [&hellip;]
