{"version":"1.0","provider_name":"Colectivo Ecologista Turcon","provider_url":"https:\/\/turcon.es\/wp","author_name":"Laura Fernandez","author_url":"https:\/\/turcon.es\/wp\/author\/admturcon\/","title":"Un mal a\u00f1o para el planeta - Colectivo Ecologista Turcon","type":"rich","width":600,"height":338,"html":"<blockquote class=\"wp-embedded-content\" data-secret=\"mhwFdiJNGV\"><a href=\"https:\/\/turcon.es\/wp\/un-mal-ano-para-el-planeta\/\">Un mal a\u00f1o para el planeta<\/a><\/blockquote><iframe sandbox=\"allow-scripts\" security=\"restricted\" src=\"https:\/\/turcon.es\/wp\/un-mal-ano-para-el-planeta\/embed\/#?secret=mhwFdiJNGV\" width=\"600\" height=\"338\" title=\"\u00abUn mal a\u00f1o para el planeta\u00bb \u2014 Colectivo Ecologista Turcon\" data-secret=\"mhwFdiJNGV\" frameborder=\"0\" marginwidth=\"0\" marginheight=\"0\" scrolling=\"no\" class=\"wp-embedded-content\"><\/iframe><script>\n\/*! This file is auto-generated *\/\n!function(d,l){\"use strict\";l.querySelector&&d.addEventListener&&\"undefined\"!=typeof URL&&(d.wp=d.wp||{},d.wp.receiveEmbedMessage||(d.wp.receiveEmbedMessage=function(e){var t=e.data;if((t||t.secret||t.message||t.value)&&!\/[^a-zA-Z0-9]\/.test(t.secret)){for(var s,r,n,a=l.querySelectorAll('iframe[data-secret=\"'+t.secret+'\"]'),o=l.querySelectorAll('blockquote[data-secret=\"'+t.secret+'\"]'),c=new RegExp(\"^https?:$\",\"i\"),i=0;i<o.length;i++)o[i].style.display=\"none\";for(i=0;i<a.length;i++)s=a[i],e.source===s.contentWindow&&(s.removeAttribute(\"style\"),\"height\"===t.message?(1e3<(r=parseInt(t.value,10))?r=1e3:~~r<200&&(r=200),s.height=r):\"link\"===t.message&&(r=new URL(s.getAttribute(\"src\")),n=new URL(t.value),c.test(n.protocol))&&n.host===r.host&&l.activeElement===s&&(d.top.location.href=t.value))}},d.addEventListener(\"message\",d.wp.receiveEmbedMessage,!1),l.addEventListener(\"DOMContentLoaded\",function(){for(var e,t,s=l.querySelectorAll(\"iframe.wp-embedded-content\"),r=0;r<s.length;r++)(t=(e=s[r]).getAttribute(\"data-secret\"))||(t=Math.random().toString(36).substring(2,12),e.src+=\"#?secret=\"+t,e.setAttribute(\"data-secret\",t)),e.contentWindow.postMessage({message:\"ready\",secret:t},\"*\")},!1)))}(window,document);\n\/\/# sourceURL=https:\/\/turcon.es\/wp\/wp-includes\/js\/wp-embed.min.js\n<\/script>\n","description":"Cat\u00e1strofes naturales y vertidos contaminantes en 2010 Teresa Guerrero | Madrid. El Mundo.es Dif\u00edcilmente el a\u00f1o pudo comenzar de peor manera. Un devastador terremoto sacudi\u00f3 Hait\u00ed, uno de los pa\u00edses m\u00e1s pobres del mundo, provocando unos 300.000 muertos. Poco despu\u00e9s los chilenos sufrieron uno de los se\u00edsmos m\u00e1s graves registrados en la historia, al que [&hellip;]","thumbnail_url":"https:\/\/turcon.es\/wp\/wp-content\/uploads\/2011\/01\/foto-5-13-08-10-18h-1.jpg","thumbnail_width":800,"thumbnail_height":533}

Un mal año para el planeta - Colectivo Ecologista Turcon

<blockquote class="wp-embedded-content" data-secret="mhwFdiJNGV"><a href="https://turcon.es/wp/un-mal-ano-para-el-planeta/">Un mal año para el planeta</a></blockquote><iframe sandbox="allow-scripts" security="restricted" src="https://turcon.es/wp/un-mal-ano-para-el-planeta/embed/#?secret=mhwFdiJNGV" width="600" height="338" title="«Un mal año para el planeta» — Colectivo Ecologista Turcon" data-secret="mhwFdiJNGV" frameborder="0" marginwidth="0" marginheight="0" scrolling="no" class="wp-embedded-content"></iframe><script>
/*! This file is auto-generated */
!function(d,l){"use strict";l.querySelector&&d.addEventListener&&"undefined"!=typeof URL&&(d.wp=d.wp||{},d.wp.receiveEmbedMessage||(d.wp.receiveEmbedMessage=function(e){var t=e.data;if((t||t.secret||t.message||t.value)&&!/[^a-zA-Z0-9]/.test(t.secret)){for(var s,r,n,a=l.querySelectorAll('iframe[data-secret="'+t.secret+'"]'),o=l.querySelectorAll('blockquote[data-secret="'+t.secret+'"]'),c=new RegExp("^https?:$","i"),i=0;i<o.length;i++)o[i].style.display="none";for(i=0;i<a.length;i++)s=a[i],e.source===s.contentWindow&&(s.removeAttribute("style"),"height"===t.message?(1e3<(r=parseInt(t.value,10))?r=1e3:~~r<200&&(r=200),s.height=r):"link"===t.message&&(r=new URL(s.getAttribute("src")),n=new URL(t.value),c.test(n.protocol))&&n.host===r.host&&l.activeElement===s&&(d.top.location.href=t.value))}},d.addEventListener("message",d.wp.receiveEmbedMessage,!1),l.addEventListener("DOMContentLoaded",function(){for(var e,t,s=l.querySelectorAll("iframe.wp-embedded-content"),r=0;r<s.length;r++)(t=(e=s[r]).getAttribute("data-secret"))||(t=Math.random().toString(36).substring(2,12),e.src+="#?secret="+t,e.setAttribute("data-secret",t)),e.contentWindow.postMessage({message:"ready",secret:t},"*")},!1)))}(window,document);
//# sourceURL=https://turcon.es/wp/wp-includes/js/wp-embed.min.js
</script>

Catástrofes naturales y vertidos contaminantes en 2010 Teresa Guerrero | Madrid. El Mundo.es Difícilmente el año pudo comenzar de peor manera. Un devastador terremoto sacudió Haití, uno de los países más pobres del mundo, provocando unos 300.000 muertos. Poco después los chilenos sufrieron uno de los seísmos más graves registrados en la historia, al que [&hellip;]
