{"version":"1.0","provider_name":"Colectivo Ecologista Turcon","provider_url":"https:\/\/turcon.es\/wp","author_name":"Laura Fernandez","author_url":"https:\/\/turcon.es\/wp\/author\/admturcon\/","title":"Un sistema energ\u00e9tico 100% renovable como prioridad - Colectivo Ecologista Turcon","type":"rich","width":600,"height":338,"html":"<blockquote class=\"wp-embedded-content\" data-secret=\"zHy972AY05\"><a href=\"https:\/\/turcon.es\/wp\/un-sistema-energetico-100-renovable-como-prioridad\/\">Un sistema energ\u00e9tico 100% renovable como prioridad<\/a><\/blockquote><iframe sandbox=\"allow-scripts\" security=\"restricted\" src=\"https:\/\/turcon.es\/wp\/un-sistema-energetico-100-renovable-como-prioridad\/embed\/#?secret=zHy972AY05\" width=\"600\" height=\"338\" title=\"\u00abUn sistema energ\u00e9tico 100% renovable como prioridad\u00bb \u2014 Colectivo Ecologista Turcon\" data-secret=\"zHy972AY05\" frameborder=\"0\" marginwidth=\"0\" marginheight=\"0\" scrolling=\"no\" class=\"wp-embedded-content\"><\/iframe><script>\n\/*! This file is auto-generated *\/\n!function(d,l){\"use strict\";l.querySelector&&d.addEventListener&&\"undefined\"!=typeof URL&&(d.wp=d.wp||{},d.wp.receiveEmbedMessage||(d.wp.receiveEmbedMessage=function(e){var t=e.data;if((t||t.secret||t.message||t.value)&&!\/[^a-zA-Z0-9]\/.test(t.secret)){for(var s,r,n,a=l.querySelectorAll('iframe[data-secret=\"'+t.secret+'\"]'),o=l.querySelectorAll('blockquote[data-secret=\"'+t.secret+'\"]'),c=new RegExp(\"^https?:$\",\"i\"),i=0;i<o.length;i++)o[i].style.display=\"none\";for(i=0;i<a.length;i++)s=a[i],e.source===s.contentWindow&&(s.removeAttribute(\"style\"),\"height\"===t.message?(1e3<(r=parseInt(t.value,10))?r=1e3:~~r<200&&(r=200),s.height=r):\"link\"===t.message&&(r=new URL(s.getAttribute(\"src\")),n=new URL(t.value),c.test(n.protocol))&&n.host===r.host&&l.activeElement===s&&(d.top.location.href=t.value))}},d.addEventListener(\"message\",d.wp.receiveEmbedMessage,!1),l.addEventListener(\"DOMContentLoaded\",function(){for(var e,t,s=l.querySelectorAll(\"iframe.wp-embedded-content\"),r=0;r<s.length;r++)(t=(e=s[r]).getAttribute(\"data-secret\"))||(t=Math.random().toString(36).substring(2,12),e.src+=\"#?secret=\"+t,e.setAttribute(\"data-secret\",t)),e.contentWindow.postMessage({message:\"ready\",secret:t},\"*\")},!1)))}(window,document);\n\/\/# sourceURL=https:\/\/turcon.es\/wp\/wp-includes\/js\/wp-embed.min.js\n<\/script>\n","description":"CanariasAhora.com, 14-1-2010 Con motivo del Consejo informal de Ministros de Energ\u00eda y Medio Ambiente de la Uni\u00f3n Europea, el primero bajo la presidencia espa\u00f1ola, que tendr\u00e1 lugar en Sevilla del 15 al 17 de enero, Greenpeace ha lanzado un documento con sus propuestas para que el Gobierno espa\u00f1ol aproveche la oportunidad de liderazgo medioambiental que [&hellip;]","thumbnail_url":"https:\/\/turcon.es\/wp\/wp-content\/uploads\/2010\/01\/energias-renovables-1.jpg","thumbnail_width":430,"thumbnail_height":335}

Un sistema energético 100% renovable como prioridad - Colectivo Ecologista Turcon

<blockquote class="wp-embedded-content" data-secret="zHy972AY05"><a href="https://turcon.es/wp/un-sistema-energetico-100-renovable-como-prioridad/">Un sistema energético 100% renovable como prioridad</a></blockquote><iframe sandbox="allow-scripts" security="restricted" src="https://turcon.es/wp/un-sistema-energetico-100-renovable-como-prioridad/embed/#?secret=zHy972AY05" width="600" height="338" title="«Un sistema energético 100% renovable como prioridad» — Colectivo Ecologista Turcon" data-secret="zHy972AY05" frameborder="0" marginwidth="0" marginheight="0" scrolling="no" class="wp-embedded-content"></iframe><script>
/*! This file is auto-generated */
!function(d,l){"use strict";l.querySelector&&d.addEventListener&&"undefined"!=typeof URL&&(d.wp=d.wp||{},d.wp.receiveEmbedMessage||(d.wp.receiveEmbedMessage=function(e){var t=e.data;if((t||t.secret||t.message||t.value)&&!/[^a-zA-Z0-9]/.test(t.secret)){for(var s,r,n,a=l.querySelectorAll('iframe[data-secret="'+t.secret+'"]'),o=l.querySelectorAll('blockquote[data-secret="'+t.secret+'"]'),c=new RegExp("^https?:$","i"),i=0;i<o.length;i++)o[i].style.display="none";for(i=0;i<a.length;i++)s=a[i],e.source===s.contentWindow&&(s.removeAttribute("style"),"height"===t.message?(1e3<(r=parseInt(t.value,10))?r=1e3:~~r<200&&(r=200),s.height=r):"link"===t.message&&(r=new URL(s.getAttribute("src")),n=new URL(t.value),c.test(n.protocol))&&n.host===r.host&&l.activeElement===s&&(d.top.location.href=t.value))}},d.addEventListener("message",d.wp.receiveEmbedMessage,!1),l.addEventListener("DOMContentLoaded",function(){for(var e,t,s=l.querySelectorAll("iframe.wp-embedded-content"),r=0;r<s.length;r++)(t=(e=s[r]).getAttribute("data-secret"))||(t=Math.random().toString(36).substring(2,12),e.src+="#?secret="+t,e.setAttribute("data-secret",t)),e.contentWindow.postMessage({message:"ready",secret:t},"*")},!1)))}(window,document);
//# sourceURL=https://turcon.es/wp/wp-includes/js/wp-embed.min.js
</script>

CanariasAhora.com, 14-1-2010 Con motivo del Consejo informal de Ministros de Energía y Medio Ambiente de la Unión Europea, el primero bajo la presidencia española, que tendrá lugar en Sevilla del 15 al 17 de enero, Greenpeace ha lanzado un documento con sus propuestas para que el Gobierno español aproveche la oportunidad de liderazgo medioambiental que [&hellip;]
