{"version":"1.0","provider_name":"Colectivo Ecologista Turcon","provider_url":"https:\/\/turcon.es\/wp","author_name":"Laura Fernandez","author_url":"https:\/\/turcon.es\/wp\/author\/admturcon\/","title":"Ver, tocar y sentir el cambio clim\u00e1tico - Colectivo Ecologista Turcon","type":"rich","width":600,"height":338,"html":"<blockquote class=\"wp-embedded-content\" data-secret=\"dG1Fee50Qo\"><a href=\"https:\/\/turcon.es\/wp\/ver-tocar-y-sentir-el-cambio-climatico\/\">Ver, tocar y sentir el cambio clim\u00e1tico<\/a><\/blockquote><iframe sandbox=\"allow-scripts\" security=\"restricted\" src=\"https:\/\/turcon.es\/wp\/ver-tocar-y-sentir-el-cambio-climatico\/embed\/#?secret=dG1Fee50Qo\" width=\"600\" height=\"338\" title=\"\u00abVer, tocar y sentir el cambio clim\u00e1tico\u00bb \u2014 Colectivo Ecologista Turcon\" data-secret=\"dG1Fee50Qo\" frameborder=\"0\" marginwidth=\"0\" marginheight=\"0\" scrolling=\"no\" class=\"wp-embedded-content\"><\/iframe><script>\n\/*! This file is auto-generated *\/\n!function(d,l){\"use strict\";l.querySelector&&d.addEventListener&&\"undefined\"!=typeof URL&&(d.wp=d.wp||{},d.wp.receiveEmbedMessage||(d.wp.receiveEmbedMessage=function(e){var t=e.data;if((t||t.secret||t.message||t.value)&&!\/[^a-zA-Z0-9]\/.test(t.secret)){for(var s,r,n,a=l.querySelectorAll('iframe[data-secret=\"'+t.secret+'\"]'),o=l.querySelectorAll('blockquote[data-secret=\"'+t.secret+'\"]'),c=new RegExp(\"^https?:$\",\"i\"),i=0;i<o.length;i++)o[i].style.display=\"none\";for(i=0;i<a.length;i++)s=a[i],e.source===s.contentWindow&&(s.removeAttribute(\"style\"),\"height\"===t.message?(1e3<(r=parseInt(t.value,10))?r=1e3:~~r<200&&(r=200),s.height=r):\"link\"===t.message&&(r=new URL(s.getAttribute(\"src\")),n=new URL(t.value),c.test(n.protocol))&&n.host===r.host&&l.activeElement===s&&(d.top.location.href=t.value))}},d.addEventListener(\"message\",d.wp.receiveEmbedMessage,!1),l.addEventListener(\"DOMContentLoaded\",function(){for(var e,t,s=l.querySelectorAll(\"iframe.wp-embedded-content\"),r=0;r<s.length;r++)(t=(e=s[r]).getAttribute(\"data-secret\"))||(t=Math.random().toString(36).substring(2,12),e.src+=\"#?secret=\"+t,e.setAttribute(\"data-secret\",t)),e.contentWindow.postMessage({message:\"ready\",secret:t},\"*\")},!1)))}(window,document);\n\/\/# sourceURL=https:\/\/turcon.es\/wp\/wp-includes\/js\/wp-embed.min.js\n<\/script>\n","description":"El Mundo, 12\/05\/2008 GUSTAVO CATAL\u00c1N DEUS MADRID.- A partir de ahora el cambio clim\u00e1tico se podr\u00e1 ver, tocar, sentir y hasta casi oler gracias a la primera gran exposici\u00f3n que se organiza sobre el fen\u00f3meno en el mundo. La muestra abrir\u00e1 sus salas interactivas en el Pabell\u00f3n Espa\u00f1a de la Expo de Zaragoza 2008, a [&hellip;]","thumbnail_url":"https:\/\/turcon.es\/wp\/wp-content\/uploads\/2008\/05\/cartel-3-la-linterna-verde.jpg","thumbnail_width":982,"thumbnail_height":1389}

Ver, tocar y sentir el cambio climático - Colectivo Ecologista Turcon

<blockquote class="wp-embedded-content" data-secret="dG1Fee50Qo"><a href="https://turcon.es/wp/ver-tocar-y-sentir-el-cambio-climatico/">Ver, tocar y sentir el cambio climático</a></blockquote><iframe sandbox="allow-scripts" security="restricted" src="https://turcon.es/wp/ver-tocar-y-sentir-el-cambio-climatico/embed/#?secret=dG1Fee50Qo" width="600" height="338" title="«Ver, tocar y sentir el cambio climático» — Colectivo Ecologista Turcon" data-secret="dG1Fee50Qo" frameborder="0" marginwidth="0" marginheight="0" scrolling="no" class="wp-embedded-content"></iframe><script>
/*! This file is auto-generated */
!function(d,l){"use strict";l.querySelector&&d.addEventListener&&"undefined"!=typeof URL&&(d.wp=d.wp||{},d.wp.receiveEmbedMessage||(d.wp.receiveEmbedMessage=function(e){var t=e.data;if((t||t.secret||t.message||t.value)&&!/[^a-zA-Z0-9]/.test(t.secret)){for(var s,r,n,a=l.querySelectorAll('iframe[data-secret="'+t.secret+'"]'),o=l.querySelectorAll('blockquote[data-secret="'+t.secret+'"]'),c=new RegExp("^https?:$","i"),i=0;i<o.length;i++)o[i].style.display="none";for(i=0;i<a.length;i++)s=a[i],e.source===s.contentWindow&&(s.removeAttribute("style"),"height"===t.message?(1e3<(r=parseInt(t.value,10))?r=1e3:~~r<200&&(r=200),s.height=r):"link"===t.message&&(r=new URL(s.getAttribute("src")),n=new URL(t.value),c.test(n.protocol))&&n.host===r.host&&l.activeElement===s&&(d.top.location.href=t.value))}},d.addEventListener("message",d.wp.receiveEmbedMessage,!1),l.addEventListener("DOMContentLoaded",function(){for(var e,t,s=l.querySelectorAll("iframe.wp-embedded-content"),r=0;r<s.length;r++)(t=(e=s[r]).getAttribute("data-secret"))||(t=Math.random().toString(36).substring(2,12),e.src+="#?secret="+t,e.setAttribute("data-secret",t)),e.contentWindow.postMessage({message:"ready",secret:t},"*")},!1)))}(window,document);
//# sourceURL=https://turcon.es/wp/wp-includes/js/wp-embed.min.js
</script>

El Mundo, 12/05/2008 GUSTAVO CATALÁN DEUS MADRID.- A partir de ahora el cambio climático se podrá ver, tocar, sentir y hasta casi oler gracias a la primera gran exposición que se organiza sobre el fenómeno en el mundo. La muestra abrirá sus salas interactivas en el Pabellón España de la Expo de Zaragoza 2008, a [&hellip;]
