{"version":"1.0","provider_name":"Colectivo Ecologista Turcon","provider_url":"https:\/\/turcon.es\/wp","author_name":"Laura Fernandez","author_url":"https:\/\/turcon.es\/wp\/author\/admturcon\/","title":"Viaje a LA PALMA - Colectivo Ecologista Turcon","type":"rich","width":600,"height":338,"html":"<blockquote class=\"wp-embedded-content\" data-secret=\"5JDkIlLeMz\"><a href=\"https:\/\/turcon.es\/wp\/viaje-a-la-palma\/\">Viaje a LA PALMA<\/a><\/blockquote><iframe sandbox=\"allow-scripts\" security=\"restricted\" src=\"https:\/\/turcon.es\/wp\/viaje-a-la-palma\/embed\/#?secret=5JDkIlLeMz\" width=\"600\" height=\"338\" title=\"\u00abViaje a LA PALMA\u00bb \u2014 Colectivo Ecologista Turcon\" data-secret=\"5JDkIlLeMz\" frameborder=\"0\" marginwidth=\"0\" marginheight=\"0\" scrolling=\"no\" class=\"wp-embedded-content\"><\/iframe><script>\n\/*! This file is auto-generated *\/\n!function(d,l){\"use strict\";l.querySelector&&d.addEventListener&&\"undefined\"!=typeof URL&&(d.wp=d.wp||{},d.wp.receiveEmbedMessage||(d.wp.receiveEmbedMessage=function(e){var t=e.data;if((t||t.secret||t.message||t.value)&&!\/[^a-zA-Z0-9]\/.test(t.secret)){for(var s,r,n,a=l.querySelectorAll('iframe[data-secret=\"'+t.secret+'\"]'),o=l.querySelectorAll('blockquote[data-secret=\"'+t.secret+'\"]'),c=new RegExp(\"^https?:$\",\"i\"),i=0;i<o.length;i++)o[i].style.display=\"none\";for(i=0;i<a.length;i++)s=a[i],e.source===s.contentWindow&&(s.removeAttribute(\"style\"),\"height\"===t.message?(1e3<(r=parseInt(t.value,10))?r=1e3:~~r<200&&(r=200),s.height=r):\"link\"===t.message&&(r=new URL(s.getAttribute(\"src\")),n=new URL(t.value),c.test(n.protocol))&&n.host===r.host&&l.activeElement===s&&(d.top.location.href=t.value))}},d.addEventListener(\"message\",d.wp.receiveEmbedMessage,!1),l.addEventListener(\"DOMContentLoaded\",function(){for(var e,t,s=l.querySelectorAll(\"iframe.wp-embedded-content\"),r=0;r<s.length;r++)(t=(e=s[r]).getAttribute(\"data-secret\"))||(t=Math.random().toString(36).substring(2,12),e.src+=\"#?secret=\"+t,e.setAttribute(\"data-secret\",t)),e.contentWindow.postMessage({message:\"ready\",secret:t},\"*\")},!1)))}(window,document);\n\/\/# sourceURL=https:\/\/turcon.es\/wp\/wp-includes\/js\/wp-embed.min.js\n<\/script>\n","description":"El pasado d\u00eda 22 de abril, la asamblea de Turc\u00f3n, decidi\u00f3 acudir a la isla de La Palma el pr\u00f3ximo mes de agosto. El viaje coincidir\u00e1 con el primer a\u00f1o del triste incendio que azot\u00f3 aquella Isla. La programaci\u00f3n del viaje y los detalles se comunicar\u00e1n en los pr\u00f3ximos meses. Las fechas ser\u00e1 del 01 [&hellip;]","thumbnail_url":"https:\/\/turcon.es\/wp\/wp-content\/uploads\/2014\/01\/dibujos-infantiles-aviones-p.gif","thumbnail_width":500,"thumbnail_height":400}

El pasado día 22 de abril, la asamblea de Turcón, decidió acudir a la isla de La Palma el próximo mes de agosto. El viaje coincidirá con el primer año del triste incendio que azotó aquella Isla. La programación del viaje y los detalles se comunicarán en los próximos meses. Las fechas será del 01 [&hellip;]
