{"version":"1.0","provider_name":"Colectivo Ecologista Turcon","provider_url":"https:\/\/turcon.es\/wp","author_name":"Laura Fernandez","author_url":"https:\/\/turcon.es\/wp\/author\/admturcon\/","title":"Viaje a Picos de Europa y Asturias - Colectivo Ecologista Turcon","type":"rich","width":600,"height":338,"html":"<blockquote class=\"wp-embedded-content\" data-secret=\"gq1xUQpNgD\"><a href=\"https:\/\/turcon.es\/wp\/viaje-a-picos-de-europa-y-asturias\/\">Viaje a Picos de Europa y Asturias<\/a><\/blockquote><iframe sandbox=\"allow-scripts\" security=\"restricted\" src=\"https:\/\/turcon.es\/wp\/viaje-a-picos-de-europa-y-asturias\/embed\/#?secret=gq1xUQpNgD\" width=\"600\" height=\"338\" title=\"\u00abViaje a Picos de Europa y Asturias\u00bb \u2014 Colectivo Ecologista Turcon\" data-secret=\"gq1xUQpNgD\" frameborder=\"0\" marginwidth=\"0\" marginheight=\"0\" scrolling=\"no\" class=\"wp-embedded-content\"><\/iframe><script>\n\/*! This file is auto-generated *\/\n!function(d,l){\"use strict\";l.querySelector&&d.addEventListener&&\"undefined\"!=typeof URL&&(d.wp=d.wp||{},d.wp.receiveEmbedMessage||(d.wp.receiveEmbedMessage=function(e){var t=e.data;if((t||t.secret||t.message||t.value)&&!\/[^a-zA-Z0-9]\/.test(t.secret)){for(var s,r,n,a=l.querySelectorAll('iframe[data-secret=\"'+t.secret+'\"]'),o=l.querySelectorAll('blockquote[data-secret=\"'+t.secret+'\"]'),c=new RegExp(\"^https?:$\",\"i\"),i=0;i<o.length;i++)o[i].style.display=\"none\";for(i=0;i<a.length;i++)s=a[i],e.source===s.contentWindow&&(s.removeAttribute(\"style\"),\"height\"===t.message?(1e3<(r=parseInt(t.value,10))?r=1e3:~~r<200&&(r=200),s.height=r):\"link\"===t.message&&(r=new URL(s.getAttribute(\"src\")),n=new URL(t.value),c.test(n.protocol))&&n.host===r.host&&l.activeElement===s&&(d.top.location.href=t.value))}},d.addEventListener(\"message\",d.wp.receiveEmbedMessage,!1),l.addEventListener(\"DOMContentLoaded\",function(){for(var e,t,s=l.querySelectorAll(\"iframe.wp-embedded-content\"),r=0;r<s.length;r++)(t=(e=s[r]).getAttribute(\"data-secret\"))||(t=Math.random().toString(36).substring(2,12),e.src+=\"#?secret=\"+t,e.setAttribute(\"data-secret\",t)),e.contentWindow.postMessage({message:\"ready\",secret:t},\"*\")},!1)))}(window,document);\n\/\/# sourceURL=https:\/\/turcon.es\/wp\/wp-includes\/js\/wp-embed.min.js\n<\/script>\n","description":"El Colectivo Turc\u00f3n prepara su viaje del verano Redes y Picos de Europa, son los lugares elegidos este a\u00f1o La inscripci\u00f3n ya est\u00e1 abierta. la compa\u00f1\u00eda a\u00e9rea nos ha adelantado los d\u00edas del vuelo de avi\u00f3n. El viaje se realizar\u00e1 del d\u00eda 16 al 23 de agosto. Una semana, de viernes a viernes. (ocho d\u00edas, [&hellip;]","thumbnail_url":"https:\/\/turcon.es\/wp\/wp-content\/uploads\/2013\/03\/hikking.jpg","thumbnail_width":250,"thumbnail_height":202}

El Colectivo Turcón prepara su viaje del verano Redes y Picos de Europa, son los lugares elegidos este año La inscripción ya está abierta. la compañía aérea nos ha adelantado los días del vuelo de avión. El viaje se realizará del día 16 al 23 de agosto. Una semana, de viernes a viernes. (ocho días, [&hellip;]
