{"version":"1.0","provider_name":"Colectivo Ecologista Turcon","provider_url":"https:\/\/turcon.es\/wp","author_name":"Laura Fernandez","author_url":"https:\/\/turcon.es\/wp\/author\/admturcon\/","title":"V\u00eddeo de La Aldea de San Nicol\u00e1s - Colectivo Ecologista Turcon","type":"rich","width":600,"height":338,"html":"<blockquote class=\"wp-embedded-content\" data-secret=\"3nqnqUXbQt\"><a href=\"https:\/\/turcon.es\/wp\/video-de-la-aldea\/\">V\u00eddeo de La Aldea de San Nicol\u00e1s<\/a><\/blockquote><iframe sandbox=\"allow-scripts\" security=\"restricted\" src=\"https:\/\/turcon.es\/wp\/video-de-la-aldea\/embed\/#?secret=3nqnqUXbQt\" width=\"600\" height=\"338\" title=\"\u00abV\u00eddeo de La Aldea de San Nicol\u00e1s\u00bb \u2014 Colectivo Ecologista Turcon\" data-secret=\"3nqnqUXbQt\" frameborder=\"0\" marginwidth=\"0\" marginheight=\"0\" scrolling=\"no\" class=\"wp-embedded-content\"><\/iframe><script>\n\/*! This file is auto-generated *\/\n!function(d,l){\"use strict\";l.querySelector&&d.addEventListener&&\"undefined\"!=typeof URL&&(d.wp=d.wp||{},d.wp.receiveEmbedMessage||(d.wp.receiveEmbedMessage=function(e){var t=e.data;if((t||t.secret||t.message||t.value)&&!\/[^a-zA-Z0-9]\/.test(t.secret)){for(var s,r,n,a=l.querySelectorAll('iframe[data-secret=\"'+t.secret+'\"]'),o=l.querySelectorAll('blockquote[data-secret=\"'+t.secret+'\"]'),c=new RegExp(\"^https?:$\",\"i\"),i=0;i<o.length;i++)o[i].style.display=\"none\";for(i=0;i<a.length;i++)s=a[i],e.source===s.contentWindow&&(s.removeAttribute(\"style\"),\"height\"===t.message?(1e3<(r=parseInt(t.value,10))?r=1e3:~~r<200&&(r=200),s.height=r):\"link\"===t.message&&(r=new URL(s.getAttribute(\"src\")),n=new URL(t.value),c.test(n.protocol))&&n.host===r.host&&l.activeElement===s&&(d.top.location.href=t.value))}},d.addEventListener(\"message\",d.wp.receiveEmbedMessage,!1),l.addEventListener(\"DOMContentLoaded\",function(){for(var e,t,s=l.querySelectorAll(\"iframe.wp-embedded-content\"),r=0;r<s.length;r++)(t=(e=s[r]).getAttribute(\"data-secret\"))||(t=Math.random().toString(36).substring(2,12),e.src+=\"#?secret=\"+t,e.setAttribute(\"data-secret\",t)),e.contentWindow.postMessage({message:\"ready\",secret:t},\"*\")},!1)))}(window,document);\n\/\/# sourceURL=https:\/\/turcon.es\/wp\/wp-includes\/js\/wp-embed.min.js\n<\/script>\n","description":"Aquellos que realizaron la ruta de la Media Luna por la Aldea de San Nicol\u00e1s, ya pueden ver el v\u00eddeo realizado. Espectacular, breve, pero prometemos que hay m\u00e1s. \u00a1\u00a1A disfrutarlo!! Aqu\u00ed tenemos el link del v\u00eddeo. http:\/\/youtu.be\/2iSAe51BxTk Cuando vayas a visualizarlo, recuerda poner en la parte derecha inferior (donde se ve una ruedita) calidad m\u00e1xima [&hellip;]"}

Vídeo de La Aldea de San Nicolás - Colectivo Ecologista Turcon

<blockquote class="wp-embedded-content" data-secret="3nqnqUXbQt"><a href="https://turcon.es/wp/video-de-la-aldea/">Vídeo de La Aldea de San Nicolás</a></blockquote><iframe sandbox="allow-scripts" security="restricted" src="https://turcon.es/wp/video-de-la-aldea/embed/#?secret=3nqnqUXbQt" width="600" height="338" title="«Vídeo de La Aldea de San Nicolás» — Colectivo Ecologista Turcon" data-secret="3nqnqUXbQt" frameborder="0" marginwidth="0" marginheight="0" scrolling="no" class="wp-embedded-content"></iframe><script>
/*! This file is auto-generated */
!function(d,l){"use strict";l.querySelector&&d.addEventListener&&"undefined"!=typeof URL&&(d.wp=d.wp||{},d.wp.receiveEmbedMessage||(d.wp.receiveEmbedMessage=function(e){var t=e.data;if((t||t.secret||t.message||t.value)&&!/[^a-zA-Z0-9]/.test(t.secret)){for(var s,r,n,a=l.querySelectorAll('iframe[data-secret="'+t.secret+'"]'),o=l.querySelectorAll('blockquote[data-secret="'+t.secret+'"]'),c=new RegExp("^https?:$","i"),i=0;i<o.length;i++)o[i].style.display="none";for(i=0;i<a.length;i++)s=a[i],e.source===s.contentWindow&&(s.removeAttribute("style"),"height"===t.message?(1e3<(r=parseInt(t.value,10))?r=1e3:~~r<200&&(r=200),s.height=r):"link"===t.message&&(r=new URL(s.getAttribute("src")),n=new URL(t.value),c.test(n.protocol))&&n.host===r.host&&l.activeElement===s&&(d.top.location.href=t.value))}},d.addEventListener("message",d.wp.receiveEmbedMessage,!1),l.addEventListener("DOMContentLoaded",function(){for(var e,t,s=l.querySelectorAll("iframe.wp-embedded-content"),r=0;r<s.length;r++)(t=(e=s[r]).getAttribute("data-secret"))||(t=Math.random().toString(36).substring(2,12),e.src+="#?secret="+t,e.setAttribute("data-secret",t)),e.contentWindow.postMessage({message:"ready",secret:t},"*")},!1)))}(window,document);
//# sourceURL=https://turcon.es/wp/wp-includes/js/wp-embed.min.js
</script>

Aquellos que realizaron la ruta de la Media Luna por la Aldea de San Nicolás, ya pueden ver el vídeo realizado. Espectacular, breve, pero prometemos que hay más. ¡¡A disfrutarlo!! Aquí tenemos el link del vídeo. http://youtu.be/2iSAe51BxTk Cuando vayas a visualizarlo, recuerda poner en la parte derecha inferior (donde se ve una ruedita) calidad máxima [&hellip;]
