{"version":"1.0","provider_name":"Colectivo Ecologista Turcon","provider_url":"https:\/\/turcon.es\/wp","author_name":"Laura Fernandez","author_url":"https:\/\/turcon.es\/wp\/author\/admturcon\/","title":"Yo Conozco mi Fauna - Colectivo Ecologista Turcon","type":"rich","width":600,"height":338,"html":"<blockquote class=\"wp-embedded-content\" data-secret=\"cVsC0imMYm\"><a href=\"https:\/\/turcon.es\/wp\/yo-conozco-mi-fauna\/\">Yo Conozco mi Fauna<\/a><\/blockquote><iframe sandbox=\"allow-scripts\" security=\"restricted\" src=\"https:\/\/turcon.es\/wp\/yo-conozco-mi-fauna\/embed\/#?secret=cVsC0imMYm\" width=\"600\" height=\"338\" title=\"\u00abYo Conozco mi Fauna\u00bb \u2014 Colectivo Ecologista Turcon\" data-secret=\"cVsC0imMYm\" frameborder=\"0\" marginwidth=\"0\" marginheight=\"0\" scrolling=\"no\" class=\"wp-embedded-content\"><\/iframe><script>\n\/*! This file is auto-generated *\/\n!function(d,l){\"use strict\";l.querySelector&&d.addEventListener&&\"undefined\"!=typeof URL&&(d.wp=d.wp||{},d.wp.receiveEmbedMessage||(d.wp.receiveEmbedMessage=function(e){var t=e.data;if((t||t.secret||t.message||t.value)&&!\/[^a-zA-Z0-9]\/.test(t.secret)){for(var s,r,n,a=l.querySelectorAll('iframe[data-secret=\"'+t.secret+'\"]'),o=l.querySelectorAll('blockquote[data-secret=\"'+t.secret+'\"]'),c=new RegExp(\"^https?:$\",\"i\"),i=0;i<o.length;i++)o[i].style.display=\"none\";for(i=0;i<a.length;i++)s=a[i],e.source===s.contentWindow&&(s.removeAttribute(\"style\"),\"height\"===t.message?(1e3<(r=parseInt(t.value,10))?r=1e3:~~r<200&&(r=200),s.height=r):\"link\"===t.message&&(r=new URL(s.getAttribute(\"src\")),n=new URL(t.value),c.test(n.protocol))&&n.host===r.host&&l.activeElement===s&&(d.top.location.href=t.value))}},d.addEventListener(\"message\",d.wp.receiveEmbedMessage,!1),l.addEventListener(\"DOMContentLoaded\",function(){for(var e,t,s=l.querySelectorAll(\"iframe.wp-embedded-content\"),r=0;r<s.length;r++)(t=(e=s[r]).getAttribute(\"data-secret\"))||(t=Math.random().toString(36).substring(2,12),e.src+=\"#?secret=\"+t,e.setAttribute(\"data-secret\",t)),e.contentWindow.postMessage({message:\"ready\",secret:t},\"*\")},!1)))}(window,document);\n\/\/# sourceURL=https:\/\/turcon.es\/wp\/wp-includes\/js\/wp-embed.min.js\n<\/script>\n","description":"AVAFES CANARIAS y ASOCIACI\u00d3N ADEPSI, con la colaboraci\u00f3n de la Fundaci\u00f3n MAPFRE GUANARTEME, han firmado un Convenio de Colaboraci\u00f3n para el Proyecto \u201cYo Conozco mi Fauna\u201d que se prolongar\u00e1 hasta finales de 2013. Se basar\u00e1 en la educaci\u00f3n medioambiental a trav\u00e9s de la acci\u00f3n, mediante la realizaci\u00f3n de diversas actividades espec\u00edficas adaptadas, que contribuyan a [&hellip;]","thumbnail_url":"https:\/\/turcon.es\/wp\/wp-content\/uploads\/2013\/04\/d-alejandro-suc3a1rez-pc3a9rez-presidente-de-avafes-canarias-y-dc3b1a-mc2aa-eugenia-palmc3a1s-urtaza-gerente-apoderada-de-asociacic3b3n-adepsi-1-scaled.jpg","thumbnail_width":2560,"thumbnail_height":1920}

AVAFES CANARIAS y ASOCIACIÓN ADEPSI, con la colaboración de la Fundación MAPFRE GUANARTEME, han firmado un Convenio de Colaboración para el Proyecto “Yo Conozco mi Fauna” que se prolongará hasta finales de 2013. Se basará en la educación medioambiental a través de la acción, mediante la realización de diversas actividades específicas adaptadas, que contribuyan a [&hellip;]
